{"id":3315,"date":"2026-03-11T14:19:39","date_gmt":"2026-03-11T17:19:39","guid":{"rendered":"https:\/\/www.ufpb.br\/efopli\/?page_id=3315"},"modified":"2026-04-30T19:58:34","modified_gmt":"2026-04-30T22:58:34","slug":"ensino-de-ingles-para-criancas","status":"publish","type":"page","link":"https:\/\/www.ufpb.br\/efopli\/ensino-de-ingles-para-criancas\/","title":{"rendered":"Ensino de ingl\u00eas com crian\u00e7as"},"content":{"rendered":"\n<p>Em sua primeira edi\u00e7\u00e3o, o projeto \u201c<strong>Ensino de Ingl\u00eas com Crian\u00e7as: Forma\u00e7\u00e3o Docente e Produ\u00e7\u00e3o de Material Did\u00e1tico<\/strong>\u201d, sob a coordena\u00e7\u00e3o da professora B\u00e1rbara Cabral Ferreira, fortalece o ensino de l\u00edngua inglesa para crian\u00e7as em Jo\u00e3o Pessoa, por meio da parceria entre a UFPB e a rede municipal de ensino. A equipe \u00e9 composta pela bolsista Amanda Cancian dos Santos e pelas volunt\u00e1rias Ana J\u00falia Pacheco Augusto, Maria Vit\u00f3rya da Silva Soares, Marina Ara\u00fajo de Andrade e Rebeca Vit\u00f3ria de Lima Albuquerque, al\u00e9m da p\u00f3s-graduanda colaboradora Helen Castelo Branco Guedes.<\/p>\n\n\n<div class=\"wp-block-image\">\n<figure class=\"aligncenter size-full is-resized\"><img loading=\"lazy\" decoding=\"async\" width=\"892\" height=\"853\" src=\"https:\/\/www.ufpb.br\/efopli\/wp-content\/uploads\/sites\/122\/sites\/206\/2026\/03\/Captura-de-tela-2026-03-11-141118.png\" alt=\"\" class=\"wp-image-3317\" style=\"aspect-ratio:1.0457285433548986;width:438px;height:auto\" srcset=\"https:\/\/www.ufpb.br\/efopli\/wp-content\/uploads\/sites\/122\/sites\/206\/2026\/03\/Captura-de-tela-2026-03-11-141118.png 892w, https:\/\/www.ufpb.br\/efopli\/wp-content\/uploads\/sites\/122\/sites\/206\/2026\/03\/Captura-de-tela-2026-03-11-141118-300x287.png 300w, https:\/\/www.ufpb.br\/efopli\/wp-content\/uploads\/sites\/122\/sites\/206\/2026\/03\/Captura-de-tela-2026-03-11-141118-768x734.png 768w\" sizes=\"auto, (max-width: 892px) 100vw, 892px\" \/><\/figure>\n<\/div>\n\n\n<p><\/p>\n\n\n\n<p>A iniciativa atua na forma\u00e7\u00e3o docente e na produ\u00e7\u00e3o colaborativa de materiais did\u00e1ticos digitais e n\u00e3o digitais, que ser\u00e3o testados em escolas parceiras e posteriormente disponibilizados como Recursos Educacionais Abertos (REA). A proposta busca integrar universidade e escola b\u00e1sica, promovendo uma educa\u00e7\u00e3o lingu\u00edstica cr\u00edtica e cidad\u00e3 desde os primeiros anos do Ensino Fundamental. Desse modo, o projeto cumpre seu papel extensionista, contribuindo para a qualidade do ensino e para a consolida\u00e7\u00e3o da forma\u00e7\u00e3o inicial e continuada de professores de l\u00edngua inglesa para atuar nos Anos Iniciais do Ensino Fundamental.<br><\/p>\n\n\n\n<p>Mais detalhes sobre o projeto podem ser encontrados no perfil\u00a0<a href=\"https:\/\/www.instagram.com\/inglescomcriancasufpb\/\" target=\"_blank\" rel=\"noreferrer noopener\">@inglescomcriancasufpb<\/a>\u00a0no Instagram.<\/p>\n\n\n\n<p><\/p>\n","protected":false},"excerpt":{"rendered":"<p>Em sua primeira edi\u00e7\u00e3o, o projeto \u201cEnsino de Ingl\u00eas com Crian\u00e7as: Forma\u00e7\u00e3o Docente e Produ\u00e7\u00e3o de Material Did\u00e1tico\u201d, sob a coordena\u00e7\u00e3o da professora B\u00e1rbara Cabral Ferreira, fortalece o ensino de l\u00edngua inglesa para crian\u00e7as em Jo\u00e3o Pessoa, por meio da parceria entre a UFPB e a rede municipal de ensino. A equipe \u00e9 composta pela [&hellip;]<\/p>\n","protected":false},"author":478,"featured_media":0,"parent":0,"menu_order":0,"comment_status":"closed","ping_status":"closed","template":"","meta":{"footnotes":""},"class_list":["post-3315","page","type-page","status-publish","hentry"],"_links":{"self":[{"href":"https:\/\/www.ufpb.br\/efopli\/wp-json\/wp\/v2\/pages\/3315","targetHints":{"allow":["GET"]}}],"collection":[{"href":"https:\/\/www.ufpb.br\/efopli\/wp-json\/wp\/v2\/pages"}],"about":[{"href":"https:\/\/www.ufpb.br\/efopli\/wp-json\/wp\/v2\/types\/page"}],"author":[{"embeddable":true,"href":"https:\/\/www.ufpb.br\/efopli\/wp-json\/wp\/v2\/users\/478"}],"replies":[{"embeddable":true,"href":"https:\/\/www.ufpb.br\/efopli\/wp-json\/wp\/v2\/comments?post=3315"}],"version-history":[{"count":6,"href":"https:\/\/www.ufpb.br\/efopli\/wp-json\/wp\/v2\/pages\/3315\/revisions"}],"predecessor-version":[{"id":3420,"href":"https:\/\/www.ufpb.br\/efopli\/wp-json\/wp\/v2\/pages\/3315\/revisions\/3420"}],"wp:attachment":[{"href":"https:\/\/www.ufpb.br\/efopli\/wp-json\/wp\/v2\/media?parent=3315"}],"curies":[{"name":"wp","href":"https:\/\/api.w.org\/{rel}","templated":true}]}}