{"id":3353,"date":"2026-03-21T18:37:06","date_gmt":"2026-03-21T21:37:06","guid":{"rendered":"https:\/\/www.ufpb.br\/efopli\/?page_id=3353"},"modified":"2026-03-21T19:00:45","modified_gmt":"2026-03-21T22:00:45","slug":"acoes-2025","status":"publish","type":"page","link":"https:\/\/www.ufpb.br\/efopli\/acoes\/acoes-2025\/","title":{"rendered":"A\u00e7\u00f5es 2025"},"content":{"rendered":"\n<p>A\u00e7\u00f5es realizadas durante o ano de 2025:<\/p>\n\n\n\n<p>Projeto Tech Tip: orienta\u00e7\u00f5es sobre ferramentas digitais (dispon\u00edvel <a href=\"https:\/\/www.ufpb.br\/efopli\/projeto-saber-conectado\/tech-tip\/\" target=\"_blank\" rel=\"noreferrer noopener\">aqui<\/a>).<\/p>\n\n\n<div class=\"wp-block-image\">\n<figure class=\"aligncenter size-full is-resized\"><a href=\"https:\/\/www.ufpb.br\/efopli\/projeto-saber-conectado\/tech-tip\/\" target=\"_blank\" rel=\" noreferrer noopener\"><img loading=\"lazy\" decoding=\"async\" width=\"500\" height=\"500\" src=\"https:\/\/www.ufpb.br\/efopli\/wp-content\/uploads\/sites\/122\/sites\/206\/2024\/11\/Tech-Tip.jpeg\" alt=\"\" class=\"wp-image-2364\" style=\"width:244px;height:auto\" srcset=\"https:\/\/www.ufpb.br\/efopli\/wp-content\/uploads\/sites\/122\/sites\/206\/2024\/11\/Tech-Tip.jpeg 500w, https:\/\/www.ufpb.br\/efopli\/wp-content\/uploads\/sites\/122\/sites\/206\/2024\/11\/Tech-Tip-300x300.jpeg 300w, https:\/\/www.ufpb.br\/efopli\/wp-content\/uploads\/sites\/122\/sites\/206\/2024\/11\/Tech-Tip-150x150.jpeg 150w\" sizes=\"auto, (max-width: 500px) 100vw, 500px\" \/><\/a><figcaption class=\"wp-element-caption\">Projeto Tech Tip<\/figcaption><\/figure>\n<\/div>\n\n\n<p><strong>Workshops Justi\u00e7a Social<\/strong> (not\u00edcias <a href=\"https:\/\/www.ufpb.br\/efopli\/oficinas\/workshop-sobre-justica-social-e-educacao-linguistica-e-realizado-em-novembro\/\" target=\"_blank\" rel=\"noreferrer noopener\">aqui <\/a>e<a href=\"http:\/\/promove forma\u00e7\u00e3o continuada a professores da rede estadual de educa\u00e7\u00e3o\" target=\"_blank\" rel=\"noreferrer noopener\"> aqui<\/a>)<\/p>\n\n\n\n<figure class=\"wp-block-gallery has-nested-images columns-default is-cropped wp-block-gallery-1 is-layout-flex wp-block-gallery-is-layout-flex\">\n<figure class=\"wp-block-image size-large\"><img loading=\"lazy\" decoding=\"async\" width=\"1024\" height=\"603\" data-id=\"2441\" src=\"https:\/\/www.ufpb.br\/efopli\/wp-content\/uploads\/sites\/122\/sites\/206\/2024\/12\/Registro_Workshop-efopli-1024x603.png\" alt=\"\" class=\"wp-image-2441\" srcset=\"https:\/\/www.ufpb.br\/efopli\/wp-content\/uploads\/sites\/122\/sites\/206\/2024\/12\/Registro_Workshop-efopli-1024x603.png 1024w, https:\/\/www.ufpb.br\/efopli\/wp-content\/uploads\/sites\/122\/sites\/206\/2024\/12\/Registro_Workshop-efopli-300x177.png 300w, https:\/\/www.ufpb.br\/efopli\/wp-content\/uploads\/sites\/122\/sites\/206\/2024\/12\/Registro_Workshop-efopli-768x452.png 768w, https:\/\/www.ufpb.br\/efopli\/wp-content\/uploads\/sites\/122\/sites\/206\/2024\/12\/Registro_Workshop-efopli-1536x905.png 1536w, https:\/\/www.ufpb.br\/efopli\/wp-content\/uploads\/sites\/122\/sites\/206\/2024\/12\/Registro_Workshop-efopli.png 1716w\" sizes=\"auto, (max-width: 1024px) 100vw, 1024px\" \/><\/figure>\n\n\n\n<figure class=\"wp-block-image size-large\"><img loading=\"lazy\" decoding=\"async\" width=\"1024\" height=\"569\" data-id=\"2708\" src=\"https:\/\/www.ufpb.br\/efopli\/wp-content\/uploads\/sites\/122\/sites\/206\/2025\/06\/Poster-de-divulgacao--e1751028950970-1024x569.png\" alt=\"\" class=\"wp-image-2708\" srcset=\"https:\/\/www.ufpb.br\/efopli\/wp-content\/uploads\/sites\/122\/sites\/206\/2025\/06\/Poster-de-divulgacao--e1751028950970-1024x569.png 1024w, https:\/\/www.ufpb.br\/efopli\/wp-content\/uploads\/sites\/122\/sites\/206\/2025\/06\/Poster-de-divulgacao--e1751028950970-300x167.png 300w, https:\/\/www.ufpb.br\/efopli\/wp-content\/uploads\/sites\/122\/sites\/206\/2025\/06\/Poster-de-divulgacao--e1751028950970-768x427.png 768w, https:\/\/www.ufpb.br\/efopli\/wp-content\/uploads\/sites\/122\/sites\/206\/2025\/06\/Poster-de-divulgacao--e1751028950970.png 1080w\" sizes=\"auto, (max-width: 1024px) 100vw, 1024px\" \/><\/figure>\n<\/figure>\n\n\n\n<p class=\"has-text-align-center\">Workshops 1 e 2<\/p>\n\n\n\n<p><strong>PDPI &#8211; Participa Para\u00edba<\/strong> (not\u00edcia <a href=\"https:\/\/www.ufpb.br\/efopli\/cursos\/efopli-abre-inscricoes-para-curso-preparatorio-para-docentes-que-desejam-participar-do-pdpi\/\" target=\"_blank\" rel=\"noreferrer noopener\">aqui<\/a>)<\/p>\n\n\n<div class=\"wp-block-image\">\n<figure class=\"aligncenter size-large is-resized\"><img loading=\"lazy\" decoding=\"async\" width=\"1024\" height=\"1024\" src=\"http:\/\/www.ufpb.br\/efopli\/wp-content\/uploads\/sites\/122\/sites\/206\/2025\/01\/PDPI-curso-1024x1024.jpg\" alt=\"\" class=\"wp-image-2527\" style=\"width:310px;height:auto\" srcset=\"https:\/\/www.ufpb.br\/efopli\/wp-content\/uploads\/sites\/122\/sites\/206\/2025\/01\/PDPI-curso-1024x1024.jpg 1024w, https:\/\/www.ufpb.br\/efopli\/wp-content\/uploads\/sites\/122\/sites\/206\/2025\/01\/PDPI-curso-300x300.jpg 300w, https:\/\/www.ufpb.br\/efopli\/wp-content\/uploads\/sites\/122\/sites\/206\/2025\/01\/PDPI-curso-150x150.jpg 150w, https:\/\/www.ufpb.br\/efopli\/wp-content\/uploads\/sites\/122\/sites\/206\/2025\/01\/PDPI-curso-768x768.jpg 768w, https:\/\/www.ufpb.br\/efopli\/wp-content\/uploads\/sites\/122\/sites\/206\/2025\/01\/PDPI-curso.jpg 1080w\" sizes=\"auto, (max-width: 1024px) 100vw, 1024px\" \/><figcaption class=\"wp-element-caption\">PDPI Participa Para\u00edba<\/figcaption><\/figure>\n<\/div>\n\n\n<p>Forma\u00e7\u00e3o continuada a professores da rede estadual de educa\u00e7\u00e3o &#8211; Talk and Learn (not\u00edcia <a href=\"http:\/\/promove forma\u00e7\u00e3o continuada a professores da rede estadual de educa\u00e7\u00e3o\" target=\"_blank\" rel=\"noreferrer noopener\">aqui<\/a>)<\/p>\n\n\n<div class=\"wp-block-image\">\n<figure class=\"aligncenter size-large is-resized\"><img loading=\"lazy\" decoding=\"async\" width=\"1024\" height=\"602\" src=\"http:\/\/www.ufpb.br\/efopli\/wp-content\/uploads\/sites\/122\/sites\/206\/2025\/07\/Workshop-Talk-and-Learn-equipe-scaled-e1752260638739-1024x602.png\" alt=\"\" class=\"wp-image-2730\" style=\"aspect-ratio:1.7010272250556713;width:487px;height:auto\" srcset=\"https:\/\/www.ufpb.br\/efopli\/wp-content\/uploads\/sites\/122\/sites\/206\/2025\/07\/Workshop-Talk-and-Learn-equipe-scaled-e1752260638739-1024x602.png 1024w, https:\/\/www.ufpb.br\/efopli\/wp-content\/uploads\/sites\/122\/sites\/206\/2025\/07\/Workshop-Talk-and-Learn-equipe-scaled-e1752260638739-300x176.png 300w, https:\/\/www.ufpb.br\/efopli\/wp-content\/uploads\/sites\/122\/sites\/206\/2025\/07\/Workshop-Talk-and-Learn-equipe-scaled-e1752260638739-768x452.png 768w, https:\/\/www.ufpb.br\/efopli\/wp-content\/uploads\/sites\/122\/sites\/206\/2025\/07\/Workshop-Talk-and-Learn-equipe-scaled-e1752260638739-1536x904.png 1536w, https:\/\/www.ufpb.br\/efopli\/wp-content\/uploads\/sites\/122\/sites\/206\/2025\/07\/Workshop-Talk-and-Learn-equipe-scaled-e1752260638739-2048x1205.png 2048w\" sizes=\"auto, (max-width: 1024px) 100vw, 1024px\" \/><figcaption class=\"wp-element-caption\">Talk and Learn<\/figcaption><\/figure>\n<\/div>\n\n\n<p>D\u00e9cima edi\u00e7\u00e3o do Encontro Paraibano de Professores de Ingl\u00eas (not\u00edcia <a href=\"https:\/\/www.ufpb.br\/efopli\/eppi\/efopli-realiza-10a-edicao-do-eppi-encontro-paraibano-de-professores-de-ingles\/\" target=\"_blank\" rel=\"noreferrer noopener\">aqui<\/a>)<\/p>\n\n\n<div class=\"wp-block-image\">\n<figure class=\"aligncenter size-large is-resized\"><img loading=\"lazy\" decoding=\"async\" width=\"1024\" height=\"483\" src=\"http:\/\/www.ufpb.br\/efopli\/wp-content\/uploads\/sites\/122\/sites\/206\/2025\/08\/eppi-foto-final-scaled-e1756423382841-1024x483.jpg\" alt=\"\" class=\"wp-image-2772\" style=\"aspect-ratio:2.120248914357344;width:496px;height:auto\" srcset=\"https:\/\/www.ufpb.br\/efopli\/wp-content\/uploads\/sites\/122\/sites\/206\/2025\/08\/eppi-foto-final-scaled-e1756423382841-1024x483.jpg 1024w, https:\/\/www.ufpb.br\/efopli\/wp-content\/uploads\/sites\/122\/sites\/206\/2025\/08\/eppi-foto-final-scaled-e1756423382841-300x141.jpg 300w, https:\/\/www.ufpb.br\/efopli\/wp-content\/uploads\/sites\/122\/sites\/206\/2025\/08\/eppi-foto-final-scaled-e1756423382841-768x362.jpg 768w, https:\/\/www.ufpb.br\/efopli\/wp-content\/uploads\/sites\/122\/sites\/206\/2025\/08\/eppi-foto-final-scaled-e1756423382841-1536x724.jpg 1536w, https:\/\/www.ufpb.br\/efopli\/wp-content\/uploads\/sites\/122\/sites\/206\/2025\/08\/eppi-foto-final-scaled-e1756423382841-2048x966.jpg 2048w\" sizes=\"auto, (max-width: 1024px) 100vw, 1024px\" \/><figcaption class=\"wp-element-caption\">10 EPPI<\/figcaption><\/figure>\n<\/div>\n\n\n<p><\/p>\n","protected":false},"excerpt":{"rendered":"<p>A\u00e7\u00f5es realizadas durante o ano de 2025: Projeto Tech Tip: orienta\u00e7\u00f5es sobre ferramentas digitais (dispon\u00edvel aqui). Workshops Justi\u00e7a Social (not\u00edcias aqui e aqui) Workshops 1 e 2 PDPI &#8211; Participa Para\u00edba (not\u00edcia aqui) Forma\u00e7\u00e3o continuada a professores da rede estadual de educa\u00e7\u00e3o &#8211; Talk and Learn (not\u00edcia aqui) D\u00e9cima edi\u00e7\u00e3o do Encontro Paraibano de Professores [&hellip;]<\/p>\n","protected":false},"author":144,"featured_media":0,"parent":80,"menu_order":0,"comment_status":"closed","ping_status":"closed","template":"","meta":{"footnotes":""},"class_list":["post-3353","page","type-page","status-publish","hentry"],"_links":{"self":[{"href":"https:\/\/www.ufpb.br\/efopli\/wp-json\/wp\/v2\/pages\/3353","targetHints":{"allow":["GET"]}}],"collection":[{"href":"https:\/\/www.ufpb.br\/efopli\/wp-json\/wp\/v2\/pages"}],"about":[{"href":"https:\/\/www.ufpb.br\/efopli\/wp-json\/wp\/v2\/types\/page"}],"author":[{"embeddable":true,"href":"https:\/\/www.ufpb.br\/efopli\/wp-json\/wp\/v2\/users\/144"}],"replies":[{"embeddable":true,"href":"https:\/\/www.ufpb.br\/efopli\/wp-json\/wp\/v2\/comments?post=3353"}],"version-history":[{"count":3,"href":"https:\/\/www.ufpb.br\/efopli\/wp-json\/wp\/v2\/pages\/3353\/revisions"}],"predecessor-version":[{"id":3369,"href":"https:\/\/www.ufpb.br\/efopli\/wp-json\/wp\/v2\/pages\/3353\/revisions\/3369"}],"up":[{"embeddable":true,"href":"https:\/\/www.ufpb.br\/efopli\/wp-json\/wp\/v2\/pages\/80"}],"wp:attachment":[{"href":"https:\/\/www.ufpb.br\/efopli\/wp-json\/wp\/v2\/media?parent=3353"}],"curies":[{"name":"wp","href":"https:\/\/api.w.org\/{rel}","templated":true}]}}