{"id":626,"date":"2024-09-30T13:00:31","date_gmt":"2024-09-30T13:00:31","guid":{"rendered":"https:\/\/www.ufpb.br\/efopli2\/?page_id=626"},"modified":"2026-03-21T19:00:13","modified_gmt":"2026-03-21T22:00:13","slug":"acoes-2024","status":"publish","type":"page","link":"https:\/\/www.ufpb.br\/efopli\/acoes\/acoes-2024\/","title":{"rendered":"A\u00e7\u00f5es 2024"},"content":{"rendered":"\n<p>A\u00e7\u00f5es realizadas durante o ano de 2024:<\/p>\n\n\n<div class=\"wp-block-image\">\n<figure class=\"aligncenter\"><img loading=\"lazy\" decoding=\"async\" width=\"350\" height=\"183\" src=\"http:\/\/www.ufpb.br\/efopli2\/wp-content\/uploads\/sites\/122\/sites\/206\/2024\/09\/Playing-with-worlds.png\" alt=\"\" class=\"wp-image-648\" srcset=\"https:\/\/www.ufpb.br\/efopli\/wp-content\/uploads\/sites\/122\/sites\/206\/2024\/09\/Playing-with-worlds.png 350w, https:\/\/www.ufpb.br\/efopli\/wp-content\/uploads\/sites\/122\/sites\/206\/2024\/09\/Playing-with-worlds-300x157.png 300w\" sizes=\"auto, (max-width: 350px) 100vw, 350px\" \/><\/figure>\n<\/div>\n\n\n<p class=\"has-text-align-center\"><em>Workshop &#8216;Playing with wor(l)ds: Language Education Beyond Vocabulary in Young Learners&#8217; Teaching<\/em>&#8216;.<\/p>\n\n\n\n<p><\/p>\n\n\n<div class=\"wp-block-image\">\n<figure class=\"aligncenter is-resized\"><a href=\"https:\/\/www.ufpb.br\/efopli2\/9th-eppi\/\" target=\"_blank\" rel=\"noopener\"><img loading=\"lazy\" decoding=\"async\" width=\"350\" height=\"183\" src=\"http:\/\/www.ufpb.br\/efopli2\/wp-content\/uploads\/sites\/122\/sites\/206\/2024\/09\/EPPI-2024.png\" alt=\"\" class=\"wp-image-627\" style=\"width:350px;height:auto\" srcset=\"https:\/\/www.ufpb.br\/efopli\/wp-content\/uploads\/sites\/122\/sites\/206\/2024\/09\/EPPI-2024.png 350w, https:\/\/www.ufpb.br\/efopli\/wp-content\/uploads\/sites\/122\/sites\/206\/2024\/09\/EPPI-2024-300x157.png 300w\" sizes=\"auto, (max-width: 350px) 100vw, 350px\" \/><\/a><\/figure>\n<\/div>\n\n\n<p class=\"has-text-align-center\">Nona edi\u00e7\u00e3o do Encontro Paraibano de Professores de Ingl\u00eas.<\/p>\n\n\n\n<p><\/p>\n\n\n<div class=\"wp-block-image\">\n<figure class=\"aligncenter size-full is-resized\"><img loading=\"lazy\" decoding=\"async\" width=\"720\" height=\"537\" src=\"https:\/\/www.ufpb.br\/efopli2\/wp-content\/uploads\/sites\/122\/sites\/206\/2024\/11\/joao-paulo-palestra.png\" alt=\"\" class=\"wp-image-2176\" style=\"width:345px;height:auto\" srcset=\"https:\/\/www.ufpb.br\/efopli\/wp-content\/uploads\/sites\/122\/sites\/206\/2024\/11\/joao-paulo-palestra.png 720w, https:\/\/www.ufpb.br\/efopli\/wp-content\/uploads\/sites\/122\/sites\/206\/2024\/11\/joao-paulo-palestra-300x224.png 300w\" sizes=\"auto, (max-width: 720px) 100vw, 720px\" \/><\/figure>\n<\/div>\n\n\n<p class=\"has-text-align-center\"><em>Workshop <\/em>com Jo\u00e3o Paulo Ara\u00fajo (UFRPE\/USP) sobre justi\u00e7a social e ensino de l\u00ednguas.<\/p>\n\n\n\n<p><\/p>\n\n\n<div class=\"wp-block-image\">\n<figure class=\"aligncenter size-large is-resized\"><img loading=\"lazy\" decoding=\"async\" width=\"1024\" height=\"215\" src=\"https:\/\/www.ufpb.br\/efopli2\/wp-content\/uploads\/sites\/122\/sites\/206\/2024\/11\/site-antigo-e-novo-1024x215.png\" alt=\"\" class=\"wp-image-2188\" style=\"width:938px;height:auto\" srcset=\"https:\/\/www.ufpb.br\/efopli\/wp-content\/uploads\/sites\/122\/sites\/206\/2024\/11\/site-antigo-e-novo-1024x215.png 1024w, https:\/\/www.ufpb.br\/efopli\/wp-content\/uploads\/sites\/122\/sites\/206\/2024\/11\/site-antigo-e-novo-300x63.png 300w, https:\/\/www.ufpb.br\/efopli\/wp-content\/uploads\/sites\/122\/sites\/206\/2024\/11\/site-antigo-e-novo-768x161.png 768w, https:\/\/www.ufpb.br\/efopli\/wp-content\/uploads\/sites\/122\/sites\/206\/2024\/11\/site-antigo-e-novo-1536x323.png 1536w, https:\/\/www.ufpb.br\/efopli\/wp-content\/uploads\/sites\/122\/sites\/206\/2024\/11\/site-antigo-e-novo-2048x430.png 2048w\" sizes=\"auto, (max-width: 1024px) 100vw, 1024px\" \/><\/figure>\n<\/div>\n\n\n<p class=\"has-text-align-center\">Elabora\u00e7\u00e3o e lan\u00e7amento do nova p\u00e1gina do EFOPLI (www.ufpb.br\/efopli).<\/p>\n\n\n<div class=\"wp-block-image\">\n<figure class=\"aligncenter size-full is-resized\"><a href=\"https:\/\/www.ufpb.br\/efopli\/projeto-saber-conectado\/tech-tip\/\" target=\"_blank\" rel=\" noreferrer noopener\"><img loading=\"lazy\" decoding=\"async\" width=\"500\" height=\"500\" src=\"https:\/\/www.ufpb.br\/efopli\/wp-content\/uploads\/sites\/122\/sites\/206\/2024\/11\/Tech-Tip.jpeg\" alt=\"\" class=\"wp-image-2364\" style=\"width:244px;height:auto\" srcset=\"https:\/\/www.ufpb.br\/efopli\/wp-content\/uploads\/sites\/122\/sites\/206\/2024\/11\/Tech-Tip.jpeg 500w, https:\/\/www.ufpb.br\/efopli\/wp-content\/uploads\/sites\/122\/sites\/206\/2024\/11\/Tech-Tip-300x300.jpeg 300w, https:\/\/www.ufpb.br\/efopli\/wp-content\/uploads\/sites\/122\/sites\/206\/2024\/11\/Tech-Tip-150x150.jpeg 150w\" sizes=\"auto, (max-width: 500px) 100vw, 500px\" \/><\/a><\/figure>\n<\/div>\n\n\n<p class=\"has-text-align-center\">Projeto Tech Tip: orienta\u00e7\u00f5es sobre ferramentas digitais (dispon\u00edvel <a href=\"https:\/\/www.ufpb.br\/efopli\/projeto-saber-conectado\/tech-tip\/\" target=\"_blank\" rel=\"noreferrer noopener\">aqui<\/a>).<\/p>\n\n\n\n<p><\/p>\n","protected":false},"excerpt":{"rendered":"<p>A\u00e7\u00f5es realizadas durante o ano de 2024: Workshop &#8216;Playing with wor(l)ds: Language Education Beyond Vocabulary in Young Learners&#8217; Teaching&#8216;. Nona edi\u00e7\u00e3o do Encontro Paraibano de Professores de Ingl\u00eas. Workshop com Jo\u00e3o Paulo Ara\u00fajo (UFRPE\/USP) sobre justi\u00e7a social e ensino de l\u00ednguas. Elabora\u00e7\u00e3o e lan\u00e7amento do nova p\u00e1gina do EFOPLI (www.ufpb.br\/efopli). Projeto Tech Tip: orienta\u00e7\u00f5es sobre [&hellip;]<\/p>\n","protected":false},"author":146,"featured_media":0,"parent":80,"menu_order":0,"comment_status":"closed","ping_status":"closed","template":"","meta":{"footnotes":""},"class_list":["post-626","page","type-page","status-publish","hentry"],"_links":{"self":[{"href":"https:\/\/www.ufpb.br\/efopli\/wp-json\/wp\/v2\/pages\/626","targetHints":{"allow":["GET"]}}],"collection":[{"href":"https:\/\/www.ufpb.br\/efopli\/wp-json\/wp\/v2\/pages"}],"about":[{"href":"https:\/\/www.ufpb.br\/efopli\/wp-json\/wp\/v2\/types\/page"}],"author":[{"embeddable":true,"href":"https:\/\/www.ufpb.br\/efopli\/wp-json\/wp\/v2\/users\/146"}],"replies":[{"embeddable":true,"href":"https:\/\/www.ufpb.br\/efopli\/wp-json\/wp\/v2\/comments?post=626"}],"version-history":[{"count":18,"href":"https:\/\/www.ufpb.br\/efopli\/wp-json\/wp\/v2\/pages\/626\/revisions"}],"predecessor-version":[{"id":3368,"href":"https:\/\/www.ufpb.br\/efopli\/wp-json\/wp\/v2\/pages\/626\/revisions\/3368"}],"up":[{"embeddable":true,"href":"https:\/\/www.ufpb.br\/efopli\/wp-json\/wp\/v2\/pages\/80"}],"wp:attachment":[{"href":"https:\/\/www.ufpb.br\/efopli\/wp-json\/wp\/v2\/media?parent=626"}],"curies":[{"name":"wp","href":"https:\/\/api.w.org\/{rel}","templated":true}]}}