{"id":194,"date":"2023-10-07T22:02:32","date_gmt":"2023-10-08T01:02:32","guid":{"rendered":"https:\/\/www.cear.ufpb.br\/fablab\/?page_id=194"},"modified":"2025-03-30T14:39:28","modified_gmt":"2025-03-30T17:39:28","slug":"requisicao-de-servicos","status":"publish","type":"page","link":"https:\/\/www.ufpb.br\/fablab\/requisicao-de-servicos\/","title":{"rendered":"Requisi\u00e7\u00e3o De Servi\u00e7os"},"content":{"rendered":"<h2>Para c\u00e1lculo de or\u00e7amento de servi\u00e7o, foram criadas 3 categorias para atender cada tipo de projeto:<\/h2>\n<ul>\n<li>Estudantes que possuem o v\u00ednculo ativo com a UFPB e que possuem projetos com fins acad\u00eamicos;\u00a0Obs.: Para casos de projetos acad\u00eamicos, o professor respons\u00e1vel pelo projeto deve nos enviar um e-mail autorizando o uso do FABLAB pela taxa de estudante atrav\u00e9s de uma conta de e-mail institucional.<\/li>\n<\/ul>\n<ul>\n<li>Organiza\u00e7\u00e3o sem Fins Lucrativos e Startups de alunos Rec\u00e9m Egressos;\u00a0Obs.: Em caso de pedidos em larga escala, o mesmo entrar\u00e1 na categoria de valor cheio.<\/li>\n<\/ul>\n<ul>\n<li>Empresas\/profissionais sem v\u00ednculo com a UFPB;<\/li>\n<\/ul>\n<h3>Informa\u00e7\u00f5es importantes:<\/h3>\n<p>O processo de solicita\u00e7\u00e3o de servi\u00e7os \u00e9 realizado a partir de requisi\u00e7\u00e3o feita no site do FABLAB.\u00a0Caso o projeto possua mais de um arquivo, envie todos juntos no mesmo pedido em um \u00fanico arquivo compactado.(.zip)<\/p>\n<p>Ao receber a requisi\u00e7\u00e3o, a equipe do FABLAB UFPB calcula o or\u00e7amento do servi\u00e7o e entra em contato com o solicitante.\u00a0Uma vez aprovado o or\u00e7amento, ser\u00e1 emitido nota fiscal e boleto para pagamento pelo servi\u00e7o. Uma vez que o boleto e nota fiscal \u00e9 gerado, n\u00e3o h\u00e1 possibilidade de altera\u00e7\u00f5es no pedido. Caso necess\u00e1rio, deve-se criar um novo pedido no site do FABLAB UFPB.\u00a0Em hip\u00f3tese nenhuma ser\u00e1 recebido recursos em esp\u00e9cie ou pago diretamente a algum dos colaboradores do laborat\u00f3rio. \u00danica forma de pagamento aceita \u00e9 via boleto gerado pela FADE.<\/p>\n<p>O servi\u00e7o ficar\u00e1 dispon\u00edvel para retirada no FABLAB UFPB ap\u00f3s pagamento do boleto e envio do comprovante de pagamento para o e-mail\u00a0<a href=\"mailto:fablab@cear.ufpb.br\">fablab@cear.ufpb.br<\/a>.\u00a0 Acesse o link abaixo e especifique o tipo de servi\u00e7o que deseja ao preencher o formul\u00e1rio com seus dados.<\/p>\n<div data-fieldname=\"telefone\"><a href=\"https:\/\/shorturl.at\/cmQ1W\">https:\/\/shorturl.at\/cmQ1W<\/a><\/div>\n<div data-fieldname=\"telefone\">\n<div id=\"pfg-fieldwrapper\">\n<div id=\"archetypes-fieldname-anexo\" class=\"field ArchetypesFileWidget \" data-fieldname=\"anexo\">\n<div class=\"fieldErrorBox\"><\/div>\n<div><\/div>\n<\/div>\n<\/div>\n<div class=\"formControls\"><\/div>\n<\/div>\n<p><!--\n\n\n<div id=\"archetypes-fieldname-nome\" class=\"field ArchetypesStringWidget \" data-fieldname=\"nome\"><label class=\"formQuestion\" for=\"nome\">Nome Completo\u00a0<span class=\"required\" title=\"Obrigat\u00f3rio\">\u00a0<\/span><span id=\"nome_help\" class=\"formHelp\"><\/span><\/label>\n\n\n<div class=\"fieldErrorBox\"><\/div>\n\n\n<input id=\"nome\" class=\"blurrable firstToFocus\" maxlength=\"255\" name=\"nome\" size=\"30\" type=\"text\" placeholder=\"\" \/><\/div>\n\n\n\n\n<div id=\"archetypes-fieldname-replyto\" class=\"field ArchetypesStringWidget \" data-fieldname=\"replyto\"><label class=\"formQuestion\" for=\"replyto\">Seu endere\u00e7o de e-mail\u00a0<span class=\"required\" title=\"Obrigat\u00f3rio\">\u00a0<\/span><span id=\"replyto_help\" class=\"formHelp\"><\/span><\/label>\n\n\n<div class=\"fieldErrorBox\"><\/div>\n\n\n<input id=\"replyto\" class=\"blurrable firstToFocus\" maxlength=\"255\" name=\"replyto\" size=\"30\" type=\"text\" placeholder=\"\" \/><\/div>\n\n\n\n\n<div id=\"archetypes-fieldname-assunto\" class=\"field ArchetypesStringWidget \" data-fieldname=\"assunto\"><label class=\"formQuestion\" for=\"assunto\">Titulo do projeto\u00a0<span class=\"required\" title=\"Obrigat\u00f3rio\">\u00a0<\/span><span id=\"assunto_help\" class=\"formHelp\"><\/span><\/label>\n\n\n<div class=\"fieldErrorBox\"><\/div>\n\n\n<input id=\"assunto\" class=\"blurrable firstToFocus\" maxlength=\"255\" name=\"assunto\" size=\"30\" type=\"text\" placeholder=\"\" \/><\/div>\n\n\n\n\n<div id=\"archetypes-fieldname-curso\" class=\"field ArchetypesStringWidget \" data-fieldname=\"curso\"><label class=\"formQuestion\" for=\"curso\">Curso<span id=\"curso_help\" class=\"formHelp\"><\/span><\/label>\n\n\n<div class=\"fieldErrorBox\"><\/div>\n\n\n<input id=\"curso\" class=\"blurrable firstToFocus\" maxlength=\"255\" name=\"curso\" size=\"30\" type=\"text\" placeholder=\"\" \/><\/div>\n\n\n\n\n<div id=\"archetypes-fieldname-descricao\" class=\"field ArchetypesTextAreaWidget \" data-fieldname=\"descricao\"><label class=\"formQuestion\" for=\"descricao\">Descri\u00e7\u00e3o\u00a0<span class=\"required\" title=\"Obrigat\u00f3rio\">\u00a0<\/span><span id=\"descricao_help\" class=\"formHelp\"><\/span><\/label>\n\n\n<div class=\"fieldErrorBox\"><\/div>\n\n\n<textarea id=\"descricao\" class=\"blurrable firstToFocus\" cols=\"40\" name=\"descricao\" rows=\"5\" placeholder=\"\"><\/textarea><\/div>\n\n\n\n\n<div id=\"archetypes-fieldname-telefone\" class=\"field ArchetypesStringWidget \" data-fieldname=\"telefone\"><label class=\"formQuestion\" for=\"telefone\">Telefone\u00a0<span class=\"required\" title=\"Obrigat\u00f3rio\">\u00a0<\/span><span id=\"telefone_help\" class=\"formHelp\"><\/span><\/label>\n\n\n<div class=\"fieldErrorBox\"><\/div>\n\n\n<input id=\"telefone\" class=\"blurrable firstToFocus\" maxlength=\"255\" name=\"telefone\" size=\"30\" type=\"text\" placeholder=\"\" \/><\/div>\n\n\n\n\n<div id=\"archetypes-fieldname-tipo-de-projeto\" class=\"field ArchetypesSelectionWidget \" data-fieldname=\"tipo-de-projeto\">\n\n\n<div class=\"fieldErrorBox\"><\/div>\n\n\n\n\n<div class=\"formQuestion label\">Tipo de projeto\u00a0<span class=\"required\" title=\"Obrigat\u00f3rio\">\u00a0<\/span><span id=\"tipo-de-projeto_help\" class=\"formHelp\">selecione em qual categoria voc\u00ea se encaixa<\/span><\/div>\n\n\n<span id=\"tipo-de-projeto\"><input id=\"tipo-de-projeto_1\" class=\"noborder blurrable\" name=\"tipo-de-projeto\" type=\"radio\" value=\"Vinculo com a UFPB - projeto pessoal(sem interesse comercial)\" \/>\u00a0<label for=\"tipo-de-projeto_1\">Vinculo com a UFPB - projeto pessoal(sem interesse comercial)<\/label>\n<input id=\"tipo-de-projeto_2\" class=\"noborder blurrable\" name=\"tipo-de-projeto\" type=\"radio\" value=\"Vinculo com a UFPB - projeto acad\u00eamico\" \/>\u00a0<label for=\"tipo-de-projeto_2\">Vinculo com a UFPB - projeto acad\u00eamico<\/label>\n<input id=\"tipo-de-projeto_3\" class=\"noborder blurrable\" name=\"tipo-de-projeto\" type=\"radio\" value=\"Sem vinculo com a UFPB\" \/>\u00a0<label for=\"tipo-de-projeto_3\">Sem vinculo com a UFPB<\/label>\n<\/span><\/div>\n\n\n\n\n<div id=\"archetypes-fieldname-tipo-de-servico-1\" class=\"field ArchetypesSelectionWidget \" data-fieldname=\"tipo-de-servico-1\">\n\n\n<div class=\"fieldErrorBox\"><\/div>\n\n\n\n\n<div class=\"formQuestion label\">Tipo de servi\u00e7o\u00a0<span class=\"required\" title=\"Obrigat\u00f3rio\">\u00a0<\/span><span id=\"tipo-de-servico-1_help\" class=\"formHelp\">Selecione o tipo de servi\u00e7o em que seu projeto se encaixa<\/span><\/div>\n\n\n<span id=\"tipo-de-servico-1\"><input id=\"tipo-de-servico-1_1\" class=\"noborder blurrable\" name=\"tipo-de-servico-1\" type=\"radio\" value=\"SALA DE REUNI\u00c3O\" \/>\u00a0<label for=\"tipo-de-servico-1_1\">SALA DE REUNI\u00c3O<\/label>\n<input id=\"tipo-de-servico-1_2\" class=\"noborder blurrable\" name=\"tipo-de-servico-1\" type=\"radio\" value=\"IMPRESS\u00c3O 3D\" \/>\u00a0<label for=\"tipo-de-servico-1_2\">IMPRESS\u00c3O 3D<\/label>\n<input id=\"tipo-de-servico-1_3\" class=\"noborder blurrable\" name=\"tipo-de-servico-1\" type=\"radio\" value=\"CORTE LASER\" \/>\u00a0<label for=\"tipo-de-servico-1_3\">CORTE LASER<\/label>\n<input id=\"tipo-de-servico-1_4\" class=\"noborder blurrable\" name=\"tipo-de-servico-1\" type=\"radio\" value=\"ROUTER CNC\" \/>\u00a0<label for=\"tipo-de-servico-1_4\">ROUTER CNC<\/label>\n<input id=\"tipo-de-servico-1_5\" class=\"noborder blurrable\" name=\"tipo-de-servico-1\" type=\"radio\" value=\"SALA DE TREINAMENTO\" \/>\u00a0<label for=\"tipo-de-servico-1_5\">SALA DE TREINAMENTO<\/label>\n<input id=\"tipo-de-servico-1_6\" class=\"noborder blurrable\" name=\"tipo-de-servico-1\" type=\"radio\" value=\"FABRICA\u00c7\u00c3O PCB\" \/>\u00a0<label for=\"tipo-de-servico-1_6\">FABRICA\u00c7\u00c3O PCB<\/label>\n<input id=\"tipo-de-servico-1_7\" class=\"noborder blurrable\" name=\"tipo-de-servico-1\" type=\"radio\" value=\"VISITA T\u00c9CNICA\" \/>\u00a0<label for=\"tipo-de-servico-1_7\">VISITA T\u00c9CNICA<\/label><\/span><\/div>\n\n\n\n\n<div data-fieldname=\"tipo-de-servico-1\"><\/div>\n\n\n\n\n<div data-fieldname=\"tipo-de-servico-1\">\n\n\n<div id=\"pfg-fieldwrapper\">\n\n\n<div id=\"archetypes-fieldname-anexo\" class=\"field ArchetypesFileWidget \" data-fieldname=\"anexo\"><label class=\"formQuestion\" for=\"anexo\">Anexo<span id=\"anexo_help\" class=\"formHelp\">em caso de m\u00faltiplos arquivos compactar como .rar ou .zip<\/span><\/label>\n\n\n<div class=\"fieldErrorBox\"><\/div>\n\n\n\n\n<div><input id=\"anexo_file\" name=\"anexo_file\" size=\"30\" type=\"file\" \/><\/div>\n\n\n<\/div>\n\n\n<\/div>\n\n\n\n\n<div class=\"formControls\"><input class=\"context\" name=\"form_submit\" type=\"submit\" value=\"Enviar\" \/><\/div>\n\n\n<\/div>\n\n\n--><\/p>\n","protected":false},"excerpt":{"rendered":"<p>Para c\u00e1lculo de or\u00e7amento de servi\u00e7o, foram criadas 3 categorias para atender cada tipo de projeto: Estudantes que possuem o v\u00ednculo ativo com a UFPB e que possuem projetos com fins acad\u00eamicos;\u00a0Obs.: Para casos de projetos acad\u00eamicos, o professor respons\u00e1vel pelo projeto deve nos enviar um e-mail autorizando o uso do FABLAB pela taxa de [&hellip;]<\/p>\n","protected":false},"author":58,"featured_media":0,"parent":0,"menu_order":0,"comment_status":"closed","ping_status":"closed","template":"","meta":{"footnotes":""},"class_list":["post-194","page","type-page","status-publish","hentry","post"],"_links":{"self":[{"href":"https:\/\/www.ufpb.br\/fablab\/wp-json\/wp\/v2\/pages\/194","targetHints":{"allow":["GET"]}}],"collection":[{"href":"https:\/\/www.ufpb.br\/fablab\/wp-json\/wp\/v2\/pages"}],"about":[{"href":"https:\/\/www.ufpb.br\/fablab\/wp-json\/wp\/v2\/types\/page"}],"author":[{"embeddable":true,"href":"https:\/\/www.ufpb.br\/fablab\/wp-json\/wp\/v2\/users\/58"}],"replies":[{"embeddable":true,"href":"https:\/\/www.ufpb.br\/fablab\/wp-json\/wp\/v2\/comments?post=194"}],"version-history":[{"count":18,"href":"https:\/\/www.ufpb.br\/fablab\/wp-json\/wp\/v2\/pages\/194\/revisions"}],"predecessor-version":[{"id":669,"href":"https:\/\/www.ufpb.br\/fablab\/wp-json\/wp\/v2\/pages\/194\/revisions\/669"}],"wp:attachment":[{"href":"https:\/\/www.ufpb.br\/fablab\/wp-json\/wp\/v2\/media?parent=194"}],"curies":[{"name":"wp","href":"https:\/\/api.w.org\/{rel}","templated":true}]}}