{"id":285,"date":"2023-11-16T10:37:39","date_gmt":"2023-11-16T13:37:39","guid":{"rendered":"https:\/\/www.cear.ufpb.br\/fablab\/?page_id=285"},"modified":"2024-02-22T11:30:46","modified_gmt":"2024-02-22T14:30:46","slug":"noticias","status":"publish","type":"page","link":"https:\/\/www.ufpb.br\/fablab\/noticias\/","title":{"rendered":"Noticias"},"content":{"rendered":"\n<h1 class=\"wp-block-heading\"><a href=\"https:\/\/www.ufpb.br\/fablab\/2024\/02\/07\/faca-parte-da-nossa-equipe\/\">Fa\u00e7a Parte da Nossa Equipe!<\/a><\/h1>\n\n\n\n<p class=\"has-text-align-center\">Processo Seletivo FabLab UFPB!\u00a0<img decoding=\"async\" style=\"width: 5px;\" src=\"https:\/\/s.w.org\/images\/core\/emoji\/14.0.0\/svg\/2728.svg\" alt=\"\u2728\"><\/p>\n\n\n\n<p class=\"has-text-align-center\">O FabLab UFPB abre oficialmente as inscri\u00e7\u00f5es at\u00e9 14 de fevereiro! Se voc\u00ea \u00e9 um aluno de gradua\u00e7\u00e3o da UFPB e est\u00e1 disposto a aprender e colaborar com inova\u00e7\u00e3o, criatividade e tecnologia, esta \u00e9 a sua oportunidade de integrar nosso laborat\u00f3rio.<\/p>\n\n\n\n<p class=\"has-text-align-center\"><img decoding=\"async\" src=\"https:\/\/s.w.org\/images\/core\/emoji\/14.0.0\/svg\/23f0.svg\" alt=\"\u23f0\" style=\"width: 15px;\">\u00a0Prazo para inscri\u00e7\u00f5es: at\u00e9 14 de fevereiro. N\u00e3o perca tempo!<\/p>\n\n\n\n<p class=\"has-text-align-center\"><img decoding=\"async\" src=\"https:\/\/s.w.org\/images\/core\/emoji\/14.0.0\/svg\/2728.svg\" alt=\"\u2728\" style=\"width: 15px;\">\u00a0Estamos em busca de pessoas comprometidas, que se identifiquem com a cultura maker e possam agregar valor \u00e0 nossa equipe.<\/p>\n\n\n\n<p class=\"has-text-align-center\"><img decoding=\"async\" src=\"https:\/\/s.w.org\/images\/core\/emoji\/14.0.0\/svg\/1f517.svg\" alt=\"\ud83d\udd17\" style=\"width: 15px;\">\u00a0Leia o edital e preencha o formul\u00e1rio de inscri\u00e7\u00e3o: https:\/\/drive.google.com\/drive\/folders\/1G59PINV2IAsofePJub7Wm5BGNJWNP3kV?usp=shari<\/p>\n\n\n\n<p class=\"has-text-align-center\">N\u00e3o perca a chance de fazer parte do FabLab UFPB!<\/p>\n\n\n<div class=\"wp-block-image\">\n<figure class=\"aligncenter\"><img loading=\"lazy\" decoding=\"async\" width=\"300\" height=\"300\" src=\"http:\/\/www.cear.ufpb.br\/fablab\/wp-content\/uploads\/sites\/103\/sites\/112\/2024\/02\/Faca-parte-da-nossa-equipe-300x300.png\" alt=\"\" class=\"wp-image-386\" srcset=\"https:\/\/www.ufpb.br\/fablab\/wp-content\/uploads\/sites\/103\/sites\/112\/2024\/02\/Faca-parte-da-nossa-equipe-300x300.png 300w, https:\/\/www.ufpb.br\/fablab\/wp-content\/uploads\/sites\/103\/sites\/112\/2024\/02\/Faca-parte-da-nossa-equipe-150x150.png 150w, https:\/\/www.ufpb.br\/fablab\/wp-content\/uploads\/sites\/103\/sites\/112\/2024\/02\/Faca-parte-da-nossa-equipe-375x375.png 375w, https:\/\/www.ufpb.br\/fablab\/wp-content\/uploads\/sites\/103\/sites\/112\/2024\/02\/Faca-parte-da-nossa-equipe.png 555w\" sizes=\"auto, (max-width: 300px) 100vw, 300px\" \/><\/figure>\n<\/div>\n\n\n<p><\/p>\n\n\n\n<p><\/p>\n\n\n\n<p><\/p>\n\n\n\n<h1 class=\"wp-block-heading\"><a href=\"https:\/\/www.ufpb.br\/fablab\/2023\/12\/01\/342\/\">Open Day!<\/a><\/h1>\n\n\n<div class=\"wp-block-image\">\n<figure class=\"aligncenter\"><img loading=\"lazy\" decoding=\"async\" width=\"300\" height=\"300\" src=\"http:\/\/www.cear.ufpb.br\/fablab\/wp-content\/uploads\/sites\/103\/sites\/112\/2023\/12\/Open-Day-300x300.png\" alt=\"\" class=\"wp-image-343\" srcset=\"https:\/\/www.ufpb.br\/fablab\/wp-content\/uploads\/sites\/103\/sites\/112\/2023\/12\/Open-Day-300x300.png 300w, https:\/\/www.ufpb.br\/fablab\/wp-content\/uploads\/sites\/103\/sites\/112\/2023\/12\/Open-Day-150x150.png 150w, https:\/\/www.ufpb.br\/fablab\/wp-content\/uploads\/sites\/103\/sites\/112\/2023\/12\/Open-Day-375x375.png 375w, https:\/\/www.ufpb.br\/fablab\/wp-content\/uploads\/sites\/103\/sites\/112\/2023\/12\/Open-Day.png 557w\" sizes=\"auto, (max-width: 300px) 100vw, 300px\" \/><\/figure>\n<\/div>\n\n\n<p class=\"has-text-align-center\">No dia 20 de outubro realizamos o que chamamos de \u201cOpen-Day\u201d que visa permitir os alunos manusearem o maquin\u00e1rio presente no laborat\u00f3rio.\u00a0<img decoding=\"async\" style=\"width: 15px;\" src=\"https:\/\/s.w.org\/images\/core\/emoji\/14.0.0\/svg\/1f52c.svg\" alt=\"\ud83d\udd2c\"><img decoding=\"async\" style=\"width: 15px;\" src=\"https:\/\/s.w.org\/images\/core\/emoji\/14.0.0\/svg\/1f527.svg\" alt=\"\ud83d\udd27\">No presente dia tivemos a visita do Instituto Federal da Para\u00edba de Campina Grande de uma turma terceiranista que pode conhecer e ver o processo de fabrica\u00e7\u00e3o que ocorre dentro do laborat\u00f3rio.<img decoding=\"async\" style=\"width: 15px;\" src=\"https:\/\/s.w.org\/images\/core\/emoji\/14.0.0\/svg\/1f9d1-1f3fb-200d-1f4bb.svg\" alt=\"\ud83e\uddd1\ud83c\udffb\u200d\ud83d\udcbb\"><img decoding=\"async\" style=\"width: 5px;\" src=\"https:\/\/s.w.org\/images\/core\/emoji\/14.0.0\/svg\/1f4bb.svg\" alt=\"\ud83d\udcbb\"><\/p>\n\n\n\n<p><\/p>\n\n\n\n<p><\/p>\n\n\n\n<p><\/p>\n\n\n\n<p><\/p>\n\n\n\n<p><\/p>\n\n\n\n<p><\/p>\n\n\n\n<h1 class=\"wp-block-heading\"><a href=\"https:\/\/www.ufpb.br\/fablab\/2023\/12\/01\/projeto-pernas-e-bracos\/\">Projeto Pernas e Bra\u00e7os<\/a><\/h1>\n\n\n\n<p><\/p>\n\n\n<div class=\"wp-block-image\">\n<figure class=\"aligncenter\"><img loading=\"lazy\" decoding=\"async\" width=\"300\" height=\"300\" src=\"http:\/\/www.cear.ufpb.br\/fablab\/wp-content\/uploads\/sites\/103\/sites\/112\/2023\/12\/Projeto-Pernas-e-Bracos-300x300.png\" alt=\"\" class=\"wp-image-327\" srcset=\"https:\/\/www.ufpb.br\/fablab\/wp-content\/uploads\/sites\/103\/sites\/112\/2023\/12\/Projeto-Pernas-e-Bracos-300x300.png 300w, https:\/\/www.ufpb.br\/fablab\/wp-content\/uploads\/sites\/103\/sites\/112\/2023\/12\/Projeto-Pernas-e-Bracos-150x150.png 150w, https:\/\/www.ufpb.br\/fablab\/wp-content\/uploads\/sites\/103\/sites\/112\/2023\/12\/Projeto-Pernas-e-Bracos-375x375.png 375w, https:\/\/www.ufpb.br\/fablab\/wp-content\/uploads\/sites\/103\/sites\/112\/2023\/12\/Projeto-Pernas-e-Bracos.png 680w\" sizes=\"auto, (max-width: 300px) 100vw, 300px\" \/><\/figure>\n<\/div>\n\n\n<p class=\"has-text-align-center\">Conhe\u00e7a nossa parceria do Fablab no projeto Pernas e Bra\u00e7os: desde 2020, estamos unindo for\u00e7as para criar pr\u00f3teses em 3D com impress\u00e3o em PLA, destinadas a pessoas que precisam de membros superiores ou inferiores.\u00a0<img decoding=\"async\" src=\"https:\/\/s.w.org\/images\/core\/emoji\/14.0.0\/svg\/1f4aa.svg\" alt=\"\ud83d\udcaa\" style=\"width: 15px;\"><img decoding=\"async\" src=\"https:\/\/s.w.org\/images\/core\/emoji\/14.0.0\/svg\/1f4ab.svg\" alt=\"\ud83d\udcab\" style=\"width: 15px;\">\u00a0Nossa jornada envolveu reuni\u00f5es regulares, treinamento em impressoras 3D e o redesenho de pe\u00e7as para alcan\u00e7ar a qualidade desejada. Enfrentamos desafios, mas sempre buscamos otimizar nosso processo. Juntos, estamos construindo um futuro mais acess\u00edvel e inclusivo.<\/p>\n\n\n\n<p class=\"has-text-align-center\"><\/p>\n\n\n\n<p><\/p>\n\n\n\n<p><\/p>\n","protected":false},"excerpt":{"rendered":"<p>Fa\u00e7a Parte da Nossa Equipe! Processo Seletivo FabLab UFPB!\u00a0 O FabLab UFPB abre oficialmente as inscri\u00e7\u00f5es at\u00e9 14 de fevereiro! Se voc\u00ea \u00e9 um aluno de gradua\u00e7\u00e3o da UFPB e est\u00e1 disposto a aprender e colaborar com inova\u00e7\u00e3o, criatividade e tecnologia, esta \u00e9 a sua oportunidade de integrar nosso laborat\u00f3rio. \u00a0Prazo para inscri\u00e7\u00f5es: at\u00e9 14 [&hellip;]<\/p>\n","protected":false},"author":58,"featured_media":0,"parent":0,"menu_order":0,"comment_status":"closed","ping_status":"closed","template":"","meta":{"footnotes":""},"class_list":["post-285","page","type-page","status-publish","hentry","post"],"_links":{"self":[{"href":"https:\/\/www.ufpb.br\/fablab\/wp-json\/wp\/v2\/pages\/285","targetHints":{"allow":["GET"]}}],"collection":[{"href":"https:\/\/www.ufpb.br\/fablab\/wp-json\/wp\/v2\/pages"}],"about":[{"href":"https:\/\/www.ufpb.br\/fablab\/wp-json\/wp\/v2\/types\/page"}],"author":[{"embeddable":true,"href":"https:\/\/www.ufpb.br\/fablab\/wp-json\/wp\/v2\/users\/58"}],"replies":[{"embeddable":true,"href":"https:\/\/www.ufpb.br\/fablab\/wp-json\/wp\/v2\/comments?post=285"}],"version-history":[{"count":9,"href":"https:\/\/www.ufpb.br\/fablab\/wp-json\/wp\/v2\/pages\/285\/revisions"}],"predecessor-version":[{"id":595,"href":"https:\/\/www.ufpb.br\/fablab\/wp-json\/wp\/v2\/pages\/285\/revisions\/595"}],"wp:attachment":[{"href":"https:\/\/www.ufpb.br\/fablab\/wp-json\/wp\/v2\/media?parent=285"}],"curies":[{"name":"wp","href":"https:\/\/api.w.org\/{rel}","templated":true}]}}

<h1 class="wp-block-heading"><a href="https://www.ufpb.br/fablab/2024/02/07/faca-parte-da-nossa-equipe/">Faça Parte da Nossa Equipe!</a></h1>



<p class="has-text-align-center">Processo Seletivo FabLab UFPB! <img decoding="async" style="width: 5px;" src="https://s.w.org/images/core/emoji/14.0.0/svg/2728.svg" alt="✨"></p>



<p class="has-text-align-center">O FabLab UFPB abre oficialmente as inscrições até 14 de fevereiro! Se você é um aluno de graduação da UFPB e está disposto a aprender e colaborar com inovação, criatividade e tecnologia, esta é a sua oportunidade de integrar nosso laboratório.</p>



<p class="has-text-align-center"><img decoding="async" src="https://s.w.org/images/core/emoji/14.0.0/svg/23f0.svg" alt="⏰" style="width: 15px;"> Prazo para inscrições: até 14 de fevereiro. Não perca tempo!</p>



<p class="has-text-align-center"><img decoding="async" src="https://s.w.org/images/core/emoji/14.0.0/svg/2728.svg" alt="✨" style="width: 15px;"> Estamos em busca de pessoas comprometidas, que se identifiquem com a cultura maker e possam agregar valor à nossa equipe.</p>



<p class="has-text-align-center"><img decoding="async" src="https://s.w.org/images/core/emoji/14.0.0/svg/1f517.svg" alt="🔗" style="width: 15px;"> Leia o edital e preencha o formulário de inscrição: https://drive.google.com/drive/folders/1G59PINV2IAsofePJub7Wm5BGNJWNP3kV?usp=shari</p>



<p class="has-text-align-center">Não perca a chance de fazer parte do FabLab UFPB!</p>


<div class="wp-block-image">
<figure class="aligncenter"><img loading="lazy" decoding="async" width="300" height="300" src="http://www.cear.ufpb.br/fablab/wp-content/uploads/sites/103/sites/112/2024/02/Faca-parte-da-nossa-equipe-300x300.png" alt="" class="wp-image-386" srcset="https://www.ufpb.br/fablab/wp-content/uploads/sites/103/sites/112/2024/02/Faca-parte-da-nossa-equipe-300x300.png 300w, https://www.ufpb.br/fablab/wp-content/uploads/sites/103/sites/112/2024/02/Faca-parte-da-nossa-equipe-150x150.png 150w, https://www.ufpb.br/fablab/wp-content/uploads/sites/103/sites/112/2024/02/Faca-parte-da-nossa-equipe-375x375.png 375w, https://www.ufpb.br/fablab/wp-content/uploads/sites/103/sites/112/2024/02/Faca-parte-da-nossa-equipe.png 555w" sizes="auto, (max-width: 300px) 100vw, 300px" /></figure>
</div>


<p></p>



<p></p>



<p></p>



<h1 class="wp-block-heading"><a href="https://www.ufpb.br/fablab/2023/12/01/342/">Open Day!</a></h1>


<div class="wp-block-image">
<figure class="aligncenter"><img loading="lazy" decoding="async" width="300" height="300" src="http://www.cear.ufpb.br/fablab/wp-content/uploads/sites/103/sites/112/2023/12/Open-Day-300x300.png" alt="" class="wp-image-343" srcset="https://www.ufpb.br/fablab/wp-content/uploads/sites/103/sites/112/2023/12/Open-Day-300x300.png 300w, https://www.ufpb.br/fablab/wp-content/uploads/sites/103/sites/112/2023/12/Open-Day-150x150.png 150w, https://www.ufpb.br/fablab/wp-content/uploads/sites/103/sites/112/2023/12/Open-Day-375x375.png 375w, https://www.ufpb.br/fablab/wp-content/uploads/sites/103/sites/112/2023/12/Open-Day.png 557w" sizes="auto, (max-width: 300px) 100vw, 300px" /></figure>
</div>


<p class="has-text-align-center">No dia 20 de outubro realizamos o que chamamos de “Open-Day” que visa permitir os alunos manusearem o maquinário presente no laboratório. <img decoding="async" style="width: 15px;" src="https://s.w.org/images/core/emoji/14.0.0/svg/1f52c.svg" alt="🔬"><img decoding="async" style="width: 15px;" src="https://s.w.org/images/core/emoji/14.0.0/svg/1f527.svg" alt="🔧">No presente dia tivemos a visita do Instituto Federal da Paraíba de Campina Grande de uma turma terceiranista que pode conhecer e ver o processo de fabricação que ocorre dentro do laboratório.<img decoding="async" style="width: 15px;" src="https://s.w.org/images/core/emoji/14.0.0/svg/1f9d1-1f3fb-200d-1f4bb.svg" alt="🧑🏻‍💻"><img decoding="async" style="width: 5px;" src="https://s.w.org/images/core/emoji/14.0.0/svg/1f4bb.svg" alt="💻"></p>



<p></p>



<p></p>



<p></p>



<p></p>



<p></p>



<p></p>



<h1 class="wp-block-heading"><a href="https://www.ufpb.br/fablab/2023/12/01/projeto-pernas-e-bracos/">Projeto Pernas e Braços</a></h1>



<p></p>


<div class="wp-block-image">
<figure class="aligncenter"><img loading="lazy" decoding="async" width="300" height="300" src="http://www.cear.ufpb.br/fablab/wp-content/uploads/sites/103/sites/112/2023/12/Projeto-Pernas-e-Bracos-300x300.png" alt="" class="wp-image-327" srcset="https://www.ufpb.br/fablab/wp-content/uploads/sites/103/sites/112/2023/12/Projeto-Pernas-e-Bracos-300x300.png 300w, https://www.ufpb.br/fablab/wp-content/uploads/sites/103/sites/112/2023/12/Projeto-Pernas-e-Bracos-150x150.png 150w, https://www.ufpb.br/fablab/wp-content/uploads/sites/103/sites/112/2023/12/Projeto-Pernas-e-Bracos-375x375.png 375w, https://www.ufpb.br/fablab/wp-content/uploads/sites/103/sites/112/2023/12/Projeto-Pernas-e-Bracos.png 680w" sizes="auto, (max-width: 300px) 100vw, 300px" /></figure>
</div>


<p class="has-text-align-center">Conheça nossa parceria do Fablab no projeto Pernas e Braços: desde 2020, estamos unindo forças para criar próteses em 3D com impressão em PLA, destinadas a pessoas que precisam de membros superiores ou inferiores. <img decoding="async" src="https://s.w.org/images/core/emoji/14.0.0/svg/1f4aa.svg" alt="💪" style="width: 15px;"><img decoding="async" src="https://s.w.org/images/core/emoji/14.0.0/svg/1f4ab.svg" alt="💫" style="width: 15px;"> Nossa jornada envolveu reuniões regulares, treinamento em impressoras 3D e o redesenho de peças para alcançar a qualidade desejada. Enfrentamos desafios, mas sempre buscamos otimizar nosso processo. Juntos, estamos construindo um futuro mais acessível e inclusivo.</p>



<p class="has-text-align-center"></p>



<p></p>



<p></p>

<p>Faça Parte da Nossa Equipe! Processo Seletivo FabLab UFPB!  O FabLab UFPB abre oficialmente as inscrições até 14 de fevereiro! Se você é um aluno de graduação da UFPB e está disposto a aprender e colaborar com inovação, criatividade e tecnologia, esta é a sua oportunidade de integrar nosso laboratório.  Prazo para inscrições: até 14 [&hellip;]</p>
