{"id":33,"date":"2025-03-18T09:37:14","date_gmt":"2025-03-18T12:37:14","guid":{"rendered":"https:\/\/www.ufpb.br\/gcet\/?page_id=33"},"modified":"2025-04-07T15:41:23","modified_gmt":"2025-04-07T18:41:23","slug":"livros","status":"publish","type":"page","link":"https:\/\/www.ufpb.br\/gcet\/livros\/","title":{"rendered":"Livros"},"content":{"rendered":"\n<figure class=\"wp-block-table is-style-stripes\"><table class=\"has-fixed-layout\"><tbody><tr><td><a href=\"https:\/\/www.ufpb.br\/gcet\/livros\/livros-acessibilidade-terceira-idade-e-turismo\/\" data-type=\"page\" data-id=\"85\">Acessibilidade, Terceira Idade e Turismo<\/a><\/td><\/tr><tr><td><a href=\"https:\/\/www.ufpb.br\/gcet\/livros-educacao\/\" data-type=\"link\" data-id=\"https:\/\/www.ufpb.br\/gcet\/livros-educacao\/\">Educa\u00e7\u00e3o<\/a><\/td><\/tr><tr><td><a href=\"https:\/\/www.ufpb.br\/gcet\/livro-experiencia-turistica-tecnologia-e-turismo\" data-type=\"link\" data-id=\"https:\/\/www.ufpb.br\/gcet\/livro-experiencia-turistica-tecnologia-e-turismo\">Experi\u00eancia tur\u00edstica, Tecnologia e Turismo<\/a><\/td><\/tr><tr><td><a href=\"https:\/\/www.ufpb.br\/gcet\/livros-marketing-e-gestao-do-turismo-e-da-hotelaria\/\" data-type=\"link\" data-id=\"https:\/\/www.ufpb.br\/gcet\/livros-marketing-e-gestao-do-turismo-e-da-hotelaria\/\">Marketing e gest\u00e3o do Turismo e da Hotelaria<\/a><\/td><\/tr><tr><td><a href=\"https:\/\/www.ufpb.br\/gcet\/livro-turismo-e-gastronomia\/\" data-type=\"link\" data-id=\"https:\/\/www.ufpb.br\/gcet\/livro-turismo-e-gastronomia\/\"><\/a><a href=\"https:\/\/www.ufpb.br\/gcet\/livro-turismo-cinematografico-e-dark-tourism\/\" data-type=\"link\" data-id=\"https:\/\/www.ufpb.br\/gcet\/livro-turismo-cinematografico-e-dark-tourism\/\">Turismo Cinematogr\u00e1fico e Dark Tourism<\/a><\/td><\/tr><tr><td><a href=\"https:\/\/www.ufpb.br\/gcet\/livros-turismo-cultura-e-patrimonio\/\" data-type=\"link\" data-id=\"https:\/\/www.ufpb.br\/gcet\/livros-turismo-cultura-e-patrimonio\/\">Turismo, Cultura e Patrim\u00f4nio<\/a><\/td><\/tr><tr><td><a href=\"https:\/\/www.ufpb.br\/gcet\/livro-turismo-politicas-publicas-e-sustentabilidade-educacao\/\" data-type=\"link\" data-id=\"https:\/\/www.ufpb.br\/gcet\/livro-turismo-politicas-publicas-e-sustentabilidade-educacao\/\"><\/a><a href=\"https:\/\/www.ufpb.br\/gcet\/livro-turismo-e-gastronomia\/\" data-type=\"link\" data-id=\"https:\/\/www.ufpb.br\/gcet\/livro-turismo-e-gastronomia\/\">Turismo e Gastronomia<\/a><\/td><\/tr><tr><td><a href=\"https:\/\/www.ufpb.br\/gcet\/livro-turismo-politicas-publicas-e-sustentabilidade-educacao\/\" data-type=\"link\" data-id=\"https:\/\/www.ufpb.br\/gcet\/livro-turismo-politicas-publicas-e-sustentabilidade-educacao\/\">Turismo, Pol\u00edticas P\u00fablicas e Sustentabilidade<\/a><\/td><\/tr><\/tbody><\/table><\/figure>\n\n\n\n<p><\/p>\n","protected":false},"excerpt":{"rendered":"<p>Acessibilidade, Terceira Idade e Turismo Educa\u00e7\u00e3o Experi\u00eancia tur\u00edstica, Tecnologia e Turismo Marketing e gest\u00e3o do [&hellip;]<\/p>\n","protected":false},"author":47,"featured_media":0,"parent":0,"menu_order":0,"comment_status":"closed","ping_status":"closed","template":"","meta":{"footnotes":""},"class_list":["post-33","page","type-page","status-publish","hentry"],"_links":{"self":[{"href":"https:\/\/www.ufpb.br\/gcet\/wp-json\/wp\/v2\/pages\/33","targetHints":{"allow":["GET"]}}],"collection":[{"href":"https:\/\/www.ufpb.br\/gcet\/wp-json\/wp\/v2\/pages"}],"about":[{"href":"https:\/\/www.ufpb.br\/gcet\/wp-json\/wp\/v2\/types\/page"}],"author":[{"embeddable":true,"href":"https:\/\/www.ufpb.br\/gcet\/wp-json\/wp\/v2\/users\/47"}],"replies":[{"embeddable":true,"href":"https:\/\/www.ufpb.br\/gcet\/wp-json\/wp\/v2\/comments?post=33"}],"version-history":[{"count":22,"href":"https:\/\/www.ufpb.br\/gcet\/wp-json\/wp\/v2\/pages\/33\/revisions"}],"predecessor-version":[{"id":302,"href":"https:\/\/www.ufpb.br\/gcet\/wp-json\/wp\/v2\/pages\/33\/revisions\/302"}],"wp:attachment":[{"href":"https:\/\/www.ufpb.br\/gcet\/wp-json\/wp\/v2\/media?parent=33"}],"curies":[{"name":"wp","href":"https:\/\/api.w.org\/{rel}","templated":true}]}}