{"id":23,"date":"2025-04-09T15:15:25","date_gmt":"2025-04-09T18:15:25","guid":{"rendered":"https:\/\/www.ufpb.br\/inova\/?page_id=23"},"modified":"2025-04-16T11:31:01","modified_gmt":"2025-04-16T14:31:01","slug":"cronograma","status":"publish","type":"page","link":"https:\/\/www.ufpb.br\/inova\/apresentacao\/cronograma\/","title":{"rendered":"Cronograma"},"content":{"rendered":"\n<p>Cronograma de Atividades Anuais da INOVA-UFPB conforme a Lei N\u00ba 12.527\/2012 e Portaria N\u00ba 035\/2021.<\/p>\n\n\n\n<p>1. <a href=\"http:\/\/plone.ufpb.br\/inova\/contents\/documentos\/CronogramadeTtrabalhoINOVA.UFPB2022.xlsx\" target=\"_blank\" rel=\"noreferrer noopener\">Cronograma de Trabalho e Atividades Anuais 2022<\/a>.<\/p>\n\n\n\n<p>2. <a href=\"http:\/\/plone.ufpb.br\/inova\/contents\/documentos\/CronogramadeTtrabalhoINOVA.UFPB2023.xlsx\" target=\"_blank\" rel=\"noreferrer noopener\">Cronograma de Trabalho e Atividades Anuais 2023<\/a>.<\/p>\n\n\n\n<p>3. <a href=\"http:\/\/plone.ufpb.br\/inova\/contents\/documentos\/CronogramadeTtrabalhoINOVA.UFPB2024.xlsx\" target=\"_blank\" rel=\"noreferrer noopener\">Cronograma de Trabalho e Atividades Anuais 2024<\/a>.<\/p>\n\n\n\n<p>&#8212;&#8212; \/\/ &#8212;&#8212;<\/p>\n\n\n\n<p><a href=\"http:\/\/plone.ufpb.br\/inova\/contents\/documentos\/PORTARIA_4_2024_REITORIA__INV3329778165185911787.pdf\" target=\"_blank\" rel=\"noreferrer noopener\">Comiss\u00e3o de An\u00e1lise Pr\u00e9via das Solicita\u00e7\u00f5es de Ades\u00e3o ao Programa de Gest\u00e3o de Desempenho (PGD)<\/a> &#8211; Publica\u00e7\u00e3o dia 29\/11\/2024<\/p>\n\n\n\n<p><\/p>\n","protected":false},"excerpt":{"rendered":"<p>Cronograma de Atividades Anuais da INOVA-UFPB conforme a Lei N\u00ba 12.527\/2012 e Portaria N\u00ba 035\/2021. [&hellip;]<\/p>\n","protected":false},"author":47,"featured_media":0,"parent":10,"menu_order":0,"comment_status":"closed","ping_status":"closed","template":"","meta":{"footnotes":""},"class_list":["post-23","page","type-page","status-publish","hentry"],"_links":{"self":[{"href":"https:\/\/www.ufpb.br\/inova\/wp-json\/wp\/v2\/pages\/23","targetHints":{"allow":["GET"]}}],"collection":[{"href":"https:\/\/www.ufpb.br\/inova\/wp-json\/wp\/v2\/pages"}],"about":[{"href":"https:\/\/www.ufpb.br\/inova\/wp-json\/wp\/v2\/types\/page"}],"author":[{"embeddable":true,"href":"https:\/\/www.ufpb.br\/inova\/wp-json\/wp\/v2\/users\/47"}],"replies":[{"embeddable":true,"href":"https:\/\/www.ufpb.br\/inova\/wp-json\/wp\/v2\/comments?post=23"}],"version-history":[{"count":1,"href":"https:\/\/www.ufpb.br\/inova\/wp-json\/wp\/v2\/pages\/23\/revisions"}],"predecessor-version":[{"id":24,"href":"https:\/\/www.ufpb.br\/inova\/wp-json\/wp\/v2\/pages\/23\/revisions\/24"}],"up":[{"embeddable":true,"href":"https:\/\/www.ufpb.br\/inova\/wp-json\/wp\/v2\/pages\/10"}],"wp:attachment":[{"href":"https:\/\/www.ufpb.br\/inova\/wp-json\/wp\/v2\/media?parent=23"}],"curies":[{"name":"wp","href":"https:\/\/api.w.org\/{rel}","templated":true}]}}