{"id":25,"date":"2025-04-09T15:15:57","date_gmt":"2025-04-09T18:15:57","guid":{"rendered":"https:\/\/www.ufpb.br\/inova\/?page_id=25"},"modified":"2026-02-12T16:13:10","modified_gmt":"2026-02-12T19:13:10","slug":"relatorios","status":"publish","type":"page","link":"https:\/\/www.ufpb.br\/inova\/apresentacao\/relatorios\/","title":{"rendered":"Relat\u00f3rios"},"content":{"rendered":"\n<h3 class=\"wp-block-heading\"><strong>Relat\u00f3rios Setoriais &#8211; Gest\u00e3o INOVA-UFPB<\/strong><\/h3>\n\n\n\n<p><strong><a href=\"http:\/\/plone.ufpb.br\/inova\/contents\/documentos\/RelatrioSetorialAdm.SuperiorINOVA2022.pdf\" target=\"_blank\" rel=\"noreferrer noopener\">Relat\u00f3rio Ano Calend\u00e1rio 2022<\/a><\/strong><\/p>\n\n\n\n<p><strong><a href=\"http:\/\/plone.ufpb.br\/inova\/contents\/documentos\/relatorio-setorial-adm-superior-inova-2023.pdf\">Relat\u00f3rio Ano Calend\u00e1rio 2023<\/a><\/strong><\/p>\n\n\n\n<p><a href=\"https:\/\/www.ufpb.br\/inova\/wp-content\/uploads\/sites\/79\/sites\/285\/2026\/02\/Relatorio-Gestao-2024.pdf\" data-type=\"attachment\" data-id=\"1304\">Relat\u00f3rio Ano Calend\u00e1rio 2024<\/a><\/p>\n","protected":false},"excerpt":{"rendered":"<p>Relat\u00f3rios Setoriais &#8211; Gest\u00e3o INOVA-UFPB Relat\u00f3rio Ano Calend\u00e1rio 2022 Relat\u00f3rio Ano Calend\u00e1rio 2023 Relat\u00f3rio Ano [&hellip;]<\/p>\n","protected":false},"author":47,"featured_media":0,"parent":10,"menu_order":0,"comment_status":"closed","ping_status":"closed","template":"","meta":{"footnotes":""},"class_list":["post-25","page","type-page","status-publish","hentry"],"_links":{"self":[{"href":"https:\/\/www.ufpb.br\/inova\/wp-json\/wp\/v2\/pages\/25","targetHints":{"allow":["GET"]}}],"collection":[{"href":"https:\/\/www.ufpb.br\/inova\/wp-json\/wp\/v2\/pages"}],"about":[{"href":"https:\/\/www.ufpb.br\/inova\/wp-json\/wp\/v2\/types\/page"}],"author":[{"embeddable":true,"href":"https:\/\/www.ufpb.br\/inova\/wp-json\/wp\/v2\/users\/47"}],"replies":[{"embeddable":true,"href":"https:\/\/www.ufpb.br\/inova\/wp-json\/wp\/v2\/comments?post=25"}],"version-history":[{"count":3,"href":"https:\/\/www.ufpb.br\/inova\/wp-json\/wp\/v2\/pages\/25\/revisions"}],"predecessor-version":[{"id":1305,"href":"https:\/\/www.ufpb.br\/inova\/wp-json\/wp\/v2\/pages\/25\/revisions\/1305"}],"up":[{"embeddable":true,"href":"https:\/\/www.ufpb.br\/inova\/wp-json\/wp\/v2\/pages\/10"}],"wp:attachment":[{"href":"https:\/\/www.ufpb.br\/inova\/wp-json\/wp\/v2\/media?parent=25"}],"curies":[{"name":"wp","href":"https:\/\/api.w.org\/{rel}","templated":true}]}}