{"id":279,"date":"2025-04-29T11:35:20","date_gmt":"2025-04-29T14:35:20","guid":{"rendered":"https:\/\/www.ufpb.br\/inova\/?page_id=279"},"modified":"2025-05-30T15:30:51","modified_gmt":"2025-05-30T18:30:51","slug":"pontos-focais","status":"publish","type":"page","link":"https:\/\/www.ufpb.br\/inova\/pontos-focais\/","title":{"rendered":"Pontos focais de inova\u00e7\u00e3o"},"content":{"rendered":"\n<p>A incubadora de base tecnol\u00f3gica da UFPB \u00e9 descentralizada e em Rede.<\/p>\n\n\n\n<p><br>Conforme EDITAL 01.2019 &#8211; PROGRAMA DE INCUBA\u00c7\u00c3O DE EMPRESAS DE BASE TECNOL\u00d3GICA est\u00e3o credenciadas os seguintes Pontos focais:<\/p>\n\n\n\n<p><\/p>\n\n\n\n<ol class=\"wp-block-list\">\n<li>Ponto focal no HULW;<\/li>\n\n\n\n<li>Ponto focal no NEPIBIO;<\/li>\n\n\n\n<li>Ponto focal no CEAR;<\/li>\n\n\n\n<li>Ponto focal no CCA;<\/li>\n\n\n\n<li>Ponto focal no CCEN;<\/li>\n\n\n\n<li>Ponto focal no CCTA;<\/li>\n\n\n\n<li>Ponto focal no CI.<\/li>\n<\/ol>\n\n\n\n<p><\/p>\n","protected":false},"excerpt":{"rendered":"<p>A incubadora de base tecnol\u00f3gica da UFPB \u00e9 descentralizada e em Rede. Conforme EDITAL 01.2019 [&hellip;]<\/p>\n","protected":false},"author":270,"featured_media":0,"parent":0,"menu_order":0,"comment_status":"closed","ping_status":"closed","template":"","meta":{"footnotes":""},"class_list":["post-279","page","type-page","status-publish","hentry"],"_links":{"self":[{"href":"https:\/\/www.ufpb.br\/inova\/wp-json\/wp\/v2\/pages\/279","targetHints":{"allow":["GET"]}}],"collection":[{"href":"https:\/\/www.ufpb.br\/inova\/wp-json\/wp\/v2\/pages"}],"about":[{"href":"https:\/\/www.ufpb.br\/inova\/wp-json\/wp\/v2\/types\/page"}],"author":[{"embeddable":true,"href":"https:\/\/www.ufpb.br\/inova\/wp-json\/wp\/v2\/users\/270"}],"replies":[{"embeddable":true,"href":"https:\/\/www.ufpb.br\/inova\/wp-json\/wp\/v2\/comments?post=279"}],"version-history":[{"count":3,"href":"https:\/\/www.ufpb.br\/inova\/wp-json\/wp\/v2\/pages\/279\/revisions"}],"predecessor-version":[{"id":476,"href":"https:\/\/www.ufpb.br\/inova\/wp-json\/wp\/v2\/pages\/279\/revisions\/476"}],"wp:attachment":[{"href":"https:\/\/www.ufpb.br\/inova\/wp-json\/wp\/v2\/media?parent=279"}],"curies":[{"name":"wp","href":"https:\/\/api.w.org\/{rel}","templated":true}]}}