{"id":288,"date":"2025-04-29T11:50:18","date_gmt":"2025-04-29T14:50:18","guid":{"rendered":"https:\/\/www.ufpb.br\/inova\/?page_id=288"},"modified":"2025-08-14T15:52:48","modified_gmt":"2025-08-14T18:52:48","slug":"empresas-incubadas-graduadas","status":"publish","type":"page","link":"https:\/\/www.ufpb.br\/inova\/empresas-incubadas-graduadas\/","title":{"rendered":"Empresas de base tecnol\u00f3gica da UFPB"},"content":{"rendered":"\n<p><\/p>\n\n\n\n<p><\/p>\n\n\n\n<div class=\"wp-block-media-text is-stacked-on-mobile is-vertically-aligned-center is-image-fill-element\"><figure class=\"wp-block-media-text__media\"><img loading=\"lazy\" decoding=\"async\" width=\"499\" height=\"281\" src=\"https:\/\/www.ufpb.br\/inova\/wp-content\/uploads\/sites\/79\/sites\/285\/2025\/04\/YBYInovacoesBio.jpeg\" alt=\"\" class=\"wp-image-289 size-full\" style=\"object-position:5% 70%\" srcset=\"https:\/\/www.ufpb.br\/inova\/wp-content\/uploads\/sites\/79\/sites\/285\/2025\/04\/YBYInovacoesBio.jpeg 499w, https:\/\/www.ufpb.br\/inova\/wp-content\/uploads\/sites\/79\/sites\/285\/2025\/04\/YBYInovacoesBio-300x169.jpeg 300w\" sizes=\"auto, (max-width: 499px) 100vw, 499px\" \/><\/figure><div class=\"wp-block-media-text__content\">\n<p class=\"has-small-font-size\">A <strong>YBY<\/strong> nasce do compromisso com a inova\u00e7\u00e3o sustent\u00e1vel no agroneg\u00f3cio, inspirada pela terra que nos sustenta. Em tupi-guarani, &#8220;YBY&#8221; significa &#8220;terra&#8221; \u2013 o solo f\u00e9rtil que alimenta a vida e \u00e9 a base da nossa atua\u00e7\u00e3o.&nbsp;Somos uma startup especializada no desenvolvimento de inoculantes biol\u00f3gicos, com bact\u00e9rias provenientes da biodiversidade nordestina, que promovem o crescimento de plantas e mitigam estresses ambientais.<\/p>\n\n\n\n<p class=\"has-small-font-size\">Nossos servi\u00e7os incluem consultoria especializada no uso inteligente de inoculantes, com estrat\u00e9gias personalizadas para cada cultura e ambiente, al\u00e9m de avaliar a efic\u00e1cia e compatibilidade de insumos agr\u00edcolas.&nbsp;Na YBY, acreditamos que a inova\u00e7\u00e3o nasce da conex\u00e3o entre a ci\u00eancia e a pr\u00e1tica agr\u00edcola. Nossa equipe est\u00e1 dedicada a criar solu\u00e7\u00f5es que respondam \u00e0s necessidades reais dos produtores, contribuindo para um futuro mais verde e produtivo.<\/p>\n\n\n\n<p><a href=\"https:\/\/ybybiotec.com\/\" target=\"_blank\" rel=\"noreferrer noopener\">YBY &#8211; Inova\u00e7\u00f5es Biotecnol\u00f3gicas &#8211; https:\/\/ybybiotec.com\/<\/a><\/p>\n\n\n\n<p><a href=\"https:\/\/wa.me\/5583986162615\" target=\"_blank\" rel=\"noreferrer noopener\">Contato:&nbsp;https:\/\/wa.me\/5583986162615<\/a><\/p>\n<\/div><\/div>\n\n\n\n<div class=\"wp-block-group is-nowrap is-layout-flex wp-container-core-group-is-layout-ad2f72ca wp-block-group-is-layout-flex\">\n<p><\/p>\n<\/div>\n\n\n\n<div class=\"wp-block-media-text is-stacked-on-mobile\"><figure class=\"wp-block-media-text__media\"><img loading=\"lazy\" decoding=\"async\" width=\"714\" height=\"710\" src=\"http:\/\/www.ufpb.br\/inova\/wp-content\/uploads\/sites\/79\/sites\/285\/2025\/04\/Gracilis.jpeg\" alt=\"\" class=\"wp-image-290 size-full\" srcset=\"https:\/\/www.ufpb.br\/inova\/wp-content\/uploads\/sites\/79\/sites\/285\/2025\/04\/Gracilis.jpeg 714w, https:\/\/www.ufpb.br\/inova\/wp-content\/uploads\/sites\/79\/sites\/285\/2025\/04\/Gracilis-300x298.jpeg 300w, https:\/\/www.ufpb.br\/inova\/wp-content\/uploads\/sites\/79\/sites\/285\/2025\/04\/Gracilis-150x150.jpeg 150w\" sizes=\"auto, (max-width: 714px) 100vw, 714px\" \/><\/figure><div class=\"wp-block-media-text__content\">\n<p class=\"has-small-font-size\">A <strong>Gracilis<\/strong> \u00e9 movida pela paix\u00e3o de criar solu\u00e7\u00f5es inovadoras que harmonizam tecnologia e natureza. Com um foco incans\u00e1vel em pesquisa e desenvolvimento, produzimos bioinseticidas e biorepelentes de \u00faltima gera\u00e7\u00e3o que s\u00e3o n\u00e3o apenas eficazes, mas tamb\u00e9m amigos do ambiente. Acreditamos que a chave para um futuro sustent\u00e1vel est\u00e1 no equil\u00edbrio e respeito pela biodiversidade. Por isso, nossos produtos s\u00e3o desenvolvidos para proteger as culturas agr\u00edcolas e os espa\u00e7os urbanos, reduzindo a depend\u00eancia de qu\u00edmicos nocivos e promovendo a sa\u00fade do ecossistema.&nbsp;Na Gracilis Defender, cada descoberta \u00e9 um passo em dire\u00e7\u00e3o a um mundo mais verde e seguro. Estamos comprometidos com a excel\u00eancia e a inova\u00e7\u00e3o cont\u00ednua, pois sabemos que cada a\u00e7\u00e3o conta na luta contra as amea\u00e7as ambientais.<\/p>\n\n\n\n<p><a href=\"https:\/\/www.instagram.com\/gracilis_defender\/\" target=\"_blank\" rel=\"noreferrer noopener\">Gracilis Defender&nbsp;&#8211; Rede Social<\/a><\/p>\n<\/div><\/div>\n\n\n\n<p><\/p>\n\n\n\n<div class=\"wp-block-media-text is-stacked-on-mobile\"><figure class=\"wp-block-media-text__media\"><img loading=\"lazy\" decoding=\"async\" width=\"1024\" height=\"1024\" src=\"http:\/\/www.ufpb.br\/inova\/wp-content\/uploads\/sites\/79\/sites\/285\/2025\/04\/logo-rigtech-1024x1024.png\" alt=\"\" class=\"wp-image-293 size-full\" srcset=\"https:\/\/www.ufpb.br\/inova\/wp-content\/uploads\/sites\/79\/sites\/285\/2025\/04\/logo-rigtech-1024x1024.png 1024w, https:\/\/www.ufpb.br\/inova\/wp-content\/uploads\/sites\/79\/sites\/285\/2025\/04\/logo-rigtech-300x300.png 300w, https:\/\/www.ufpb.br\/inova\/wp-content\/uploads\/sites\/79\/sites\/285\/2025\/04\/logo-rigtech-150x150.png 150w, https:\/\/www.ufpb.br\/inova\/wp-content\/uploads\/sites\/79\/sites\/285\/2025\/04\/logo-rigtech-768x768.png 768w, https:\/\/www.ufpb.br\/inova\/wp-content\/uploads\/sites\/79\/sites\/285\/2025\/04\/logo-rigtech-1536x1536.png 1536w, https:\/\/www.ufpb.br\/inova\/wp-content\/uploads\/sites\/79\/sites\/285\/2025\/04\/logo-rigtech.png 1563w\" sizes=\"auto, (max-width: 1024px) 100vw, 1024px\" \/><\/figure><div class=\"wp-block-media-text__content\">\n<p class=\"has-small-font-size\">Apesar da tecnologia atual, o monitoramento de grandes \u00e1reas verdes e \u00e1reas de plantio ainda \u00e9 ineficiente e impreciso, resultando em desperd\u00edcio de recursos. A <strong>Rigtech<\/strong> resolve isso com um m\u00e9todo inovador de captura de imagem (utilizando minifoguetes) e intelig\u00eancia artificial, permitindo coleta de dados precisos e an\u00e1lises preditivas. Nossa tecnologia se adapta a diferentes cen\u00e1rios, oferecendo relat\u00f3rios claros e insights valiosos para decis\u00f5es estrat\u00e9gicas.<\/p>\n\n\n\n<p><a href=\"https:\/\/www.instagram.com\/rigtechltda\/\" data-type=\"link\" data-id=\"https:\/\/www.instagram.com\/rigtechltda\/\">RigTech &#8211; Rede Social<\/a><\/p>\n<\/div><\/div>\n\n\n\n<p><\/p>\n\n\n\n<div class=\"wp-block-group\"><div class=\"wp-block-group__inner-container is-layout-constrained wp-block-group-is-layout-constrained\">\n<div class=\"wp-block-media-text is-stacked-on-mobile is-vertically-aligned-bottom\"><figure class=\"wp-block-media-text__media\"><img loading=\"lazy\" decoding=\"async\" width=\"291\" height=\"290\" src=\"http:\/\/www.ufpb.br\/inova\/wp-content\/uploads\/sites\/79\/sites\/285\/2025\/04\/Germina.jpeg\" alt=\"\" class=\"wp-image-301 size-full\" srcset=\"https:\/\/www.ufpb.br\/inova\/wp-content\/uploads\/sites\/79\/sites\/285\/2025\/04\/Germina.jpeg 291w, https:\/\/www.ufpb.br\/inova\/wp-content\/uploads\/sites\/79\/sites\/285\/2025\/04\/Germina-150x150.jpeg 150w\" sizes=\"auto, (max-width: 291px) 100vw, 291px\" \/><\/figure><div class=\"wp-block-media-text__content\">\n<p class=\"has-small-font-size\">A Germina Sert\u00e3o \u00e9 especializada em sistemas de produ\u00e7\u00e3o integrados, com foco em agricultura e piscicultura, com a finalidade de criar solu\u00e7\u00f5es sustent\u00e1veis e circulares que promovam a economia de \u00e1gua, a reutiliza\u00e7\u00e3o de res\u00edduos e a redu\u00e7\u00e3o de custos.<\/p>\n\n\n\n<p class=\"has-small-font-size\">Nossa solu\u00e7\u00e3o em aquaponia consiste na produ\u00e7\u00e3o de alimentos, atrelando o cultivo de hortali\u00e7as e a cria\u00e7\u00e3o de peixes, atrav\u00e9s de um sistema robusto com design modular e adapt\u00e1vel a diversas finalidades, tanto familiar quanto comercial. Oferecemos suporte ao cliente na ideia, constru\u00e7\u00e3o e manuten\u00e7\u00e3o desses sistemas, e garantimos o sucesso do cultivo gra\u00e7as a tecnologia pr\u00f3pria.<\/p>\n\n\n\n<p>Contato: germinasertao@gmail.com<\/p>\n<\/div><\/div>\n\n\n\n<p><\/p>\n<\/div><\/div>\n\n\n\n<div class=\"wp-block-media-text is-stacked-on-mobile is-vertically-aligned-bottom\"><figure class=\"wp-block-media-text__media\"><img loading=\"lazy\" decoding=\"async\" width=\"500\" height=\"500\" src=\"https:\/\/www.ufpb.br\/inova\/wp-content\/uploads\/sites\/79\/sites\/285\/2025\/08\/Design-sem-nome.jpg\" alt=\"\" class=\"wp-image-645 size-full\" srcset=\"https:\/\/www.ufpb.br\/inova\/wp-content\/uploads\/sites\/79\/sites\/285\/2025\/08\/Design-sem-nome.jpg 500w, https:\/\/www.ufpb.br\/inova\/wp-content\/uploads\/sites\/79\/sites\/285\/2025\/08\/Design-sem-nome-300x300.jpg 300w, https:\/\/www.ufpb.br\/inova\/wp-content\/uploads\/sites\/79\/sites\/285\/2025\/08\/Design-sem-nome-150x150.jpg 150w\" sizes=\"auto, (max-width: 500px) 100vw, 500px\" \/><\/figure><div class=\"wp-block-media-text__content\">\n<p class=\"has-small-font-size\">A Aversari desenvolve solu\u00e7\u00f5es tecnol\u00f3gicas inovadoras para sensoriamento remoto, automa\u00e7\u00e3o e monitoramento ambiental, integrando engenharia aeroespacial, instrumenta\u00e7\u00e3o cient\u00edfica e an\u00e1lise de dados. <br>Atua desde a concep\u00e7\u00e3o e prototipagem at\u00e9 a fabrica\u00e7\u00e3o de plataformas para coleta e processamento de informa\u00e7\u00f5es em campo, aplic\u00e1veis em agricultura de precis\u00e3o, mapeamento territorial e iniciativas de restaura\u00e7\u00e3o ambiental. Combinando pesquisa aplicada, fabrica\u00e7\u00e3o pr\u00f3pria e flexibilidade de integra\u00e7\u00e3o, entrega sistemas de alto desempenho adaptados \u00e0s necessidades de clientes e parceiros.<\/p>\n\n\n\n<p class=\"has-small-font-size\"><\/p>\n\n\n\n<p><a href=\"https:\/\/www.instagram.com\/aversarioficial\" data-type=\"link\" data-id=\"https:\/\/www.instagram.com\/aversarioficial\">Aversari &#8211; Rede Social<\/a><\/p>\n<\/div><\/div>\n\n\n\n<p><\/p>\n\n\n\n<div class=\"wp-block-media-text is-stacked-on-mobile\"><figure class=\"wp-block-media-text__media\"><img loading=\"lazy\" decoding=\"async\" width=\"200\" height=\"200\" src=\"http:\/\/www.ufpb.br\/inova\/wp-content\/uploads\/sites\/79\/sites\/285\/2025\/04\/mindsun_logo.jpg\" alt=\"\" class=\"wp-image-294 size-full\" srcset=\"https:\/\/www.ufpb.br\/inova\/wp-content\/uploads\/sites\/79\/sites\/285\/2025\/04\/mindsun_logo.jpg 200w, https:\/\/www.ufpb.br\/inova\/wp-content\/uploads\/sites\/79\/sites\/285\/2025\/04\/mindsun_logo-150x150.jpg 150w\" sizes=\"auto, (max-width: 200px) 100vw, 200px\" \/><\/figure><div class=\"wp-block-media-text__content\">\n<p class=\"has-small-font-size\">Primeira startup <strong>graduada<\/strong> pela Universidade Federal da Para\u00edba (UFPB), <strong>MindSun<\/strong> usa a gest\u00e3o inteligente de energia e facilita o acesso a energias renov\u00e1veis, para reduzir os custos da sua ind\u00fastria! Atrav\u00e9s da gest\u00e3o e monitoramento inteligente de energia, e facilitando o acesso a energias renov\u00e1veis, ajudamos empresas e ind\u00fastrias a reduzirem custos em eletricidade. Nossa tecnologia identifica onde est\u00e3o as oportunidades de economia e pontos de inefici\u00eancia em m\u00e1quinas e setores dos empreendimentos, fazendo diagn\u00f3sticos que v\u00e3o promover uma melhor efici\u00eancia energ\u00e9tica.<\/p>\n\n\n\n<p><a href=\"https:\/\/mindsunbr.com\/\" data-type=\"link\" data-id=\"https:\/\/mindsunbr.com\/\">Mindsun<\/a> &#8211; <a href=\"https:\/\/mindsunbr.com\/\">https:\/\/mindsunbr.com\/<\/a><\/p>\n\n\n\n<p><a href=\"https:\/\/www.linkedin.com\/company\/mindsun\/\" data-type=\"link\" data-id=\"https:\/\/www.linkedin.com\/company\/mindsun\/\">Contato: @mindsun.br<\/a><\/p>\n<\/div><\/div>\n\n\n\n<p><\/p>\n","protected":false},"excerpt":{"rendered":"<p>A YBY nasce do compromisso com a inova\u00e7\u00e3o sustent\u00e1vel no agroneg\u00f3cio, inspirada pela terra que [&hellip;]<\/p>\n","protected":false},"author":270,"featured_media":0,"parent":0,"menu_order":0,"comment_status":"closed","ping_status":"closed","template":"","meta":{"footnotes":""},"class_list":["post-288","page","type-page","status-publish","hentry"],"_links":{"self":[{"href":"https:\/\/www.ufpb.br\/inova\/wp-json\/wp\/v2\/pages\/288","targetHints":{"allow":["GET"]}}],"collection":[{"href":"https:\/\/www.ufpb.br\/inova\/wp-json\/wp\/v2\/pages"}],"about":[{"href":"https:\/\/www.ufpb.br\/inova\/wp-json\/wp\/v2\/types\/page"}],"author":[{"embeddable":true,"href":"https:\/\/www.ufpb.br\/inova\/wp-json\/wp\/v2\/users\/270"}],"replies":[{"embeddable":true,"href":"https:\/\/www.ufpb.br\/inova\/wp-json\/wp\/v2\/comments?post=288"}],"version-history":[{"count":20,"href":"https:\/\/www.ufpb.br\/inova\/wp-json\/wp\/v2\/pages\/288\/revisions"}],"predecessor-version":[{"id":647,"href":"https:\/\/www.ufpb.br\/inova\/wp-json\/wp\/v2\/pages\/288\/revisions\/647"}],"wp:attachment":[{"href":"https:\/\/www.ufpb.br\/inova\/wp-json\/wp\/v2\/media?parent=288"}],"curies":[{"name":"wp","href":"https:\/\/api.w.org\/{rel}","templated":true}]}}