{"id":304,"date":"2025-04-30T15:59:54","date_gmt":"2025-04-30T18:59:54","guid":{"rendered":"https:\/\/www.ufpb.br\/inova\/?page_id=304"},"modified":"2025-05-22T11:52:21","modified_gmt":"2025-05-22T14:52:21","slug":"edital-de-incubacao","status":"publish","type":"page","link":"https:\/\/www.ufpb.br\/inova\/edital-de-incubacao\/","title":{"rendered":"Edital de incuba\u00e7\u00e3o"},"content":{"rendered":"\n<p><\/p>\n\n\n\n<ul class=\"wp-block-list\">\n<li><a href=\"https:\/\/www.ufpb.br\/inova\/edital-de-incubacao\/conheca-o-passo-a-passo-para-incubacao\/\" data-type=\"page\" data-id=\"491\">Conhe\u00e7a o passo a passo para Incuba\u00e7\u00e3o<\/a><\/li>\n\n\n\n<li><a href=\"https:\/\/www.ufpb.br\/inova\/edital-de-incubacao\/conheca-o-edital-de-incubacao\/\" data-type=\"page\" data-id=\"494\">Conhe\u00e7a o Edital de Incuba\u00e7\u00e3o<\/a><\/li>\n<\/ul>\n\n\n\n<p><\/p>\n","protected":false},"excerpt":{"rendered":"","protected":false},"author":270,"featured_media":0,"parent":0,"menu_order":0,"comment_status":"closed","ping_status":"closed","template":"","meta":{"footnotes":""},"class_list":["post-304","page","type-page","status-publish","hentry"],"_links":{"self":[{"href":"https:\/\/www.ufpb.br\/inova\/wp-json\/wp\/v2\/pages\/304","targetHints":{"allow":["GET"]}}],"collection":[{"href":"https:\/\/www.ufpb.br\/inova\/wp-json\/wp\/v2\/pages"}],"about":[{"href":"https:\/\/www.ufpb.br\/inova\/wp-json\/wp\/v2\/types\/page"}],"author":[{"embeddable":true,"href":"https:\/\/www.ufpb.br\/inova\/wp-json\/wp\/v2\/users\/270"}],"replies":[{"embeddable":true,"href":"https:\/\/www.ufpb.br\/inova\/wp-json\/wp\/v2\/comments?post=304"}],"version-history":[{"count":5,"href":"https:\/\/www.ufpb.br\/inova\/wp-json\/wp\/v2\/pages\/304\/revisions"}],"predecessor-version":[{"id":496,"href":"https:\/\/www.ufpb.br\/inova\/wp-json\/wp\/v2\/pages\/304\/revisions\/496"}],"wp:attachment":[{"href":"https:\/\/www.ufpb.br\/inova\/wp-json\/wp\/v2\/media?parent=304"}],"curies":[{"name":"wp","href":"https:\/\/api.w.org\/{rel}","templated":true}]}}