{"id":342,"date":"2025-05-07T16:21:52","date_gmt":"2025-05-07T19:21:52","guid":{"rendered":"https:\/\/www.ufpb.br\/inova\/?page_id=342"},"modified":"2025-05-13T14:43:55","modified_gmt":"2025-05-13T17:43:55","slug":"legislacao","status":"publish","type":"page","link":"https:\/\/www.ufpb.br\/inova\/legislacao\/","title":{"rendered":"Legisla\u00e7\u00e3o"},"content":{"rendered":"\n<p><\/p>\n\n\n\n<p><\/p>\n\n\n\n<ul class=\"wp-block-list\">\n<li><strong>Resolu\u00e7\u00f5es internas &#8211; Universidade Federal da Para\u00edba<\/strong><\/li>\n<\/ul>\n\n\n\n<div class=\"wp-block-file\"><a id=\"wp-block-file--media-ed8530fa-e242-4c81-961f-fd849cc0c61e\" href=\"http:\/\/www.ufpb.br\/inova\/wp-content\/uploads\/sites\/79\/sites\/285\/2025\/05\/Resolucao-41_2013-CRIACAO-INOVA.pdf\">Cria\u00e7\u00e3o da Ag\u00eancia UFPB de Inova\u00e7\u00e3o Tecnol\u00f3gica &#8211; INOVA UFPB &#8211; Resolu\u00e7\u00e3o CONSUNI\/UFPB n\u00ba 41\/2013<\/a><a href=\"http:\/\/www.ufpb.br\/inova\/wp-content\/uploads\/sites\/79\/sites\/285\/2025\/05\/Resolucao-41_2013-CRIACAO-INOVA.pdf\" class=\"wp-block-file__button wp-element-button\" download aria-describedby=\"wp-block-file--media-ed8530fa-e242-4c81-961f-fd849cc0c61e\">Baixar<\/a><\/div>\n\n\n\n<div class=\"wp-block-file\"><a id=\"wp-block-file--media-3c64f65d-5241-430e-9b59-5fe164d70203\" href=\"http:\/\/www.ufpb.br\/inova\/wp-content\/uploads\/sites\/79\/sites\/285\/2025\/05\/REGIMENTO-INOVA-Res08_2014_Consuni.pdf\">Regimento da INOVA UFPB &#8211; Resolu\u00e7\u00e3o CONSUNI\/UFPB n\u00ba 08\/2014<\/a><a href=\"http:\/\/www.ufpb.br\/inova\/wp-content\/uploads\/sites\/79\/sites\/285\/2025\/05\/REGIMENTO-INOVA-Res08_2014_Consuni.pdf\" class=\"wp-block-file__button wp-element-button\" download aria-describedby=\"wp-block-file--media-3c64f65d-5241-430e-9b59-5fe164d70203\">Baixar<\/a><\/div>\n\n\n\n<div class=\"wp-block-file\"><a id=\"wp-block-file--media-d3af82bd-3a0f-4ad3-94b6-aade45309459\" href=\"http:\/\/www.ufpb.br\/inova\/wp-content\/uploads\/sites\/79\/sites\/285\/2025\/05\/Runi04_2015-Premio-Delby.pdf\">Pr\u00eamio Delby Fernandes &#8211; Resolu\u00e7\u00e3o CONSUNI\/UFPB n\u00ba 04\/2015<\/a><a href=\"http:\/\/www.ufpb.br\/inova\/wp-content\/uploads\/sites\/79\/sites\/285\/2025\/05\/Runi04_2015-Premio-Delby.pdf\" class=\"wp-block-file__button wp-element-button\" download aria-describedby=\"wp-block-file--media-d3af82bd-3a0f-4ad3-94b6-aade45309459\">Baixar<\/a><\/div>\n\n\n\n<div class=\"wp-block-file\"><a id=\"wp-block-file--media-e320ecca-0815-48f7-a316-001636a59b8b\" href=\"http:\/\/www.ufpb.br\/inova\/wp-content\/uploads\/sites\/79\/sites\/285\/2025\/05\/consuni.02.2019-Incubacao.pdf\">Regulamenta a atividade de incuba\u00e7\u00e3o empresarial &#8211; Resolu\u00e7\u00e3o CONSUNI\/UFPB n\u00ba 02\/2019<\/a><a href=\"http:\/\/www.ufpb.br\/inova\/wp-content\/uploads\/sites\/79\/sites\/285\/2025\/05\/consuni.02.2019-Incubacao.pdf\" class=\"wp-block-file__button wp-element-button\" download aria-describedby=\"wp-block-file--media-e320ecca-0815-48f7-a316-001636a59b8b\">Baixar<\/a><\/div>\n\n\n\n<div class=\"wp-block-file\"><a id=\"wp-block-file--media-390074e7-4f92-4930-b08e-5d3dfce5ddb7\" href=\"http:\/\/www.ufpb.br\/inova\/wp-content\/uploads\/sites\/79\/sites\/285\/2025\/05\/RES-18_2017-POLITICA-DE-PI_INOVACAO_UFPB.pdf\">Pol\u00edtica de Propriedade Intelectual e Inova\u00e7\u00e3o da UFPB &#8211; Resolu\u00e7\u00e3o CONSUNI\/UFPB n\u00ba 18\/2017<\/a><a href=\"http:\/\/www.ufpb.br\/inova\/wp-content\/uploads\/sites\/79\/sites\/285\/2025\/05\/RES-18_2017-POLITICA-DE-PI_INOVACAO_UFPB.pdf\" class=\"wp-block-file__button wp-element-button\" download aria-describedby=\"wp-block-file--media-390074e7-4f92-4930-b08e-5d3dfce5ddb7\">Baixar<\/a><\/div>\n\n\n\n<p><\/p>\n\n\n\n<p><\/p>\n\n\n\n<ul class=\"wp-block-list\">\n<li><strong>Legisla\u00e7\u00e3o Federal<\/strong><\/li>\n<\/ul>\n\n\n\n<p><a href=\"https:\/\/www.planalto.gov.br\/ccivil_03\/_ato2004-2006\/2004\/lei\/L10.973compilado.htm\" data-type=\"link\" data-id=\"https:\/\/www.planalto.gov.br\/ccivil_03\/_ato2004-2006\/2004\/lei\/L10.973compilado.htm\">LEI N\u00ba 10.973, DE 2 DE DEZEMBRO DE 2004<\/a><\/p>\n\n\n\n<p class=\"has-small-font-size\">Lei de Inova\u00e7\u00e3o &#8211; Disp\u00f5e sobre incentivos \u00e0 inova\u00e7\u00e3o e \u00e0 pesquisa cient\u00edfica e tecnol\u00f3gica no ambiente produtivo e d\u00e1 outras provid\u00eancias.<\/p>\n\n\n\n<p><a href=\"https:\/\/www.planalto.gov.br\/ccivil_03\/_ato2015-2018\/2018\/decreto\/d9283.htm\" data-type=\"link\" data-id=\"https:\/\/www.planalto.gov.br\/ccivil_03\/_ato2015-2018\/2018\/decreto\/d9283.htm\">DECRETO N\u00ba 9.283, DE 7 DE FEVEREIRO DE 2018<\/a><\/p>\n\n\n\n<p class=\"has-small-font-size\">Regulamenta a Lei n\u00ba 10.973, de 2 de dezembro de 2004.<\/p>\n\n\n\n<p><a href=\"https:\/\/www.planalto.gov.br\/ccivil_03\/leis\/l9279.htm\" data-type=\"link\" data-id=\"https:\/\/www.planalto.gov.br\/ccivil_03\/leis\/l9279.htm\">LEI N\u00ba 9.279, DE 14 DE MAIO DE 1996<\/a><\/p>\n\n\n\n<p class=\"has-small-font-size\">Regula direitos e obriga\u00e7\u00f5es relativos \u00e0 propriedade industrial.<\/p>\n\n\n\n<p><a href=\"https:\/\/www.planalto.gov.br\/ccivil_03\/leis\/l9609.htm\" data-type=\"link\" data-id=\"https:\/\/www.planalto.gov.br\/ccivil_03\/leis\/l9609.htm\">LEI N\u00ba 9.609 , DE 19 DE FEVEREIRO DE 1998.<\/a><\/p>\n\n\n\n<p class=\"has-small-font-size\">Disp\u00f5e sobre a prote\u00e7\u00e3o da propriedade intelectual de programa de computador, sua comercializa\u00e7\u00e3o no Pa\u00eds, e d\u00e1 outras provid\u00eancias.<\/p>\n\n\n\n<p><a href=\"https:\/\/www.planalto.gov.br\/ccivil_03\/leis\/l9610.htm\" data-type=\"link\" data-id=\"https:\/\/www.planalto.gov.br\/ccivil_03\/leis\/l9610.htm\">LEI N\u00ba 9.610, DE 19 DE FEVEREIRO DE 1998.<\/a><\/p>\n\n\n\n<p class=\"has-small-font-size\">Altera, atualiza e consolida a legisla\u00e7\u00e3o sobre direitos autorais e d\u00e1 outras provid\u00eancias.<\/p>\n\n\n\n<p><a href=\"https:\/\/www.planalto.gov.br\/ccivil_03\/_ato2015-2018\/2015\/lei\/l13123.htm\" data-type=\"link\" data-id=\"https:\/\/www.planalto.gov.br\/ccivil_03\/_ato2015-2018\/2015\/lei\/l13123.htm\">LEI N\u00ba 13.123, DE 20 DE MAIO DE 2015.<\/a><\/p>\n\n\n\n<p class=\"has-small-font-size\">Disp\u00f5e sobre o acesso ao patrim\u00f4nio gen\u00e9tico, sobre a prote\u00e7\u00e3o e o acesso ao conhecimento tradicional associado e sobre a reparti\u00e7\u00e3o de benef\u00edcios para conserva\u00e7\u00e3o e uso sustent\u00e1vel da biodiversidade<\/p>\n\n\n\n<p><a href=\"https:\/\/www.planalto.gov.br\/ccivil_03\/_ato2007-2010\/2007\/lei\/L11484compilado.htm\">LEI N\u00ba 11.484, DE 31 DE MAIO DE 2007.<\/a><\/p>\n\n\n\n<p class=\"has-small-font-size\">Disp\u00f5e sobre os incentivos \u00e0s ind\u00fastrias de equipamentos para TV Digital e de componentes eletr\u00f4nicos semicondutores e sobre a prote\u00e7\u00e3o \u00e0 propriedade intelectual das topografias de circuitos integrados, instituindo o Programa de Apoio ao Desenvolvimento Tecnol\u00f3gico da Ind\u00fastria de Semicondutores \u2013 PADIS e o Programa de Apoio ao Desenvolvimento Tecnol\u00f3gico da Ind\u00fastria de Equipamentos para a TV Digital \u2013 PATVD<\/p>\n\n\n\n<p><a href=\"https:\/\/www.planalto.gov.br\/ccivil_03\/_ato2004-2006\/2005\/lei\/L11196compilado.htm\" data-type=\"link\" data-id=\"https:\/\/www.planalto.gov.br\/ccivil_03\/_ato2004-2006\/2005\/lei\/L11196compilado.htm\">LEI N\u00ba 11.196, DE 21 DE NOVEMBRO DE 2005.<\/a><\/p>\n\n\n\n<p class=\"has-small-font-size\">Lei do Bem &#8211; Disp\u00f5e sobre incentivos fiscais para a inova\u00e7\u00e3o tecnol\u00f3gica entre outros assuntos<\/p>\n\n\n\n<p><a href=\"https:\/\/www.planalto.gov.br\/ccivil_03\/_ato2004-2006\/2006\/decreto\/d5798.htm\" data-type=\"link\" data-id=\"https:\/\/www.planalto.gov.br\/ccivil_03\/_ato2004-2006\/2006\/decreto\/d5798.htm\">DECRETO N\u00ba 5.798, DE 7 DE JUNHO DE 2006.<\/a><\/p>\n\n\n\n<p class=\"has-small-font-size\">Regulamenta os incentivos fiscais \u00e0s atividades de pesquisa tecnol\u00f3gica e desenvolvimento de inova\u00e7\u00e3o tecnol\u00f3gica, de que tratam os arts. 17 a 26 da Lei no 11.196, de 21 de novembro de 2005.<\/p>\n\n\n\n<p><\/p>\n\n\n\n<p><\/p>\n\n\n\n<ul class=\"wp-block-list\">\n<li><strong>Legisla\u00e7\u00e3o Estadual<\/strong> &#8211; Para\u00edba<\/li>\n<\/ul>\n\n\n\n<p><a href=\"https:\/\/sapl3.al.pb.leg.br\/norma\/14855\" data-type=\"link\" data-id=\"https:\/\/sapl3.al.pb.leg.br\/norma\/14855\">LEI ORDIN\u00c1RIA N\u00ba 12.191, DE 12 DE JANEIRO DE 2022<\/a><\/p>\n\n\n\n<p class=\"has-small-font-size\">Disp\u00f5e sobre est\u00edmulos ao desenvolvimento cient\u00edfico, \u00e0 pesquisa, \u00e0 capacita\u00e7\u00e3o cient\u00edfica e tecnol\u00f3gica e \u00e0 inova\u00e7\u00e3o no estado da para\u00edba, nos termos da lei federal n\u00ba 10.973, de 02 de dezembro de 2004, e da lei federal n\u00ba 13.243, de 11 de janeiro de 2016, e d\u00e1 outras provid\u00eancias.<\/p>\n\n\n\n<p><\/p>\n\n\n\n<p><\/p>\n\n\n\n<p><\/p>\n\n\n\n<ul class=\"wp-block-list\">\n<li><strong>Legisla\u00e7\u00e3o Municipal <\/strong>&#8211; Jo\u00e3o Pessoa<\/li>\n<\/ul>\n\n\n\n<p><a href=\"https:\/\/sapl.joaopessoa.pb.leg.br\/norma\/18482\" data-type=\"link\" data-id=\"https:\/\/sapl.joaopessoa.pb.leg.br\/norma\/18482\">LEI MUNICIPAL N\u00ba 14.092, DE 30 DE DEZEMBRO DE 2020<\/a><\/p>\n\n\n\n<p class=\"has-small-font-size\">Disp\u00f5e sobre as regras para constitui\u00e7\u00e3o e funcionamento de ambiente regulat\u00f3rio experimental (sandbox regulat\u00f3rio) no munic\u00edpio de jo\u00e3o pessoa.<\/p>\n\n\n\n<p><a href=\"https:\/\/sapl.joaopessoa.pb.leg.br\/norma\/17950\" data-type=\"link\" data-id=\"https:\/\/sapl.joaopessoa.pb.leg.br\/norma\/17950\">LEI COMPLEMENTAR MUNICIPAL N\u00ba 113, DE 29 DE DEZEMBRO DE 2017<\/a><\/p>\n\n\n\n<p class=\"has-small-font-size\">Altera dispositivos da lei complementar n\u00b0 53, de 23 de dezembro de 2008, e d\u00e1 outras provid\u00eancias. Incentivo fiscal para diversos setores (Extremotec, Sa\u00fade, Publicidade e Propaganda etc)<\/p>\n","protected":false},"excerpt":{"rendered":"<p>LEI N\u00ba 10.973, DE 2 DE DEZEMBRO DE 2004 Lei de Inova\u00e7\u00e3o &#8211; Disp\u00f5e sobre [&hellip;]<\/p>\n","protected":false},"author":270,"featured_media":0,"parent":0,"menu_order":0,"comment_status":"closed","ping_status":"closed","template":"","meta":{"footnotes":""},"class_list":["post-342","page","type-page","status-publish","hentry"],"_links":{"self":[{"href":"https:\/\/www.ufpb.br\/inova\/wp-json\/wp\/v2\/pages\/342","targetHints":{"allow":["GET"]}}],"collection":[{"href":"https:\/\/www.ufpb.br\/inova\/wp-json\/wp\/v2\/pages"}],"about":[{"href":"https:\/\/www.ufpb.br\/inova\/wp-json\/wp\/v2\/types\/page"}],"author":[{"embeddable":true,"href":"https:\/\/www.ufpb.br\/inova\/wp-json\/wp\/v2\/users\/270"}],"replies":[{"embeddable":true,"href":"https:\/\/www.ufpb.br\/inova\/wp-json\/wp\/v2\/comments?post=342"}],"version-history":[{"count":9,"href":"https:\/\/www.ufpb.br\/inova\/wp-json\/wp\/v2\/pages\/342\/revisions"}],"predecessor-version":[{"id":470,"href":"https:\/\/www.ufpb.br\/inova\/wp-json\/wp\/v2\/pages\/342\/revisions\/470"}],"wp:attachment":[{"href":"https:\/\/www.ufpb.br\/inova\/wp-json\/wp\/v2\/media?parent=342"}],"curies":[{"name":"wp","href":"https:\/\/api.w.org\/{rel}","templated":true}]}}