{"id":393,"date":"2025-05-08T11:44:03","date_gmt":"2025-05-08T14:44:03","guid":{"rendered":"https:\/\/www.ufpb.br\/inova\/?page_id=393"},"modified":"2026-01-22T16:58:04","modified_gmt":"2026-01-22T19:58:04","slug":"premiados-em-2017","status":"publish","type":"page","link":"https:\/\/www.ufpb.br\/inova\/premio-delby-medeiros\/premiados-em-2017\/","title":{"rendered":"Premiados em 2017"},"content":{"rendered":"\n<p>Premia\u00e7\u00e3o referente \u00e0s cria\u00e7\u00f5es protegidas em 2016 pela INOVA-UFPB.<\/p>\n\n\n\n<figure class=\"wp-block-gallery has-nested-images columns-default is-cropped wp-block-gallery-1 is-layout-flex wp-block-gallery-is-layout-flex\">\n<figure class=\"wp-block-image size-large\"><img loading=\"lazy\" decoding=\"async\" width=\"748\" height=\"497\" data-id=\"394\" src=\"https:\/\/www.ufpb.br\/inova\/wp-content\/uploads\/sites\/79\/sites\/285\/2025\/05\/2017-1.jpeg\" alt=\"\" class=\"wp-image-394\" srcset=\"https:\/\/www.ufpb.br\/inova\/wp-content\/uploads\/sites\/79\/sites\/285\/2025\/05\/2017-1.jpeg 748w, https:\/\/www.ufpb.br\/inova\/wp-content\/uploads\/sites\/79\/sites\/285\/2025\/05\/2017-1-300x199.jpeg 300w, https:\/\/www.ufpb.br\/inova\/wp-content\/uploads\/sites\/79\/sites\/285\/2025\/05\/2017-1-272x182.jpeg 272w\" sizes=\"auto, (max-width: 748px) 100vw, 748px\" \/><\/figure>\n\n\n\n<figure class=\"wp-block-image size-large\"><img loading=\"lazy\" decoding=\"async\" width=\"748\" height=\"497\" data-id=\"395\" src=\"https:\/\/www.ufpb.br\/inova\/wp-content\/uploads\/sites\/79\/sites\/285\/2025\/05\/2017-3.jpeg\" alt=\"\" class=\"wp-image-395\" srcset=\"https:\/\/www.ufpb.br\/inova\/wp-content\/uploads\/sites\/79\/sites\/285\/2025\/05\/2017-3.jpeg 748w, https:\/\/www.ufpb.br\/inova\/wp-content\/uploads\/sites\/79\/sites\/285\/2025\/05\/2017-3-300x199.jpeg 300w, https:\/\/www.ufpb.br\/inova\/wp-content\/uploads\/sites\/79\/sites\/285\/2025\/05\/2017-3-272x182.jpeg 272w\" sizes=\"auto, (max-width: 748px) 100vw, 748px\" \/><\/figure>\n\n\n\n<figure class=\"wp-block-image size-large\"><img loading=\"lazy\" decoding=\"async\" width=\"748\" height=\"497\" data-id=\"396\" src=\"https:\/\/www.ufpb.br\/inova\/wp-content\/uploads\/sites\/79\/sites\/285\/2025\/05\/2017-2.jpeg\" alt=\"\" class=\"wp-image-396\" srcset=\"https:\/\/www.ufpb.br\/inova\/wp-content\/uploads\/sites\/79\/sites\/285\/2025\/05\/2017-2.jpeg 748w, https:\/\/www.ufpb.br\/inova\/wp-content\/uploads\/sites\/79\/sites\/285\/2025\/05\/2017-2-300x199.jpeg 300w, https:\/\/www.ufpb.br\/inova\/wp-content\/uploads\/sites\/79\/sites\/285\/2025\/05\/2017-2-272x182.jpeg 272w\" sizes=\"auto, (max-width: 748px) 100vw, 748px\" \/><\/figure>\n<\/figure>\n\n\n\n<p><\/p>\n\n\n\n<p><strong>CATEGORIA PATENTES:<\/strong><\/p>\n\n\n\n<p>1.&#8221;PROCESSO DE OBTEN\u00c7\u00c3O DE ZE\u00d3LITAS SINT\u00c9TICAS ORGANOF\u00cdLICAS A PARTIR DE METACAULIM PARA APLICA\u00c7\u00c3O COMO AGENTE VISCOSIFICANTE EM FLUIDOS DE PERFURA\u00c7\u00c3O BASE \u00d3LEO&#8221; (BR102016009197-7) &#8211; Inventores:&nbsp;Fabiana Kelly&nbsp;de Medeiros,&nbsp;Camila Tavares Brasileiro,&nbsp;Ayane Maria Teixeira Rodrigues,&nbsp;Hevair Castro Silva,&nbsp;Heber Sivini Ferreira.<\/p>\n\n\n\n<p>2.&#8221;DESENVOLVIMENTO E CARACTER\u00cdSTICAS DE UM FLUIDO DE PERFURA\u00c7\u00c3O MICROEMULSIONADO A BASE DE GLICERINA&#8221; (BR102016019048 -7) &#8211; Inventores:&nbsp;Fabiola Dias&nbsp;da Silva Curbelo,&nbsp;Alfredo Ismael Curbelo Garnica,&nbsp;J\u00falio C\u00e9zar&nbsp;de Oliveira Freitas,&nbsp;Roxana Pereira Fernandes&nbsp;de Sousa,&nbsp;Glauco Soares Braga.<\/p>\n\n\n\n<p>3.&#8221;COMPOSTOS FARMAC\u00caUTICOS AN\u00c1LOGOS DA PIPERINA PARA TRATAMENTO DO C\u00c2NCER&#8221; (BR102016 019918- 2) &#8211; Inventores:&nbsp;Petr\u00f4nio Filgueiras&nbsp;de Athayde Filho,&nbsp;&nbsp;Jos\u00e9 Maria Barbosa Filho,&nbsp;Bruno Freitas Lira,&nbsp;Jephesson Alex Floriano&nbsp;dos Santos,&nbsp;Marianna Vieira Sobral,&nbsp;Normando Alexandre&nbsp;da Silva Costa,&nbsp;Sergio Sim\u00f5es Sorrentino,&nbsp;Tatyanna K\u00e9lvia Gomes&nbsp;de Sousa,&nbsp;Helivaldo Di\u00f3genes da Silva Souza.<\/p>\n\n\n\n<p>4.&#8221;M\u00c9TODOS DE PROCESSAMENTO DE LIGAS DE MEM\u00d3RIA DE FORMA DE CU-AL-BE-CR&#8221; (BR102016020568-9) &#8211; Inventores:&nbsp;Breno Henrique&nbsp;da Silva Andrade,&nbsp;Tadeu Ant\u00f4nio&nbsp;de Azevedo Melo,&nbsp;Rodinei Medeiros Gomes,&nbsp;Severino Jackson Guedes&nbsp;de Lima,&nbsp;Gemierson Valois&nbsp;da Mota C\u00e2ndido,&nbsp;Danniel Ferreira&nbsp;de Oliveira,&nbsp;Rafael Evaristo Calu\u00eate.<\/p>\n\n\n\n<p>5.&#8221;DOADOR DE \u00d3XIDO N\u00cdTRICO PARA O TRATAMENTO DE&nbsp;HIPERTENS\u00c3O ARTERIAL&#8221; (BR102016 020572 -7) &#8211; Inventores:&nbsp;Valdir&nbsp;de Andrade Braga,&nbsp;Petr\u00f4nio Filgueiras&nbsp;de Athayde Filho,&nbsp;Drielle Dantas Guimar\u00e3es,&nbsp;Maria Cl\u00e1udia Rodrigues Brand\u00e3o,&nbsp;Le\u00f4nidas&nbsp;das Gra\u00e7as Mendes J\u00fanior.<\/p>\n\n\n\n<p>6.&#8221;COMPOSTO ORG\u00c2NICO S\u00cdNTETICO PARA COMBATER DOENCAS F\u00daNGICAS&#8221; (BR102016022579 -5) &#8211; Inventores:&nbsp;Petr\u00f4nio Filgueiras&nbsp;de Athayde Filho,&nbsp;Jos\u00e9 Maria Barbosa Filho,&nbsp;Helivaldo Di\u00f3genes&nbsp;da Silva Souza,&nbsp;Bruno Freitas Lira,&nbsp;Priscila Santos Vieira&nbsp;de Lima.<\/p>\n\n\n\n<p>7.&#8221;FORMULA\u00c7\u00c3O E PRODU\u00c7\u00c3O DE FERMENTADOS L\u00c1CTEOS SIMBI\u00d3TICOS PRODUZIDOS A PARTIR DE LINHA\u00c7A (LINUM USITATISSIMUM L.) E\/OU RES\u00cdDUOS DO BENEFICIAMENTO DO MARACUJ\u00c1 AMARELO (PASSIFLORA EDULIS VAR. FLAVICARPA O. DEG.)&#8221; (BR102016022442- 0) &#8211; Inventores:&nbsp;Vanessa Barbosa Bomfim,&nbsp;Rosyris Prud\u00eancio Diniz Pereira,&nbsp;Fl\u00e1via&nbsp;de Oliveira Paulino.<\/p>\n\n\n\n<p>8.&#8221;PROCESSO EXTRATIVO COM SOLVENTE DE ELEVADO GRAU DE POLARIDADE DE FOLHAS, CAULES E RA\u00cdZES DE CISSAMPELOS SYMPODIALIS PARA COMPOSI\u00c7\u00c3O&nbsp;FARMAC\u00caUTICA E NUTRAC\u00caUTICA&#8221;&nbsp;(BR102016023186-8) &#8211; Inventores:&nbsp;Mateus Feitosa Alves,&nbsp;S\u00f3crates Golzio&nbsp;dos Santos,&nbsp;Margareth&nbsp;de F\u00e1tima Formiga Melo Diniz,&nbsp;Marcus Tullius Scotti.<\/p>\n\n\n\n<p>9.&#8221;IDENTIFICADOR DE CORES DE SUPERF\u00cdCIES COM RETORNO EM \u00c1UDIO&#8221;&nbsp;(BR102016023255-4) &#8211; Inventores:&nbsp;Raylle Cordeiro&nbsp;da N\u00f3brega,&nbsp;Hallyson Matias&nbsp;de Oliveira,&nbsp;Mattheus Teixeira Marques Moureira,&nbsp;Adan Miller Agostinho Pereira,&nbsp;Euler Cassio Tavares&nbsp;de Mac\u00eado.<\/p>\n\n\n\n<p>10.&#8221;M\u00c9TODO DE FABRICA\u00c7\u00c3O DE SURIMI COM CARNE DE R\u00c3 TOURO&#8221; (BR102016024450-1) &#8211; Inventores:&nbsp;Sinara Pereira Fragoso,&nbsp;Carlos Alberto&nbsp;de Almeida Gadelha,&nbsp;Tatiane Santi Gadelha,&nbsp;Alex Poeta Casali,&nbsp;Raquel Fragoso Pereira,&nbsp;Ant\u00f4nio Rosendo&nbsp;da Costa,&nbsp;Yvana Maria Gomes&nbsp;dos Santos.<\/p>\n\n\n\n<p>11.&#8221;PROCESSO PARA OBTEN\u00c7\u00c3O DE \u00d3XIDOS MISTOS DE C\u00c1LCIO E COBALTO USANDO CONCHAS DE MOLUSCOS BIVALVES&#8221; (BR102016024465-0) &#8211; Inventores:&nbsp;Erik Benigno Grisi&nbsp;de Ara\u00fajo Fulg\u00eancio,&nbsp;Klivia Pricillia&nbsp;de Vasconcelos Melo,&nbsp;Rinaldo Mendes Silva,&nbsp;Ricardo Peixoto Suassuna Dutra,&nbsp;Liszandra Fernanda Ara\u00fajo Campos,&nbsp;Daniel Ara\u00fajo&nbsp;de Macedo.<\/p>\n\n\n\n<p>12.&#8221;FIO DE SUTURA CIR\u00daRGICA COM COBERTURA ANTIMICROBIANA DE NANOPART\u00cdCULA&#8221; (BR102016024715-2) &#8211; Inventores:&nbsp;Isabela Albuquerque Passos Farias,&nbsp;F\u00e1bio Correia Sampaio,&nbsp;Carlos Christiano Lima&nbsp;dos Santos,&nbsp;Jocianelle Maria F\u00e9lix Fernandes Nunes,&nbsp;Jailson Machado Ferreira,&nbsp;Dawy Keyson&nbsp;de Ara\u00fajo Almeida,&nbsp;Max Rocha Quirino.<\/p>\n\n\n\n<p>13.&#8221;MEMBRANA COMO SUPORTE DE F\u00c1RMACOS PARA TRATAMENTO DE LES\u00d5ES&#8221; (BR102016025663-1) &#8211; Inventores:&nbsp;F\u00e1bio Correia Sampaio,&nbsp;Raimundo Apr\u00edgio&nbsp;de Menezes J\u00fanior,Jocianelle Maria F\u00e9lix Fernandes Nunes,&nbsp;Isabella Barros Almeida,&nbsp;Alessandra Estevam dos Santos,&nbsp;Marcus Vin\u00edcius Lia Fook,&nbsp;Rosemberg Cardoso Barbosa.<\/p>\n\n\n\n<p>14.&#8221;DISPOSITIVO PARA REMO\u00c7\u00c3O DE FL\u00daOR ADAPT\u00c1VEL A FILTRO DE \u00c1GUA POT\u00c1VEL&#8221;&nbsp;(BR102016025781-6) &#8211; Inventores:&nbsp;&nbsp;Morgana Maria Souza Gadelha,&nbsp;F\u00e1bio Correia Sampaio,&nbsp;Raimundo Apr\u00edgio&nbsp;de Menezes J\u00fanior,&nbsp;Giancarlo Brand\u00e3o&nbsp;de Sousa,&nbsp;Nickson Eduardo&nbsp;de Oliveira Louren\u00e7o,&nbsp;Jailson Machado Ferreira.<\/p>\n\n\n\n<p>15.&#8221;REVESTIMENTO DE QUITOSANA INCORPORADO DE \u00d3LEOS ESSENCIAIS DE MENTHA SPP., M\u00c9TODO DE PREPARA\u00c7\u00c3O E APLICA\u00c7\u00c3O COMO TECNOLOGIA P\u00d3S-COLHEITA EM FRUTOS&#8221; (BR102016026314-0) &#8211; Inventores:&nbsp;Evandro Leite&nbsp;de Souza,&nbsp;Ingrid Concei\u00e7\u00e3o Dantas Guerra,&nbsp;Priscila Dinah Lima Oliveira,&nbsp;Kataryne \u00c1rabe Rim\u00e1 de Oliveira,&nbsp;&nbsp;Jos\u00e9 Maria Barbosa Filho,&nbsp;L\u00facia Raquel Ramos Berger.<\/p>\n\n\n\n<p>16.&#8221;PROCESSO DE EXTRA\u00c7\u00c3O DE COL\u00c1GENO A PARTIR DA CARTILAGEM DO OSSO DA QUILHA DE FRANGOS&#8221; (BR102016027429-0) &#8211; Inventores:&nbsp;Marta Suely Madruga,&nbsp;Ana Rita Ribeiro&nbsp;de Ara\u00fajo,&nbsp;Angela Lima Men\u00eases&nbsp;de Queiroz.<\/p>\n\n\n\n<p>17.&#8221;PROCESSO DE OBTEN\u00c7\u00c3O DE PEPT\u00cdDEOS BIOATIVOS DERIVADOS DE CRISTAS E BARBELAS DE FRANGO&#8221; (BR102016027430-3) &#8211; Inventores:&nbsp;Marta Suely Madruga,&nbsp;Taliana K\u00eania Alencar Bezerra,&nbsp;S\u00e9rgio&nbsp;de Freitas Pereira,&nbsp;Maria Teresa Bertoldo Pacheco.<\/p>\n\n\n\n<p>18.&#8221;DESENVOLVIMENTO E CARACTERIZA\u00c7\u00c3O DE SORVETE DE INHAME ISENTO DE LACTOSE&#8221; (BR102016028485-6) &#8211; Inventores:&nbsp;Priscila Mayara&nbsp;de Lima Oliveira,&nbsp;Kettelin Aparecida Arbos.<\/p>\n\n\n\n<p>19.&#8221;AMIDAS E COMPOSI\u00c7\u00c3O FUNGICIDA ATIVA COM TEREFT\u00c1LATO DE POT\u00c1SSIO&#8221; (BR102016030062-2) &#8211; Inventores:&nbsp;Petr\u00f4nio Filgueiras de Athayde Filho,&nbsp;Jos\u00e9 Maria Barbosa Filho,&nbsp;Helivaldo Di\u00f3genes da Silva Souza,&nbsp;Bruno Freitas Lira,&nbsp;Priscila Santos Vieira de Lima.<\/p>\n\n\n\n<p>20.&#8221;COMPOSI\u00c7\u00c3O DE UM COLCH\u00c3O LAVADOR A BASE DE TENSOATIVO E \u00d3LEO VEGETAL PARA REMO\u00c7\u00c3O DE FLUIDO DE PERFURA\u00c7\u00c3O N\u00c3O AQUOSO&#8221; (BR102016009201-9) &#8211; Inventores:&nbsp;Fabiola Dias da Silva Curbelo,&nbsp;Alfredo Ismael Curbelo Garnica,&nbsp;J\u00falio C\u00e9zar&nbsp;de Oliveira Freitas,&nbsp;Renata Martins Braga,&nbsp;Raquel&nbsp;da Silva Cardoso,&nbsp;Victoria&nbsp;de Lima Mochizuki,&nbsp;Rayanne Mac\u00eado Aranha.<\/p>\n\n\n\n<p>21.&#8221;FORNO PARA SINTERIZA\u00c7\u00c3O E EXPANS\u00c3O DE MINERAIS&#8221; (BR102016013616-4) &#8211; Inventores:&nbsp;Belarmino Barbosa Lira,&nbsp;Raimundo Aprigio&nbsp;de Menezes Junior,&nbsp;Krystyna Gorlach Lira.<\/p>\n\n\n\n<p>22.&#8221;3-HIDROXI-2-METILENO-3-(4-NITROFENIL)-PROPANONITRILA, UM ADUTO DE MORITA-BAYLIS-HILLMAN \u00daTIL COMO AGENTE ANTIC\u00c2NCER&#8221; (BR102016013967-8) &#8211; Inventores:&nbsp;Glaucia Ver\u00edssimo Faheina Martins,&nbsp;Demetrius Antonio Machado de Araujo,&nbsp;M\u00e1rio Luiz Ara\u00fajo de Almeida Vasconcellos,&nbsp;Claudio Gabriel Lima J\u00fanior,&nbsp;Aletheia Lacerda da Silveira,&nbsp;Durvanei Augusto Maria.<\/p>\n\n\n\n<p>23.&#8221;PROCESSO E SISTEMA PARA VARIAR A FREQU\u00caNCIA DE DIODO LASER&#8221; (BR102016019043-6) &#8211; Inventores:&nbsp;Thierry Marcelino Passerat&nbsp;de Silans,&nbsp;Samuel Bezerra Alves,&nbsp;Marcos C\u00e9sar Santos Ori\u00e1,&nbsp;Martine Patricia Arlette Chevrollier,&nbsp;Hugo Leonardo Davi&nbsp;de Souza Cavalcante.<\/p>\n\n\n\n<p>24.&#8221;PROCESSO DE PRODU\u00c7\u00c3O DE CELULASE E XILANASE POR FUNGO MESOF\u00cdLICO&#8221; (BR102016019045-2) &#8211; Inventores:&nbsp;Demetrius Antonio Machado&nbsp;de Araujo,&nbsp;&nbsp;Sharline Florentino&nbsp;de Melo Santos,&nbsp;La\u00eds Campos Teixeira&nbsp;de Carvalho Gon\u00e7alves,&nbsp;Elton Jos\u00e9 Ferreira Chaves,&nbsp;&nbsp;Marina&nbsp;de Castro Coelho.<\/p>\n\n\n\n<p>25.&#8221;PROCESSO DE ELABORA\u00c7\u00c3O DE COOKIES ISENTOS DE GL\u00daTEN COM FARINHA DE ARROZ&#8221; (BR102016014588-0) &#8211; Inventores:&nbsp;Ana Carolina&nbsp;dos Santos Costa,&nbsp;Juliana K\u00e9ssia Barbosa Soares,&nbsp;Maria Elieidy Gomes&nbsp;de Oliveira,&nbsp;Rita&nbsp;de C\u00e1ssia Ramos&nbsp;do Egypto Queiroga.<\/p>\n\n\n\n<p>26.&#8221;SISTEMA EMBARCADO SEM FIO INTELIGENTE PARA DIAGN\u00d3STICO DE FALHAS EM VE\u00cdCULOS AUTOMOTIVOS POR MEIO DE AN\u00c1LISE SONORA&#8221; (BR102016019038-0) &#8211; Invetores:&nbsp;Abel Cavalcante Lima Filho,&nbsp;Francisco Ant\u00f4nio Belo,&nbsp;Thyago Leite&nbsp;de Vasconcelos Lima,&nbsp;Filipe Vidal Souto,&nbsp;Hugo De Souza Pimentel,&nbsp;Marc\u00e9u Oliveira Adissi,&nbsp;Gabriela Jord\u00e3o Lyra.<\/p>\n\n\n\n<p>27.&#8221;SISTEMA SOLAR A ADSOR\u00c7\u00c3O INTERMITENTE PARA AR CONDICIONADO E REFRIGERA\u00c7\u00c3O&#8221; (BR112016004563-7) &#8211; Inventores:&nbsp;Paulo Jos\u00e9 Vodianitskaia,&nbsp;Jos\u00e9 Maur\u00edcio A. M. Gurgel,&nbsp;Herbert Melo Vieira,&nbsp;Jos\u00e9 Josimar Soares.<\/p>\n\n\n\n<p>28.&#8221;CONFIGURA\u00c7\u00c3O DE UMA BOMBA DE CALOR APLICADO \u00c0 SECAGEM DE ALIMENTOS&#8221; (BR112016004564-5) Inventores:&nbsp; &nbsp;Jos\u00e9 Maur\u00edcio A. M. Gurgel,&nbsp;M\u00e1rcia Ramos Luiz,&nbsp;Luiz Sim\u00e3o&nbsp;de Andrade Filho,&nbsp;Herbert Melo Vieira,&nbsp;Paulo Jos\u00e9 Vodianitskaia.<\/p>\n\n\n\n<p>29.&#8221;SISTEMA SOLAR H\u00cdBRIDO COM RESERVAT\u00d3RIO INTERMEDI\u00c1RIO PARA AR CONDICIONADO E REFRIGERA\u00c7\u00c3O&#8221; (BR112016004565-3) &#8211; Inventores:&nbsp;&nbsp;Paulo Jos\u00e9 Vodianitskaia,&nbsp;Jos\u00e9 Maur\u00edcio A. M. Gurgel,&nbsp;Herbert Melo Vieira,&nbsp;Jos\u00e9 Josimar Soares.<\/p>\n\n\n\n<p>30.&#8221;EVAPORADORA A FILME FINO PARA AR CONDICIONADO E REFRIGERA\u00c7\u00c3O&#8221; (BR112016004571-8) &#8211; Inventores:&nbsp;Paulo Jos\u00e9 Vodianitskaia,&nbsp;Jos\u00e9 Maur\u00edcio A. M. Gurgel,&nbsp;Herbert Melo Vieira,&nbsp;Jos\u00e9 Josimar Soares.<\/p>\n\n\n\n<p>31.&#8221;ESPECTROFOT\u00d4METRO PORT\u00c1TIL DE ABSER\u00c7\u00c3O\/EMISS\u00c3O NA REGI\u00c3O DO VIS\u00cdVEL, UTILIZANDO L\u00c2MPADA INCANDESCENTE E DISPOSITIVO M\u00d3VEL&#8221; (BR102016019036-3) &#8211; Inventores:&nbsp;Luciano Farias de Almeida,&nbsp;Pedro Lemos de Almeida J\u00fanior,&nbsp;Julys Pablo Atayde Fernandes,&nbsp;Helton Jader Souza&nbsp;de Oliveira,&nbsp;B\u00e1rbara Ara\u00fajo Sampaio.<\/p>\n\n\n\n<p>32.&#8221;UTILIZA\u00c7\u00c3O DE UM ALCALOIDE SINT\u00c9TICO DENOMINADO MHTP PARA O TRATAMENTO DE INFLAMA\u00c7\u00c3O&#8221;(BR102016018225-5) &#8211; Inventores:&nbsp;Luis Cezar Rodrigues,&nbsp;La\u00e9rcia Karla Diega Paiva Ferreira,&nbsp;Marcia Regina Piuvezam,&nbsp;Bianka M\u00e1rcia Do Nascimento Xavier,&nbsp;Maria Talita Pacheco de Oliveira,&nbsp;Luiz Andr\u00e9 de Ara\u00fajo Silva,&nbsp;Manuela Barbosa Cordeiro.<\/p>\n\n\n\n<p><\/p>\n\n\n\n<p><strong>CATEGORIA PROGRAMA DE COMPUTADOR:<\/strong><\/p>\n\n\n\n<p>1.&#8221;REDE EXPNB \u2013 PAR\u00c2METROS FUZZY (BR512016000449-5) &#8211; Inventores:&nbsp;Liliane Dos Santos Machado,&nbsp;Thiago Vinicius Vieira Batista,&nbsp;Anny Kerrollayny Gomes Rodrigues.<\/p>\n\n\n\n<p>2.&#8221;FITINHA DA BARRIGA \u2013 APLICATIVO DE AVALIA\u00c7\u00c3O DA RAZ\u00c3O CINTURA-ESTATURA&#8221; (BR512016000879-2) &#8211; Inventores:&nbsp;Jo\u00e3o Carlos&nbsp;de Farias Dantas,&nbsp;Caroline&nbsp;de Oliveira Martins,&nbsp;Cleonilson Pr\u00f3tassio&nbsp;de Souza.<\/p>\n\n\n\n<p>3.&#8221;PROGRAMA DE C\u00c1LCULO DE POSICIONAMENTO DE ELETRODOS DO SI 10\/20&#8243; (BR512016001836-4) &#8211; Inventores:&nbsp;Alexandre Alex&nbsp;de Almeida,&nbsp;Marine Raquel Diniz da Rosa,&nbsp;Dayse da Silva Souza,&nbsp;Suellen Mary Marinho dos Santos Andrade.<\/p>\n\n\n\n<p>4.&#8221;BIOLOGIA DIVERTIDA \u2013 SISTEMA CARDIORRESPIRAT\u00d3RIO&#8221; (BR512016000450-9) &#8211; Inventores:&nbsp;Liliane Dos Santos Machado,&nbsp;\u00c2ngelo Jos\u00e9&nbsp;de Souza Sales,&nbsp;Ronei Marcos&nbsp;de Moraes, Jos\u00e9 Raul&nbsp;de Brito Andrade.<\/p>\n\n\n\n<p>5.&#8221;SISTEMA DE CORRE\u00c7\u00c3O DE DADOS E PREVIS\u00c3O DE DEMANDA&#8221; (BR512016000713-3) &#8211; Inventores:&nbsp;Juan Moises Mauricio Villanueva,&nbsp;Joel Adelaide Medeiros,&nbsp;Diego Henrique&nbsp;da Silva Cavalcante,&nbsp;Fernanda Rodrigues Paulo,&nbsp;Ricardo Wagner Correia Guerra Filho,&nbsp;Rodolfo de Medeiros Strunkis,&nbsp;Romero \u00c1lamo Oliveira de Medeiros,&nbsp;Kleyton Johnnys Andrade Maciel,&nbsp;Gabriel Luiz de Fran\u00e7a Sales,&nbsp;Bruno Golzio Navarro Winkeler,&nbsp;Felipe Ricardo Evaristo dos Santos,&nbsp;Yuri Percy Molina Rodriguez,&nbsp;Euler Cassio Tavares de Marcedo,&nbsp;Helon David&nbsp;de Macedo Braz.<\/p>\n\n\n\n<p>6.&#8221;SISTEMAT X DATA REGISTER SYSTEM&#8221; (BR512016000371-5) &#8211; Inventores:&nbsp;Marcus Tullius Scotti,&nbsp;Roberto Oliveira da Silva J\u00fanior,&nbsp;Silas Yudi Konno de Oliveira Santos,&nbsp;Luciana Scotti,&nbsp;Rafael Brayner Miranda de Carvalho.<\/p>\n\n\n\n<p>7.&#8221;REDE POISSONNB \u2013 PAR\u00c2METROS FUZZY&#8221; (BR512016001459-8) &#8211; Inventores:&nbsp;Ronei Marcos de Moraes,&nbsp;Elaine Anita de Melo Gomes Soares.<\/p>\n\n\n\n<p>8.&#8221;MATRIZES PADR\u00c3O ENTRADA SA\u00cdDA PARA PREVIS\u00c3O&#8221; (BR512016001460-1) &#8211; Inventores:&nbsp;Joel Adelaide Medeiros,&nbsp;Ricardo Wagner Correia Guerra Filho,&nbsp;Diego Henrique da Silva Cavalcanti.<\/p>\n\n\n\n<p>9.&#8221;SIMULADOR DE TRANSDUTOR ELETROMAGN\u00c9TICO TOROIDAL&#8221; (BR512016001461-0) &#8211; Inventores:&nbsp;Yuri Percy Molina Rodriguez,&nbsp;Joel Adelaide Medeiros,&nbsp;Wendell Pereira de Farias,&nbsp;Cleonilson Pr\u00f3tassio de Souza.<\/p>\n\n\n\n<p>10.&#8221;PROGRAMA APLICATIVO PARA O DIAGN\u00d3STICO DA FLUOROSE \u00d3SSEA&#8221; (BR512016001094-0) &#8211; Inventores:&nbsp;Maria Soraya Pereira Franco Adriano,&nbsp;Raimundo Apr\u00edgio de Menezes J\u00fanior,&nbsp;F\u00e1bio Correia Sampaio,&nbsp;Allan de Jesus dos Reis Albuquerque,&nbsp;Isabella Albuquerque de Passos Farias,&nbsp;Ednara M\u00e9rcia Fernandes de Andrade,&nbsp;Consuelo Fernanda Macedo de Souza.<\/p>\n\n\n\n<p>11.&#8221;SISTEMA DE GEST\u00c3O DE TARIFAS DE ENERGIA EL\u00c9TRICA&#8221; (BR512016001095-9) &#8211; Inventores:&nbsp;Yuri Percy Molina Rodriguez,&nbsp;Joel Adelaide Medeiros.<\/p>\n\n\n\n<p>12.&#8221;VLIBRAS-V\u00cdDEO: TRADUTOR AUTOM\u00c1TICO DE V\u00cdDEOS DIGITAIS PARA LIBRAS&#8221; (BR512016001359-1) &#8211; Inventores:&nbsp;Guido Lemos de Souza Filho,&nbsp;Danilo Assis Nobre dos Santos Silva,&nbsp;Derzu Omaia,&nbsp;Erickson Silva de Oliveira,&nbsp;Felipe Lacet Silva Ferreira,&nbsp;Leonardo de Ara\u00fajo Domingues,&nbsp;Manuella Aschoff Cavalcanti Brand\u00e3o Lima,&nbsp;Renan Soares de Andrade,&nbsp;Tiago Maritan Ugulino de Ara\u00fajo,&nbsp;\u00cdcaro Lima Magalh\u00e3es.<\/p>\n\n\n\n<p>13.&#8221;VLIBRAS-PLUGIN: TRADUTOR AUTOM\u00c1TICO DE CONTE\u00daDOS DIGITAIS PARA LIBRAS PARA NAVEGADORES WEB&#8221;&nbsp;(BR512016001360-5) &#8211; Inventores:&nbsp;Guido Lemos de Souza Filho,&nbsp;Daniel Gon\u00e7alves Ramos,&nbsp;Danilo Assis Nobre dos Santos Silva,&nbsp;Erickson Silva de Oliveira,&nbsp;Felipe Lacet Silva Ferreira,&nbsp;Francielly Cardoso Grigorio,&nbsp;Leonardo de Ara\u00fajo Domingues,&nbsp;Manuella Aschoff Cavalcanti Brand\u00e3o Lima, ,Renan Soares de Andrade,&nbsp;Tiago Maritan Ugulino de Ara\u00fajo,&nbsp;\u00cdcaro Lima Magalh\u00e3es.<\/p>\n\n\n\n<p>14.&#8221;VLIBRAS M\u00d3VEL: TRADUTOR AUTOM\u00c1TICO DE CONTE\u00daDOS DIGITAIS PARA LIBRAS PARA DISPOSITIVOS M\u00d3VEIS&nbsp;&#8220;(BR512016001361-3) &#8211; Inventores:&nbsp;Guido Lemos de Souza Filho,&nbsp;Danilo Assis Nobre dos Santos Silva,&nbsp;Erickson Silva de Oliveira,&nbsp;Felipe Lacet Silva Ferreira,&nbsp;Leonardo de Ara\u00fajo Domingues,&nbsp;Manuella Aschoff Cavalcanti Brand\u00e3o Lima,&nbsp;Tiago Maritan Ugulino de Ara\u00fajo,&nbsp;\u00cdcaro Lima Magalh\u00e3es.<\/p>\n\n\n\n<p>15.&#8221;SUBLIBRAS: FERRAMENTA DE REVIS\u00c3O DE TRADU\u00c7\u00c3O DE CONTE\u00daDOS EM LIBRAS&#8221;&nbsp;(BR512016001362-1) &#8211; Inventores:&nbsp;Guido Lemos de Souza Filho,&nbsp;Erickson Silva de Oliveira,&nbsp;Leonardo de Ara\u00fajo Domingues,&nbsp;Renan Soares de Andrade,&nbsp;Tiago Maritan Ugulino de Ara\u00fajo.<\/p>\n\n\n\n<p>16.&#8221;VLIBRAS-DESKTOP: TRADUTOR AUTOM\u00c1TICO DE CONTE\u00daDOS DIGITAIS PARA LIBRAS&#8221;&nbsp;(BR512016001363-0) &#8211; Inventores:&nbsp;Guido Lemos de Souza Filho,&nbsp;Danilo Assis Nobre dos Santos Silva,&nbsp;Erickson Silva de Oliveira,&nbsp;Ezequiel Severiano da Silva,&nbsp;Leonardo de Ara\u00fajo Domingues,&nbsp;Manuella Aschoff Cavalcanti Brand\u00e3o Lima,&nbsp;Renan Soares de Andrade,&nbsp;Tiago Maritan Ugulino de Ara\u00fajo,&nbsp;\u00cdcaro Lima Magalh\u00e3es.<\/p>\n\n\n\n<p>17.&#8221;WIKILIBRAS: FERRAMENTA COLABORATIVA DE GERA\u00c7\u00c3O DE SINAIS EM LIBRAS&#8221;&nbsp;(BR512016001358 -3) &#8211; Inventores:&nbsp;Tiago Maritan Ugulino de Ara\u00fajo,&nbsp;Adabriand Andrade Furtado,&nbsp;Andr\u00e9 Pinto Ara\u00fajo,&nbsp;Danilo Assis Nobre dos Santos Silva,&nbsp;Guido Lemos de Souza Filho,&nbsp;Renan Soares de Andrade.<\/p>\n\n\n\n<p>18.&#8221;SEVEN &#8211; VERIFICA\u00c7\u00c3O SELETIVA NA CAMADA DE APLICA\u00c7\u00c3O&#8221;&nbsp;(BR512016001750-3) &#8211; Inventores:&nbsp;Iguatemi Eduardo da Fonseca,&nbsp;Marc\u00edlio Olinto de Oliveira Lemos,&nbsp;Vivek Nigam.<\/p>\n","protected":false},"excerpt":{"rendered":"<p>Premia\u00e7\u00e3o referente \u00e0s cria\u00e7\u00f5es protegidas em 2016 pela INOVA-UFPB. CATEGORIA PATENTES: 1.&#8221;PROCESSO DE OBTEN\u00c7\u00c3O DE [&hellip;]<\/p>\n","protected":false},"author":270,"featured_media":0,"parent":79,"menu_order":2,"comment_status":"closed","ping_status":"closed","template":"","meta":{"footnotes":""},"class_list":["post-393","page","type-page","status-publish","hentry"],"_links":{"self":[{"href":"https:\/\/www.ufpb.br\/inova\/wp-json\/wp\/v2\/pages\/393","targetHints":{"allow":["GET"]}}],"collection":[{"href":"https:\/\/www.ufpb.br\/inova\/wp-json\/wp\/v2\/pages"}],"about":[{"href":"https:\/\/www.ufpb.br\/inova\/wp-json\/wp\/v2\/types\/page"}],"author":[{"embeddable":true,"href":"https:\/\/www.ufpb.br\/inova\/wp-json\/wp\/v2\/users\/270"}],"replies":[{"embeddable":true,"href":"https:\/\/www.ufpb.br\/inova\/wp-json\/wp\/v2\/comments?post=393"}],"version-history":[{"count":1,"href":"https:\/\/www.ufpb.br\/inova\/wp-json\/wp\/v2\/pages\/393\/revisions"}],"predecessor-version":[{"id":397,"href":"https:\/\/www.ufpb.br\/inova\/wp-json\/wp\/v2\/pages\/393\/revisions\/397"}],"up":[{"embeddable":true,"href":"https:\/\/www.ufpb.br\/inova\/wp-json\/wp\/v2\/pages\/79"}],"wp:attachment":[{"href":"https:\/\/www.ufpb.br\/inova\/wp-json\/wp\/v2\/media?parent=393"}],"curies":[{"name":"wp","href":"https:\/\/api.w.org\/{rel}","templated":true}]}}