{"id":411,"date":"2025-05-08T11:52:52","date_gmt":"2025-05-08T14:52:52","guid":{"rendered":"https:\/\/www.ufpb.br\/inova\/?page_id=411"},"modified":"2026-01-22T16:58:17","modified_gmt":"2026-01-22T19:58:17","slug":"premiados-em-2019-1","status":"publish","type":"page","link":"https:\/\/www.ufpb.br\/inova\/premio-delby-medeiros\/premiados-em-2019-1\/","title":{"rendered":"Premiados em 2019.1"},"content":{"rendered":"\n<p>Edi\u00e7\u00e3o especial da premia\u00e7\u00e3o referente \u00e0s cria\u00e7\u00f5es protegidas em 2018 pela INOVA-UFPB.<\/p>\n\n\n\n<p><strong>EDI\u00c7\u00c3O ESPECIAL DA PREMIA\u00c7\u00c3O DE INOVA\u00c7\u00c3O TECNOL\u00d3GICA REALIZADA EM BANANEIRAS-PB.&nbsp;<\/strong>&nbsp;<\/p>\n\n\n\n<figure class=\"wp-block-gallery has-nested-images columns-default is-cropped wp-block-gallery-1 is-layout-flex wp-block-gallery-is-layout-flex\">\n<figure class=\"wp-block-image size-large\"><img loading=\"lazy\" decoding=\"async\" width=\"560\" height=\"420\" data-id=\"413\" src=\"https:\/\/www.ufpb.br\/inova\/wp-content\/uploads\/sites\/79\/sites\/285\/2025\/05\/2019-2-1.jpeg\" alt=\"\" class=\"wp-image-413\" srcset=\"https:\/\/www.ufpb.br\/inova\/wp-content\/uploads\/sites\/79\/sites\/285\/2025\/05\/2019-2-1.jpeg 560w, https:\/\/www.ufpb.br\/inova\/wp-content\/uploads\/sites\/79\/sites\/285\/2025\/05\/2019-2-1-300x225.jpeg 300w\" sizes=\"auto, (max-width: 560px) 100vw, 560px\" \/><\/figure>\n\n\n\n<figure class=\"wp-block-image size-large\"><img loading=\"lazy\" decoding=\"async\" width=\"560\" height=\"420\" data-id=\"412\" src=\"https:\/\/www.ufpb.br\/inova\/wp-content\/uploads\/sites\/79\/sites\/285\/2025\/05\/2019-1-1.jpeg\" alt=\"\" class=\"wp-image-412\" srcset=\"https:\/\/www.ufpb.br\/inova\/wp-content\/uploads\/sites\/79\/sites\/285\/2025\/05\/2019-1-1.jpeg 560w, https:\/\/www.ufpb.br\/inova\/wp-content\/uploads\/sites\/79\/sites\/285\/2025\/05\/2019-1-1-300x225.jpeg 300w\" sizes=\"auto, (max-width: 560px) 100vw, 560px\" \/><\/figure>\n<\/figure>\n\n\n\n<p><\/p>\n\n\n\n<p>A referida edi\u00e7\u00e3o da Premia\u00e7\u00e3o Delby Fernandes ocorreu no dia 14 de maio de 2019 e abrangeu inventores do Campus III (CCHSA) da UFPB. Um evento como esse permite interiorizar a dissemina\u00e7\u00e3o da cultura da prote\u00e7\u00e3o das cria\u00e7\u00f5es tecnol\u00f3gicas em prol do desenvolvimento do empreendedorismo local.&nbsp;<\/p>\n\n\n\n<p><strong>CATEGORIA PATENTE DE INVEN\u00c7\u00c3O:<\/strong><br>1) &#8220;EMPANADO COM CARNE DE COELHO ADICIONADO DE ALECRIM&#8221; (BR102018005041-9) &#8211; Inventores: Leonardo Augusto Fonseca Pascoal, Fl\u00e1vio Gomes Fernandes, Solange de Sousa e Edvaldo Mesquita Beltr\u00e3o Filho.<\/p>\n\n\n\n<p>2) &#8220;MASSA ALIMENT\u00cdCIA MISTA COM SUBSTITUI\u00c7\u00c3O PARCIAL DA FARINHA&nbsp;DE TRIGO POR FARINHA DE SEMENTE DE JACA&#8221; (BR102018005657-3) &#8211; Inventores: Anely Maciel de Melo, Camila de Oliveira Gomes, Jo\u00e3o Felipe Santiago Neto e Cybelle de Oliveira Dantas.<\/p>\n\n\n\n<p>3) &#8220;PROCESSO DE PRODU\u00c7\u00c3O DE HAMB\u00daRGUER ADICIONADO DE&nbsp;HIDROLISADO PROTEICO&#8221; (BR102018007608-6) &#8211; Inventores: Marta Suely Madruga, Angela Lima Men\u00eases de Queiroz, Taliana K\u00eania Alencar Bezerra, Maria das Vit\u00f3ria Sim\u00e3o da Silva, Daiana Grig\u00f3rio da Silva, Marcus de Lacerda Nascimento J\u00fanior, Vital de Morais Santo Cruz e Ana Camila Oliveira da Silva.&nbsp;<\/p>\n\n\n\n<p>4) &#8220;LINGUI\u00c7A FRESCAL ADICIONADA DE HIDROLISADO PROTEICO&#8221; (BR102018007694-9) &#8211; Inventores: Thayse Cavalcante da Rocha, Angela Lima Men\u00eases de Queiroz, Marta Suely Madruga, Taliana K\u00eania Alencar Bezerra, Joelinton do Nascimento Silva, Alcimar de Melo Dias, Felipe Alves da Silva e Gledson Firmino Gon\u00e7alves da Silva.&nbsp;<\/p>\n\n\n\n<p>5) &#8220;PROCESSO DE PRODU\u00c7\u00c3O DE EMPANADO DE TIL\u00c1PIA COM FARINHA DA&nbsp;CASCA DO MARACUJ\u00c1&#8221; (BR102018016291-8) &#8211; Inventores: Anely Maciel de Melo, Atacy Maciel de Melo e Raquel Lima Salgado.&nbsp;&nbsp;<br><\/p>\n\n\n\n<p>6) &#8220;EMPANADO DO TIPO NUGGETS COM HIDROLISADO PROTEICO&#8221; (BR102018015082-0) &#8211; Inventores: Angela Lima Men\u00eases de Queiroz, Marta Suely Madruga, Taliana K\u00eania Alencar Bezerra, Janiele Ferreira da Silva, Francisco de Assis de Oliveira, Jos\u00e9 S\u00e9rgio de Sousa, J\u00e9ssica Luana Miranda da Silva e Maria Jos\u00e9 da Silva Luiz Nunes.&nbsp; &nbsp;<\/p>\n\n\n\n<p>7) &#8220;PROCESSO DE OBTEN\u00c7\u00c3O DE EXTRATO ANTIOXIDANTE DERIVADO DE&nbsp;RES\u00cdDUOS PARA APLICA\u00c7\u00c3O EM PRODUTOS ALIMENT\u00cdCIOS DESTINADOS&nbsp;AO CONSUMO HUMANO E ANIMAL&#8221; (BR102018067711-0) &#8211; Inventores: F\u00e1bio Anderson Pereira da Silva, Deocleciano Cassiano de Santana Neto, Valqu\u00edria Cardoso da Silva Ferreira e Sinara Pereira Fragoso.&nbsp;&nbsp;<\/p>\n\n\n\n<p>&nbsp;&nbsp;<br>8) &#8220;HAMB\u00daRGUER PRONTO PARA CONSUMO ELABORADO COM&nbsp;ANTIOXIDANTE NATURAL DE RES\u00cdDUOS&#8221; (BR102018072527-0) &#8211; Inventores: F\u00e1bio Anderson Pereira da Silva, Deocleciano Cassiano de Santana Neto, Valqu\u00edria Cardoso da Silva Ferreira, \u00cdris Braz da Silva Ara\u00fajo e Sinara Pereira Fragoso.&nbsp;&nbsp;<\/p>\n\n\n\n<p><br>9) &#8220;PRODU\u00c7\u00c3O DE ALM\u00d4NDEGA ADICIONADA DE HIDROLISADO PROTEICO&nbsp;DE QUILHA DE FRANGO&#8221; (BR102018073314-1) &#8211; Inventores: Ana Rita Ribeiro de Ara\u00fajo Cordeiro, Marta Suely Madruga, Taliana K\u00eania Alencar Bezerra, Juliana Lopes de Lima, Gilmana Fernandes Barbosa Ara\u00fajo e Germana Fernandes Barbosa Ara\u00fajo.<\/p>\n\n\n\n<p>&nbsp;<br>10) &#8220;QUEIJO TIPO COALHO COM MICROC\u00c1PSULAS DE \u00d3LEO ESSENCIAL&#8221; (BR102018074136-5) &#8211; Inventores:&nbsp; Soraia Vilela Borges, Diego Alvarenga Botrel, Hugo Junior Barboza de Souza, Anely Maciel de Melo, La\u00eds Costa Luna, Max Rocha Quirino, Weysser Felipe C\u00e2ndida de Souza e Solange de Sousa.&nbsp;<\/p>\n\n\n\n<p>11) &#8220;NUGGET CAPRINO RECHEADO COM QUEIJO&#8221; (BR102018075915-9) &#8211; Inventores: Cybelle de Oliveira Dantas, Taliana K\u00eania Alencar Bezerra, Jos\u00e9 Wellyton Barreiro Leite, La\u00eds Costa Luna, Lucielma da Costa Silva, Francisco Lucas Chaves Almeida, Mariana de Oliveira Silva e Givanildo Alves Gomes.&nbsp;&nbsp;<\/p>\n\n\n\n<p><br>12) &#8220;BEBIDA FERMENTADA ALCO\u00d3LICA DE MANGABA&#8221; (BR102018075834-9) &#8211; Inventores: Francisco Lucas Chaves Almeida, Emanuel Neto Alves de Oliveira, Elis\u00e2ndra Costa Almeida, Luana Nascimento da Silva, Mariana de Oliveira Silva e Luiz Fernando da Silva Ara\u00fajo.&nbsp;<\/p>\n","protected":false},"excerpt":{"rendered":"<p>Edi\u00e7\u00e3o especial da premia\u00e7\u00e3o referente \u00e0s cria\u00e7\u00f5es protegidas em 2018 pela INOVA-UFPB. EDI\u00c7\u00c3O ESPECIAL DA [&hellip;]<\/p>\n","protected":false},"author":270,"featured_media":0,"parent":79,"menu_order":4,"comment_status":"closed","ping_status":"closed","template":"","meta":{"footnotes":""},"class_list":["post-411","page","type-page","status-publish","hentry"],"_links":{"self":[{"href":"https:\/\/www.ufpb.br\/inova\/wp-json\/wp\/v2\/pages\/411","targetHints":{"allow":["GET"]}}],"collection":[{"href":"https:\/\/www.ufpb.br\/inova\/wp-json\/wp\/v2\/pages"}],"about":[{"href":"https:\/\/www.ufpb.br\/inova\/wp-json\/wp\/v2\/types\/page"}],"author":[{"embeddable":true,"href":"https:\/\/www.ufpb.br\/inova\/wp-json\/wp\/v2\/users\/270"}],"replies":[{"embeddable":true,"href":"https:\/\/www.ufpb.br\/inova\/wp-json\/wp\/v2\/comments?post=411"}],"version-history":[{"count":1,"href":"https:\/\/www.ufpb.br\/inova\/wp-json\/wp\/v2\/pages\/411\/revisions"}],"predecessor-version":[{"id":414,"href":"https:\/\/www.ufpb.br\/inova\/wp-json\/wp\/v2\/pages\/411\/revisions\/414"}],"up":[{"embeddable":true,"href":"https:\/\/www.ufpb.br\/inova\/wp-json\/wp\/v2\/pages\/79"}],"wp:attachment":[{"href":"https:\/\/www.ufpb.br\/inova\/wp-json\/wp\/v2\/media?parent=411"}],"curies":[{"name":"wp","href":"https:\/\/api.w.org\/{rel}","templated":true}]}}