{"id":15,"date":"2025-06-03T18:14:58","date_gmt":"2025-06-03T21:14:58","guid":{"rendered":"https:\/\/www.ufpb.br\/ipe\/?page_id=15"},"modified":"2025-06-03T18:16:33","modified_gmt":"2025-06-03T21:16:33","slug":"atividades","status":"publish","type":"page","link":"https:\/\/www.ufpb.br\/ipe\/atividades\/","title":{"rendered":"Atividades"},"content":{"rendered":"\n<h2 class=\"wp-block-heading\"><div class=\"linha-header\">Atividades ofertadas pelo IPE no per\u00edodo de 2024.2<\/div><\/h2>\n\n\n\n<h2 class=\"wp-block-heading\"><div class=\"linha-header\">ATIVIDADES F\u00cdSICAS<\/div><\/h2>\n\n\n\n<h3 class=\"wp-block-heading\">Alongamento e Dan\u00e7a<\/h3>\n\n\n\n<p>Exerc\u00edcio f\u00edsico orientado para a manuten\u00e7\u00e3o ou melhora da flexibilidade do idoso associado \u00e0 dan\u00e7a e atividades em grupo.&nbsp;<\/p>\n\n\n\n<p><strong>Colaborador:<\/strong>&nbsp;Francisco Breno Cruz Alves.&nbsp;<\/p>\n\n\n\n<p><strong>Projeto Probex:<\/strong>&nbsp;Pr\u00e1ticas de Educa\u00e7\u00e3o em Sa\u00fade para o Envelhecimento Ativo e Saud\u00e1vel no Instituto Paraibano de Envelhecimento.<\/p>\n\n\n\n<p><strong>Professora:<\/strong>&nbsp;Maria Adelaide Paredes.<\/p>\n\n\n\n<p><strong>Per\u00edodo:<\/strong>&nbsp;de 01\/08\/2023 at\u00e9 31\/07\/2024.<\/p>\n\n\n\n<h3 class=\"wp-block-heading\">Exerc\u00edcios em Solo<\/h3>\n\n\n\n<p>Atividade que envolve exerc\u00edcios aer\u00f3bicos, fortalecimento muscular e equil\u00edbrio para a melhora da funcionalidade global.<\/p>\n\n\n\n<p><strong>Docente (Parceria):<\/strong>&nbsp;Prof. Mallison da Silva Vasconcelos (Parceira com Departamento de Fisioterapia-UFPB)<\/p>\n\n\n\n<h3 class=\"wp-block-heading\">Hidroterapia<\/h3>\n\n\n\n<p>Atividade terap\u00eautica oferecida por meio da imers\u00e3o na \u00e1gua aquecida que proporciona melhores condi\u00e7\u00f5es para realiza\u00e7\u00e3o de movimentos imposs\u00edveis de se realizar em solo.&nbsp;<\/p>\n\n\n\n<p><strong>Docente (Parceria):<\/strong>&nbsp;Prof. Mallison da Silva Vasconcelos (Parceira com Departamento de Fisioterapia-UFPB)<\/p>\n\n\n\n<h3 class=\"wp-block-heading\">Hidrogin\u00e1stica<\/h3>\n\n\n\n<p>Esta atividade visa proporcionar ao idoso o aumento da sua capacidade aer\u00f3bia, for\u00e7a muscular flexibilidade e equil\u00edbrio.&nbsp;<\/p>\n\n\n\n<p><strong>Colaborador:<\/strong>&nbsp;Francisco Breno Cruz Alves.&nbsp;<\/p>\n\n\n\n<p><strong>Projeto Probex:<\/strong>&nbsp;Pr\u00e1ticas de Educa\u00e7\u00e3o em Sa\u00fade para o Envelhecimento Ativo e Saud\u00e1vel no Instituto Paraibano de Envelhecimento.<\/p>\n\n\n\n<p><strong>Professora:<\/strong>&nbsp;Maria Adelaide Paredes.<\/p>\n\n\n\n<p><strong>Per\u00edodo:<\/strong>&nbsp;de 01\/08\/2023 at\u00e9 31\/07\/2024.<\/p>\n\n\n\n<h3 class=\"wp-block-heading\">Muscula\u00e7\u00e3o<\/h3>\n\n\n\n<p>Atividade respons\u00e1vel por movimentos de grupos musculares objetivando redu\u00e7\u00e3o de sarcopenia e fortalecimento da musculatura com melhora da marcha.&nbsp;<\/p>\n\n\n\n<p><strong>Bolsista Extensionista:<\/strong>&nbsp;Francisco Breno Cruz Alves.&nbsp;<\/p>\n\n\n\n<p><strong>Projeto Probex:<\/strong>&nbsp;Pr\u00e1ticas de Educa\u00e7\u00e3o em Sa\u00fade para o Envelhecimento Ativo e Saud\u00e1vel no Instituto Paraibano de Envelhecimento.<\/p>\n\n\n\n<p><strong>Professora:<\/strong>&nbsp;Maria Adelaide Paredes.<\/p>\n\n\n\n<p><strong>Per\u00edodo:<\/strong>&nbsp;de 01\/08\/2023 at\u00e9 31\/07\/2024.<\/p>\n\n\n\n<h2 class=\"wp-block-heading\"><div class=\"linha-header\">ATIVIDADES EDUCACIONAIS \/ COGNITIVAS<\/div><\/h2>\n\n\n\n<h3 class=\"wp-block-heading\"><\/h3>\n\n\n\n<h3 class=\"wp-block-heading\">Inform\u00e1tica B\u00e1sica Para a Pessoa Idosa<\/h3>\n\n\n\n<p>Ensinar fundamentos de inform\u00e1tica atrav\u00e9s do uso de&nbsp;dispositivos m\u00f3veis (smartphone, tablet e notebook) e dispositivos de mesa (desktop) para pessoas da terceira idade engajadas no IPE. Trata-se de uma atividade eminentemente pr\u00e1tica, em sala de aula dedicada para a atividade (laborat\u00f3rio de inform\u00e1tica) cujo objetivo \u00e9 promover a inclus\u00e3o digital de idosos.<\/p>\n\n\n\n<p><strong>Colaborador Externo Extensionista:<\/strong>&nbsp;Everaldo Souto Salvador (IFPB)<\/p>\n\n\n\n<p><strong>Projeto Probex:<\/strong>&nbsp;Pr\u00e1ticas de Educa\u00e7\u00e3o em Sa\u00fade para o Envelhecimento Ativo e Saud\u00e1vel no Instituto Paraibano de Envelhecimento.<\/p>\n\n\n\n<h3 class=\"wp-block-heading\">Inform\u00e1tica Avan\u00e7ada Para a Pessoa Idosa<\/h3>\n\n\n\n<p><strong>Colaborador Externo Extensionista:<\/strong>&nbsp;Everaldo Souto Salvador (IFPB)<\/p>\n\n\n\n<p><strong>Projeto Probex:<\/strong>&nbsp;Pr\u00e1ticas de Educa\u00e7\u00e3o em Sa\u00fade para o Envelhecimento Ativo e Saud\u00e1vel no Instituto Paraibano de Envelhecimento.<\/p>\n\n\n\n<h3 class=\"wp-block-heading\">Ingl\u00eas B\u00e1sico<\/h3>\n\n\n\n<p>A atividade de l\u00edngua inglesa tem como objetivo auxiliar&nbsp;pessoas acima dos 60 anos a aprenderem (e\/ou relembrarem seu aprendizado) o idioma ingl\u00eas, atrav\u00e9s de aulas expositivas e din\u00e2micas, trazendo tal aprendizado para seus contextos de vida. Podem ser apontados ainda como objetivos complementares: desenvolver conte\u00fados de interesse do(a) idoso(a),&nbsp;at\u00e9 mesmo nos passeios organizados ao longo do ano;&nbsp;estimular o(a) idoso(a) a verbalizar, em l\u00edngua inglesa, detalhes de sua rotina.&nbsp;contribuir para um novo aprendizado, auxiliando o bom funcionamento da mem\u00f3ria no envelhecimento.<\/p>\n\n\n\n<p><strong>Colaboradora:&nbsp;<\/strong>Maria de F\u00e1tima Lira de Farias<\/p>\n\n\n\n<h3 class=\"wp-block-heading\">Autobiografia e Oficina Teatral Mem\u00f3rias em Cena<\/h3>\n\n\n\n<p>Projeto que estimula a documenta\u00e7\u00e3o da hist\u00f3ria dos idosos participantes no IPE como forma de estimula\u00e7\u00e3o da mem\u00f3ria e com um legado para os mais jovens em conjunto com o projeto oficina teatral mem\u00f3rias em cena para estimular a sensibilidade, a imagina\u00e7\u00e3o, e a intelig\u00eancia com valoriza\u00e7\u00e3o de lembran\u00e7as individuais e coletivas, contribuindo para a autonomia dos idosos.&nbsp;<\/p>\n\n\n\n<p><strong>Servidora Docente:&nbsp;<\/strong>Profa. Dra. Ant\u00f4nia L\u00eada Oliveira Silva<\/p>\n\n\n\n<p><strong>Discente:&nbsp;<\/strong>Clara Anzolin<\/p>\n\n\n\n<h3 class=\"wp-block-heading\">Coral<\/h3>\n\n\n\n<p>&nbsp;.&nbsp;<\/p>\n\n\n\n<h3 class=\"wp-block-heading\">Musicaliza\u00e7\u00e3o em Flauta Doce<\/h3>\n\n\n\n<p>&nbsp;.&nbsp;<\/p>\n\n\n\n<h3 class=\"wp-block-heading\">Avalia\u00e7\u00e3o Gerontol\u00f3gica Ampla<\/h3>\n\n\n\n<p>Esta atividade tem como objetivo avaliar os idosos nos seguintes dom\u00ednios: identifica\u00e7\u00e3o, antecedentes pessoais e familiares, medica\u00e7\u00f5es em uso, avalia\u00e7\u00e3o sensorial e comunica\u00e7\u00e3o, incontin\u00eancia urin\u00e1ria, sono, cogni\u00e7\u00e3o, humor, mobilidade, equil\u00edbrio, risco de quedas, mem\u00f3ria, risco nutricional e ambiental, avalia\u00e7\u00e3o do calend\u00e1rio vacinal e os sinais vitais para direcionamento de orienta\u00e7\u00f5es n\u00e3o farmacol\u00f3gicas para a pessoa idosa e tamb\u00e9m para futuras pesquisas relacionadas ao envelhecimento.&nbsp;<\/p>\n\n\n\n<p><strong>Servidoras:<\/strong>&nbsp;Ana Mabel Sulpino Felisberto;&nbsp;Fernanda Alencar de A. Pereira Fabr\u00edcio&nbsp;<\/p>\n\n\n\n<h3 class=\"wp-block-heading\">Rodas de Conversa, Palestras e Oficinas<\/h3>\n\n\n\n<p>T\u00eam como objetivo informar, conscientizar e refletir sobre diversos assuntos relacionados \u00e0 sa\u00fade e o bem-estar dos idosos.&nbsp;<\/p>\n\n\n\n<h3 class=\"wp-block-heading\">Cine Debate<\/h3>\n\n\n\n<p>.<\/p>\n\n\n\n<h2 class=\"wp-block-heading\"><div class=\"linha-header\">ATIVIDADES COMPLEMENTARES<\/div><\/h2>\n\n\n\n<h3 class=\"wp-block-heading\">Reiki<\/h3>\n\n\n\n<p>T\u00e9cnica que focaliza corpo, mente e esp\u00edrito para melhora do estado f\u00edsico e mental dos idosos.&nbsp;<\/p>\n\n\n\n<p><strong>Colaboradora<\/strong>: Profa. Dulce Maria<\/p>\n\n\n\n<h3 class=\"wp-block-heading\">Relaxamento Induzido<\/h3>\n\n\n\n<p>.<\/p>\n\n\n\n<h3 class=\"wp-block-heading\">Plant\u00e3o de Escuta Psicol\u00f3gica<\/h3>\n\n\n\n<p>Espa\u00e7o de acolhimento aos idosos por escuta psicol\u00f3gica emergencial e preventiva para al\u00edvio das angustias emergentes.&nbsp;<\/p>\n\n\n\n<p><strong>Colaboradores Externos Extensionistas<\/strong>: Paulo Cordeiro; Walqu\u00edria Moreira<\/p>\n\n\n\n<p><strong>Colaborador Interno Extensionista<\/strong>: Carlos Batalha<\/p>\n\n\n\n<h3 class=\"wp-block-heading\">Yoga Namast\u00ea<\/h3>\n\n\n\n<p>Essa atividade para os idosos contribui para o desenvolvimento gradual da flexibilidade, al\u00e9m da melhora no equil\u00edbrio, sono e sa\u00fade mental.&nbsp;<\/p>\n\n\n\n<p><strong>Docente Extensionista<\/strong>: Profa. Simone Bezerra.<\/p>\n","protected":false},"excerpt":{"rendered":"<p>Atividades ofertadas pelo IPE no per\u00edodo de 2024.2 ATIVIDADES F\u00cdSICAS Alongamento e Dan\u00e7a Exerc\u00edcio f\u00edsico [&hellip;]<\/p>\n","protected":false},"author":47,"featured_media":0,"parent":0,"menu_order":0,"comment_status":"closed","ping_status":"closed","template":"","meta":{"footnotes":""},"class_list":["post-15","page","type-page","status-publish","hentry"],"_links":{"self":[{"href":"https:\/\/www.ufpb.br\/ipe\/wp-json\/wp\/v2\/pages\/15","targetHints":{"allow":["GET"]}}],"collection":[{"href":"https:\/\/www.ufpb.br\/ipe\/wp-json\/wp\/v2\/pages"}],"about":[{"href":"https:\/\/www.ufpb.br\/ipe\/wp-json\/wp\/v2\/types\/page"}],"author":[{"embeddable":true,"href":"https:\/\/www.ufpb.br\/ipe\/wp-json\/wp\/v2\/users\/47"}],"replies":[{"embeddable":true,"href":"https:\/\/www.ufpb.br\/ipe\/wp-json\/wp\/v2\/comments?post=15"}],"version-history":[{"count":3,"href":"https:\/\/www.ufpb.br\/ipe\/wp-json\/wp\/v2\/pages\/15\/revisions"}],"predecessor-version":[{"id":24,"href":"https:\/\/www.ufpb.br\/ipe\/wp-json\/wp\/v2\/pages\/15\/revisions\/24"}],"wp:attachment":[{"href":"https:\/\/www.ufpb.br\/ipe\/wp-json\/wp\/v2\/media?parent=15"}],"curies":[{"name":"wp","href":"https:\/\/api.w.org\/{rel}","templated":true}]}}

<h2 class="wp-block-heading"><div class="linha-header">Atividades ofertadas pelo IPE no período de 2024.2</div></h2>



<h2 class="wp-block-heading"><div class="linha-header">ATIVIDADES FÍSICAS</div></h2>



<h3 class="wp-block-heading">Alongamento e Dança</h3>



<p>Exercício físico orientado para a manutenção ou melhora da flexibilidade do idoso associado à dança e atividades em grupo.&nbsp;</p>



<p><strong>Colaborador:</strong>&nbsp;Francisco Breno Cruz Alves.&nbsp;</p>



<p><strong>Projeto Probex:</strong>&nbsp;Práticas de Educação em Saúde para o Envelhecimento Ativo e Saudável no Instituto Paraibano de Envelhecimento.</p>



<p><strong>Professora:</strong>&nbsp;Maria Adelaide Paredes.</p>



<p><strong>Período:</strong>&nbsp;de 01/08/2023 até 31/07/2024.</p>



<h3 class="wp-block-heading">Exercícios em Solo</h3>



<p>Atividade que envolve exercícios aeróbicos, fortalecimento muscular e equilíbrio para a melhora da funcionalidade global.</p>



<p><strong>Docente (Parceria):</strong>&nbsp;Prof. Mallison da Silva Vasconcelos (Parceira com Departamento de Fisioterapia-UFPB)</p>



<h3 class="wp-block-heading">Hidroterapia</h3>



<p>Atividade terapêutica oferecida por meio da imersão na água aquecida que proporciona melhores condições para realização de movimentos impossíveis de se realizar em solo.&nbsp;</p>



<p><strong>Docente (Parceria):</strong>&nbsp;Prof. Mallison da Silva Vasconcelos (Parceira com Departamento de Fisioterapia-UFPB)</p>



<h3 class="wp-block-heading">Hidroginástica</h3>



<p>Esta atividade visa proporcionar ao idoso o aumento da sua capacidade aeróbia, força muscular flexibilidade e equilíbrio.&nbsp;</p>



<p><strong>Colaborador:</strong>&nbsp;Francisco Breno Cruz Alves.&nbsp;</p>



<p><strong>Projeto Probex:</strong>&nbsp;Práticas de Educação em Saúde para o Envelhecimento Ativo e Saudável no Instituto Paraibano de Envelhecimento.</p>



<p><strong>Professora:</strong>&nbsp;Maria Adelaide Paredes.</p>



<p><strong>Período:</strong>&nbsp;de 01/08/2023 até 31/07/2024.</p>



<h3 class="wp-block-heading">Musculação</h3>



<p>Atividade responsável por movimentos de grupos musculares objetivando redução de sarcopenia e fortalecimento da musculatura com melhora da marcha.&nbsp;</p>



<p><strong>Bolsista Extensionista:</strong>&nbsp;Francisco Breno Cruz Alves.&nbsp;</p>



<p><strong>Projeto Probex:</strong>&nbsp;Práticas de Educação em Saúde para o Envelhecimento Ativo e Saudável no Instituto Paraibano de Envelhecimento.</p>



<p><strong>Professora:</strong>&nbsp;Maria Adelaide Paredes.</p>



<p><strong>Período:</strong>&nbsp;de 01/08/2023 até 31/07/2024.</p>



<h2 class="wp-block-heading"><div class="linha-header">ATIVIDADES EDUCACIONAIS / COGNITIVAS</div></h2>



<h3 class="wp-block-heading"></h3>



<h3 class="wp-block-heading">Informática Básica Para a Pessoa Idosa</h3>



<p>Ensinar fundamentos de informática através do uso de&nbsp;dispositivos móveis (smartphone, tablet e notebook) e dispositivos de mesa (desktop) para pessoas da terceira idade engajadas no IPE. Trata-se de uma atividade eminentemente prática, em sala de aula dedicada para a atividade (laboratório de informática) cujo objetivo é promover a inclusão digital de idosos.</p>



<p><strong>Colaborador Externo Extensionista:</strong>&nbsp;Everaldo Souto Salvador (IFPB)</p>



<p><strong>Projeto Probex:</strong>&nbsp;Práticas de Educação em Saúde para o Envelhecimento Ativo e Saudável no Instituto Paraibano de Envelhecimento.</p>



<h3 class="wp-block-heading">Informática Avançada Para a Pessoa Idosa</h3>



<p><strong>Colaborador Externo Extensionista:</strong>&nbsp;Everaldo Souto Salvador (IFPB)</p>



<p><strong>Projeto Probex:</strong>&nbsp;Práticas de Educação em Saúde para o Envelhecimento Ativo e Saudável no Instituto Paraibano de Envelhecimento.</p>



<h3 class="wp-block-heading">Inglês Básico</h3>



<p>A atividade de língua inglesa tem como objetivo auxiliar&nbsp;pessoas acima dos 60 anos a aprenderem (e/ou relembrarem seu aprendizado) o idioma inglês, através de aulas expositivas e dinâmicas, trazendo tal aprendizado para seus contextos de vida. Podem ser apontados ainda como objetivos complementares: desenvolver conteúdos de interesse do(a) idoso(a),&nbsp;até mesmo nos passeios organizados ao longo do ano;&nbsp;estimular o(a) idoso(a) a verbalizar, em língua inglesa, detalhes de sua rotina.&nbsp;contribuir para um novo aprendizado, auxiliando o bom funcionamento da memória no envelhecimento.</p>



<p><strong>Colaboradora:&nbsp;</strong>Maria de Fátima Lira de Farias</p>



<h3 class="wp-block-heading">Autobiografia e Oficina Teatral Memórias em Cena</h3>



<p>Projeto que estimula a documentação da história dos idosos participantes no IPE como forma de estimulação da memória e com um legado para os mais jovens em conjunto com o projeto oficina teatral memórias em cena para estimular a sensibilidade, a imaginação, e a inteligência com valorização de lembranças individuais e coletivas, contribuindo para a autonomia dos idosos.&nbsp;</p>



<p><strong>Servidora Docente:&nbsp;</strong>Profa. Dra. Antônia Lêda Oliveira Silva</p>



<p><strong>Discente:&nbsp;</strong>Clara Anzolin</p>



<h3 class="wp-block-heading">Coral</h3>



<p>&nbsp;.&nbsp;</p>



<h3 class="wp-block-heading">Musicalização em Flauta Doce</h3>



<p>&nbsp;.&nbsp;</p>



<h3 class="wp-block-heading">Avaliação Gerontológica Ampla</h3>



<p>Esta atividade tem como objetivo avaliar os idosos nos seguintes domínios: identificação, antecedentes pessoais e familiares, medicações em uso, avaliação sensorial e comunicação, incontinência urinária, sono, cognição, humor, mobilidade, equilíbrio, risco de quedas, memória, risco nutricional e ambiental, avaliação do calendário vacinal e os sinais vitais para direcionamento de orientações não farmacológicas para a pessoa idosa e também para futuras pesquisas relacionadas ao envelhecimento.&nbsp;</p>



<p><strong>Servidoras:</strong>&nbsp;Ana Mabel Sulpino Felisberto;&nbsp;Fernanda Alencar de A. Pereira Fabrício&nbsp;</p>



<h3 class="wp-block-heading">Rodas de Conversa, Palestras e Oficinas</h3>



<p>Têm como objetivo informar, conscientizar e refletir sobre diversos assuntos relacionados à saúde e o bem-estar dos idosos.&nbsp;</p>



<h3 class="wp-block-heading">Cine Debate</h3>



<p>.</p>



<h2 class="wp-block-heading"><div class="linha-header">ATIVIDADES COMPLEMENTARES</div></h2>



<h3 class="wp-block-heading">Reiki</h3>



<p>Técnica que focaliza corpo, mente e espírito para melhora do estado físico e mental dos idosos.&nbsp;</p>



<p><strong>Colaboradora</strong>: Profa. Dulce Maria</p>



<h3 class="wp-block-heading">Relaxamento Induzido</h3>



<p>.</p>



<h3 class="wp-block-heading">Plantão de Escuta Psicológica</h3>



<p>Espaço de acolhimento aos idosos por escuta psicológica emergencial e preventiva para alívio das angustias emergentes.&nbsp;</p>



<p><strong>Colaboradores Externos Extensionistas</strong>: Paulo Cordeiro; Walquíria Moreira</p>



<p><strong>Colaborador Interno Extensionista</strong>: Carlos Batalha</p>



<h3 class="wp-block-heading">Yoga Namastê</h3>



<p>Essa atividade para os idosos contribui para o desenvolvimento gradual da flexibilidade, além da melhora no equilíbrio, sono e saúde mental.&nbsp;</p>



<p><strong>Docente Extensionista</strong>: Profa. Simone Bezerra.</p>

<p>Atividades ofertadas pelo IPE no período de 2024.2 ATIVIDADES FÍSICAS Alongamento e Dança Exercício físico [&hellip;]</p>
