{"id":19,"date":"2025-06-03T18:15:40","date_gmt":"2025-06-03T21:15:40","guid":{"rendered":"https:\/\/www.ufpb.br\/ipe\/?page_id=19"},"modified":"2025-07-23T13:36:41","modified_gmt":"2025-07-23T16:36:41","slug":"biosseguranca","status":"publish","type":"page","link":"https:\/\/www.ufpb.br\/ipe\/biosseguranca\/","title":{"rendered":"Biosseguran\u00e7a"},"content":{"rendered":"\n<h3 class=\"wp-block-heading\" id=\"block-32fa730b-c00e-4eb7-bc7b-84b3f3e5d49b\">1. Quem somos?<\/h3>\n\n\n\n<p id=\"block-94da0064-c35e-4c6d-a8dd-fca0448b3eeb\">A CBioIPE \u00e9 a Comiss\u00e3o Interna de Biosseguran\u00e7a do Instituto Paraibano de Envelhecimento &#8211; IPE\/UFPB, designada pela PORTARIA N\u00ba 1 \/ 2021 \u2013 IPE, composta pelos servidores:<\/p>\n\n\n\n<ul id=\"block-40b6309a-d44c-4b2c-9155-ac97cbfc95e0\" class=\"wp-block-list\">\n<li>Prof\u00aa Dr\u00aa. Antonia L\u00eada Oliveira Silva (Presidente da CBioIPE);<\/li>\n\n\n\n<li>Maria das Gra\u00e7as Duarte Miguel (Vice-Presidente da CBioIPE);<\/li>\n\n\n\n<li>Fernanda Alencar de Almeida Pereira Fabr\u00edcio (Membro);<\/li>\n\n\n\n<li>Ana Mabel Sulpino Felisberto (Membro).<\/li>\n<\/ul>\n\n\n\n<figure class=\"wp-block-image\" id=\"block-0e8a29ef-7fcc-4f82-89f7-37ae64a1fff8\"><img decoding=\"async\" src=\"https:\/\/www.ufpb.br\/ipe\/wp-content\/uploads\/sites\/79\/sites\/311\/2025\/06\/cbioipe-1024x768.jpeg\" alt=\"O atributo alt desta imagem est\u00e1 vazio. O nome do arquivo \u00e9 cbioipe-1024x768.jpeg\" \/><\/figure>\n\n\n\n<h3 class=\"wp-block-heading\" id=\"block-8bf40b4a-e915-4f74-8735-fde19c84dc60\">2. Atribui\u00e7\u00f5es da CBio &#8211; IPE:<\/h3>\n\n\n\n<p id=\"block-e6f1d681-86a0-44e4-b3d4-b9f22ddecfe9\">I \u2013 Normatizar e acompanhar as atividades relacionadas \u00e0 Biosseguran\u00e7a no IPE;<br>II \u2013 Implementar e acompanhar&nbsp; as diretrizes previstas na legisla\u00e7\u00e3o vigente proposta pela Comiss\u00e3o Institucional de Biosseguran\u00e7a \/ UFPB&nbsp; na operacionaliza\u00e7\u00e3o do retorno das atividades com os idosos no IPE;<br>III \u2013 Estabelecer a\u00e7\u00f5es de sensibiliza\u00e7\u00e3o em Biosseguran\u00e7a junto a comunidade idosa, acad\u00eamica e a sociedade em geral.<br>IV&nbsp;\u2013&nbsp;Promover a\u00e7\u00f5es de educa\u00e7\u00e3o permanente para difus\u00e3o do conhecimento em Biosseguran\u00e7a aos idosos, discentes, docentes e&nbsp; t\u00e9cnicos administrativos, vinculados ao IPE\/UFPB;<\/p>\n\n\n\n<p id=\"block-236b5f7a-491d-47d2-88d9-fd458fcf7e90\">&nbsp;<\/p>\n\n\n\n<h3 class=\"wp-block-heading\" id=\"block-8c05e002-2c9e-4365-aefd-a59d2206d68e\">3. V\u00eddeo de apresenta\u00e7\u00e3o<\/h3>\n\n\n\n<p id=\"block-88c1ee94-2743-41bc-b37b-c64483a78303\">Pode ser assistido&nbsp;<a href=\"https:\/\/www.youtube.com\/watch?v=JTCVyjNFlMM\" target=\"_blank\" rel=\"noreferrer noopener\">nesse link<\/a>.<\/p>\n\n\n\n<p id=\"block-3bb53284-a85c-4c73-b7af-cafce5252867\">&nbsp;&nbsp;<\/p>\n\n\n\n<h3 class=\"wp-block-heading\" id=\"block-b59ca02d-a46a-4d31-b46a-56efb9979e8e\">4. Fale Conosco<\/h3>\n\n\n\n<p id=\"block-585e0caa-e50e-486c-bd0d-b8c868f8c4b1\">Email oficial da comiss\u00e3o:&nbsp;<a href=\"mailto:cbioipe@gmail.com\">cbioipe@gmail.com<\/a><\/p>\n\n\n\n<p id=\"block-5c8e1ca2-054d-499e-a783-04d625c9e287\"><a href=\"mailto:cbioipe@gmail.com\"><\/a>&nbsp;<\/p>\n\n\n\n<h3 class=\"wp-block-heading\" id=\"block-8bce9426-1c26-4631-87f5-1060b09685a4\">5. Placas de Sinaliza\u00e7\u00e3o e Cartazes Educativos<\/h3>\n\n\n\n<p><a href=\"https:\/\/www.ufpb.br\/biosseguranca\/contents\/menu\/institucional\/sinalizacao-de-ambientes\">https:\/\/www.ufpb.br\/biosseguranca\/contents\/menu\/institucional\/sinalizacao-de-ambientes<\/a><\/p>\n\n\n\n<p><a href=\"https:\/\/idososcovid19.fiocruz.br\/busca\">https:\/\/idososcovid19.fiocruz.br\/busca<\/a><\/p>\n\n\n\n<p id=\"block-936fe2d1-e733-43b9-b624-e841c3ced725\">&nbsp;<\/p>\n\n\n\n<figure class=\"wp-block-image\" id=\"block-21720dff-f867-4b91-8f37-adaf3ec5a26c\"><img decoding=\"async\" src=\"https:\/\/www.ufpb.br\/ipe\/wp-content\/uploads\/sites\/79\/sites\/311\/2025\/06\/medidaspreventivascovid.png\" alt=\"O atributo alt desta imagem est\u00e1 vazio. O nome do arquivo \u00e9 medidaspreventivascovid.png\" \/><\/figure>\n\n\n\n<p id=\"block-2a5c06cf-2346-4af2-ab5e-24038044aa1d\">Elaborado pela Comiss\u00e3o de Biosseguran\u00e7a do IPE, Jo\u00e3o Pessoa, 2021.<\/p>\n\n\n\n<h3 class=\"wp-block-heading\" id=\"block-1f97e22f-2f02-45dc-a8b8-204841152928\">6.&nbsp;Retorno das atividades<\/h3>\n\n\n\n<figure class=\"wp-block-image\" id=\"block-1a144a50-ea90-4729-8d24-cc97e9fa6ca6\"><img decoding=\"async\" src=\"https:\/\/www.ufpb.br\/ipe\/wp-content\/uploads\/sites\/79\/sites\/311\/2025\/06\/cbioipeatividade3-1024x768.jpeg\" alt=\"O atributo alt desta imagem est\u00e1 vazio. O nome do arquivo \u00e9 cbioipeatividade3-1024x768.jpeg\" \/><\/figure>\n\n\n\n<figure class=\"wp-block-image\" id=\"block-3cb15e19-ba98-43b2-9cb1-6be02d9d87b8\"><img decoding=\"async\" src=\"https:\/\/www.ufpb.br\/ipe\/wp-content\/uploads\/sites\/79\/sites\/311\/2025\/06\/cbioipeatividade2-1024x768.jpeg\" alt=\"O atributo alt desta imagem est\u00e1 vazio. O nome do arquivo \u00e9 cbioipeatividade2-1024x768.jpeg\" \/><\/figure>\n\n\n\n<figure class=\"wp-block-image\" id=\"block-7fbbb6fd-8715-4201-8e9d-013fffae59b3\"><img decoding=\"async\" src=\"https:\/\/www.ufpb.br\/ipe\/wp-content\/uploads\/sites\/79\/sites\/311\/2025\/06\/RetornodasatividadesTaiChiChuan2-1024x768.jpeg\" alt=\"O atributo alt desta imagem est\u00e1 vazio. O nome do arquivo \u00e9 RetornodasatividadesTaiChiChuan2-1024x768.jpeg\" \/><\/figure>\n\n\n\n<p><\/p>\n","protected":false},"excerpt":{"rendered":"<p>1. Quem somos? A CBioIPE \u00e9 a Comiss\u00e3o Interna de Biosseguran\u00e7a do Instituto Paraibano de [&hellip;]<\/p>\n","protected":false},"author":47,"featured_media":0,"parent":0,"menu_order":0,"comment_status":"closed","ping_status":"closed","template":"","meta":{"footnotes":""},"class_list":["post-19","page","type-page","status-publish","hentry"],"_links":{"self":[{"href":"https:\/\/www.ufpb.br\/ipe\/wp-json\/wp\/v2\/pages\/19","targetHints":{"allow":["GET"]}}],"collection":[{"href":"https:\/\/www.ufpb.br\/ipe\/wp-json\/wp\/v2\/pages"}],"about":[{"href":"https:\/\/www.ufpb.br\/ipe\/wp-json\/wp\/v2\/types\/page"}],"author":[{"embeddable":true,"href":"https:\/\/www.ufpb.br\/ipe\/wp-json\/wp\/v2\/users\/47"}],"replies":[{"embeddable":true,"href":"https:\/\/www.ufpb.br\/ipe\/wp-json\/wp\/v2\/comments?post=19"}],"version-history":[{"count":7,"href":"https:\/\/www.ufpb.br\/ipe\/wp-json\/wp\/v2\/pages\/19\/revisions"}],"predecessor-version":[{"id":69,"href":"https:\/\/www.ufpb.br\/ipe\/wp-json\/wp\/v2\/pages\/19\/revisions\/69"}],"wp:attachment":[{"href":"https:\/\/www.ufpb.br\/ipe\/wp-json\/wp\/v2\/media?parent=19"}],"curies":[{"name":"wp","href":"https:\/\/api.w.org\/{rel}","templated":true}]}}