{"id":284,"date":"2026-08-03T07:41:47","date_gmt":"2026-08-03T10:41:47","guid":{"rendered":"https:\/\/www.ufpb.br\/ipe\/?page_id=284"},"modified":"2026-08-14T14:55:26","modified_gmt":"2026-08-14T17:55:26","slug":"projetos","status":"publish","type":"page","link":"https:\/\/www.ufpb.br\/ipe\/projetos\/","title":{"rendered":"Projetos"},"content":{"rendered":"\n<p class=\"wp-block-paragraph\"><strong>PROJETO DE EXTENS\u00c3O (PROEX N\u00ba 14\/2025 \u2013 PROBEX 2025-2026)&nbsp;:&nbsp;<\/strong>PR\u00c1TICAS DE EDUCA\u00c7\u00c3O EM SA\u00daDE PARA O ENVELHECIMENTO ATIVO E SAUD\u00c1VEL NO INSTITUTO PARAIBANO DE ENVELHECIMENTO. <strong><strong>COORDENADORA:<\/strong>&nbsp;<\/strong>PROF\u00aa DR\u00aa MARIA ADELAIDE SILVA PEREIRA MOREIRA<\/p>\n\n\n\n<p class=\"wp-block-paragraph\"><strong>PROJETO EXTENS\u00c3O (EDITAL PROEX N\u00ba 05\/2026)<\/strong>: A\u00c7\u00d5ES SOCIOEDUCATIVAS DE PROMO\u00c7\u00c3O PARA O ENVELHECIMENTO ATIVO E SAUD\u00c1VEL.<strong> <strong>COORDENADORA:<\/strong>&nbsp;<\/strong>PROF\u00aa DR\u00aa MARIA ADELAIDE SILVA PEREIRA MOREIRA<\/p>\n\n\n\n<p class=\"wp-block-paragraph\"><strong>PROJETO DE EXTENS\u00c3O (PROEX N\u00ba 14\/2025 \u2013 PROBEX 2025-2026)&nbsp;<\/strong>\u201cMusicaliza\u00e7\u00e3o para adultos e pessoas da terceira idade atrav\u00e9s da flauta doce\u201d. <strong>COORDENADORA: <\/strong>LUCENI CAETANO<\/p>\n\n\n\n<p class=\"wp-block-paragraph\"><strong>PROJETO EXTENS\u00c3O <\/strong>\u201cCINE-DEBATE: ESTRAT\u00c9GIA PEDAG\u00d3GICA PARA DISCUSS\u00c3O DO ENVELHECIMENTO COM IDOSOS E ESTUDANTES DA \u00c1REA DE SA\u00daDE\u201d <strong>COORDENADORA:<\/strong>&nbsp;PROF\u00aa. MARIA DE LOURDES FARIAS PONTES<\/p>\n\n\n\n<p class=\"wp-block-paragraph\"><strong>PROJETO ARTES VISUAIS &amp; INCLUS\u00c3O 2026 \u2013 PROBEX E PROLICEN Coordenador:<\/strong>&nbsp;Prof. Robson Xavier da Costa (CCTA\/UFPB)<\/p>\n\n\n\n<p class=\"wp-block-paragraph\"><strong>PROJETO CINE-DEBATE:<\/strong> ESTRAT\u00c9GIA PEDAG\u00d3GICA PARA DISCUSS\u00c3O DO ENVELHECIMENTO COM IDOSOS E ESTUDANTES DA \u00c1REA DE SA\u00daDE. <strong>Coordenadora: <\/strong>Profa. Maria de Lourdes<\/p>\n\n\n\n<p class=\"wp-block-paragraph\"><strong>PROJETO NAMAST\u00ca:<\/strong> Yoga e Medita\u00e7\u00e3o na UFPB CCSProfa. <strong>Coordenadora:<\/strong> Simone Bezerra Alves.<\/p>\n\n\n\n<p class=\"wp-block-paragraph\"><strong>MELHORART<\/strong>. <strong>Coordenadora:<\/strong> Prof\u00aa Cl\u00e1udia Batista<\/p>\n\n\n\n<p class=\"wp-block-paragraph\"><strong>OFICINA DE FOTOGRAFIA DIGITAL COM CELULAR E ARTETERAPIA<\/strong><br><strong>Coordenadora:<\/strong> Robson Xavier da Costa<\/p>\n\n\n\n<p class=\"wp-block-paragraph\"><strong>L\u00cdNGUA FRANCESA POR MEIO DE CAN\u00c7\u00d5ES<\/strong> <strong>Coordenadora:<\/strong>Sandra Medeiros<\/p>\n\n\n\n<p class=\"wp-block-paragraph\"><strong>A IMPORT\u00c2NCIA DO CUIDADO FARMAC\u00caUTICO NA TERAPIA MEDICAMENTOSA EM IDOSOS<\/strong> <strong>Coordenadora:<\/strong> Profa. Margareth de DINIZ<\/p>\n\n\n\n<p class=\"wp-block-paragraph\"><strong>RELAXAMENTO INDUZIDO COMO ESTRAT\u00c9GIA PARA SA\u00daDE &#8211; ANO 2025-2026ILLO Coordenadora:<\/strong> Ata\u00edde Macedo Duarte<\/p>\n\n\n\n<p class=\"wp-block-paragraph\"><strong>FITOTERAPIA PARA TODOS: EDUCA\u00c7\u00c3O EM SA\u00daDE<br>NA PR\u00c1TICA DO CUIDADO<\/strong> <strong>Coordenadora:<\/strong> Prof.\u00aa Dr\u00aa LE\u00d4NIA MARIA BATISTA<\/p>\n\n\n\n<p class=\"wp-block-paragraph\"><\/p>\n\n\n\n<p class=\"wp-block-paragraph\"><br><\/p>\n\n\n\n<p class=\"wp-block-paragraph\"><\/p>\n\n\n\n<p class=\"wp-block-paragraph\"><br><\/p>\n","protected":false},"excerpt":{"rendered":"<p>PROJETO DE EXTENS\u00c3O (PROEX N\u00ba 14\/2025 \u2013 PROBEX 2025-2026)&nbsp;:&nbsp;PR\u00c1TICAS DE EDUCA\u00c7\u00c3O EM SA\u00daDE PARA O [&hellip;]<\/p>\n","protected":false},"author":63,"featured_media":0,"parent":0,"menu_order":0,"comment_status":"closed","ping_status":"closed","template":"","meta":{"footnotes":""},"class_list":["post-284","page","type-page","status-publish","hentry"],"_links":{"self":[{"href":"https:\/\/www.ufpb.br\/ipe\/wp-json\/wp\/v2\/pages\/284","targetHints":{"allow":["GET"]}}],"collection":[{"href":"https:\/\/www.ufpb.br\/ipe\/wp-json\/wp\/v2\/pages"}],"about":[{"href":"https:\/\/www.ufpb.br\/ipe\/wp-json\/wp\/v2\/types\/page"}],"author":[{"embeddable":true,"href":"https:\/\/www.ufpb.br\/ipe\/wp-json\/wp\/v2\/users\/63"}],"replies":[{"embeddable":true,"href":"https:\/\/www.ufpb.br\/ipe\/wp-json\/wp\/v2\/comments?post=284"}],"version-history":[{"count":4,"href":"https:\/\/www.ufpb.br\/ipe\/wp-json\/wp\/v2\/pages\/284\/revisions"}],"predecessor-version":[{"id":356,"href":"https:\/\/www.ufpb.br\/ipe\/wp-json\/wp\/v2\/pages\/284\/revisions\/356"}],"wp:attachment":[{"href":"https:\/\/www.ufpb.br\/ipe\/wp-json\/wp\/v2\/media?parent=284"}],"curies":[{"name":"wp","href":"https:\/\/api.w.org\/{rel}","templated":true}]}}

<p class="wp-block-paragraph"><strong>PROJETO DE EXTENSÃO (PROEX Nº 14/2025 – PROBEX 2025-2026)&nbsp;:&nbsp;</strong>PRÁTICAS DE EDUCAÇÃO EM SAÚDE PARA O ENVELHECIMENTO ATIVO E SAUDÁVEL NO INSTITUTO PARAIBANO DE ENVELHECIMENTO. <strong><strong>COORDENADORA:</strong>&nbsp;</strong>PROFª DRª MARIA ADELAIDE SILVA PEREIRA MOREIRA</p>



<p class="wp-block-paragraph"><strong>PROJETO EXTENSÃO (EDITAL PROEX Nº 05/2026)</strong>: AÇÕES SOCIOEDUCATIVAS DE PROMOÇÃO PARA O ENVELHECIMENTO ATIVO E SAUDÁVEL.<strong> <strong>COORDENADORA:</strong>&nbsp;</strong>PROFª DRª MARIA ADELAIDE SILVA PEREIRA MOREIRA</p>



<p class="wp-block-paragraph"><strong>PROJETO DE EXTENSÃO (PROEX Nº 14/2025 – PROBEX 2025-2026)&nbsp;</strong>“Musicalização para adultos e pessoas da terceira idade através da flauta doce”. <strong>COORDENADORA: </strong>LUCENI CAETANO</p>



<p class="wp-block-paragraph"><strong>PROJETO EXTENSÃO </strong>“CINE-DEBATE: ESTRATÉGIA PEDAGÓGICA PARA DISCUSSÃO DO ENVELHECIMENTO COM IDOSOS E ESTUDANTES DA ÁREA DE SAÚDE” <strong>COORDENADORA:</strong>&nbsp;PROFª. MARIA DE LOURDES FARIAS PONTES</p>



<p class="wp-block-paragraph"><strong>PROJETO ARTES VISUAIS &amp; INCLUSÃO 2026 – PROBEX E PROLICEN Coordenador:</strong>&nbsp;Prof. Robson Xavier da Costa (CCTA/UFPB)</p>



<p class="wp-block-paragraph"><strong>PROJETO CINE-DEBATE:</strong> ESTRATÉGIA PEDAGÓGICA PARA DISCUSSÃO DO ENVELHECIMENTO COM IDOSOS E ESTUDANTES DA ÁREA DE SAÚDE. <strong>Coordenadora: </strong>Profa. Maria de Lourdes</p>



<p class="wp-block-paragraph"><strong>PROJETO NAMASTÊ:</strong> Yoga e Meditação na UFPB CCSProfa. <strong>Coordenadora:</strong> Simone Bezerra Alves.</p>



<p class="wp-block-paragraph"><strong>MELHORART</strong>. <strong>Coordenadora:</strong> Profª Cláudia Batista</p>



<p class="wp-block-paragraph"><strong>OFICINA DE FOTOGRAFIA DIGITAL COM CELULAR E ARTETERAPIA</strong><br><strong>Coordenadora:</strong> Robson Xavier da Costa</p>



<p class="wp-block-paragraph"><strong>LÍNGUA FRANCESA POR MEIO DE CANÇÕES</strong> <strong>Coordenadora:</strong>Sandra Medeiros</p>



<p class="wp-block-paragraph"><strong>A IMPORTÂNCIA DO CUIDADO FARMACÊUTICO NA TERAPIA MEDICAMENTOSA EM IDOSOS</strong> <strong>Coordenadora:</strong> Profa. Margareth de DINIZ</p>



<p class="wp-block-paragraph"><strong>RELAXAMENTO INDUZIDO COMO ESTRATÉGIA PARA SAÚDE &#8211; ANO 2025-2026ILLO Coordenadora:</strong> Ataíde Macedo Duarte</p>



<p class="wp-block-paragraph"><strong>FITOTERAPIA PARA TODOS: EDUCAÇÃO EM SAÚDE<br>NA PRÁTICA DO CUIDADO</strong> <strong>Coordenadora:</strong> Prof.ª Drª LEÔNIA MARIA BATISTA</p>



<p class="wp-block-paragraph"></p>



<p class="wp-block-paragraph"><br></p>



<p class="wp-block-paragraph"></p>



<p class="wp-block-paragraph"><br></p>

<p>PROJETO DE EXTENSÃO (PROEX Nº 14/2025 – PROBEX 2025-2026)&nbsp;:&nbsp;PRÁTICAS DE EDUCAÇÃO EM SAÚDE PARA O [&hellip;]</p>
