{"id":109,"date":"2025-05-19T14:01:02","date_gmt":"2025-05-19T17:01:02","guid":{"rendered":"https:\/\/www.ufpb.br\/ipefarm2\/?page_id=109"},"modified":"2025-09-24T14:20:04","modified_gmt":"2025-09-24T17:20:04","slug":"diretoria-administrativa-e-financeira","status":"publish","type":"page","link":"https:\/\/www.ufpb.br\/ipefarm\/diretoria-administrativa-e-financeira\/","title":{"rendered":"Diretoria Administrativa e Financeira"},"content":{"rendered":"\n<p style=\"text-align: justify\">A Diretoria Administrativa e Financeira (DAF) constitui um pilar essencial na estrutura do Instituto de Pesquisa em F\u00e1rmacos e Medicamentos (IPeFarM) da Universidade Federal da Para\u00edba (UFPB). \u00c9 a unidade respons\u00e1vel por assegurar o funcionamento eficiente e transparente de todas as atividades de suporte necess\u00e1rias para que o Instituto cumpra sua miss\u00e3o de pesquisa, desenvolvimento e inova\u00e7\u00e3o na \u00e1rea farmac\u00eautica.<\/p>\n\n\n\n<p style=\"text-align: justify\">A DAF dedica-se ao planejamento, coordena\u00e7\u00e3o e controle de todas as opera\u00e7\u00f5es administrativas e financeiras do IPeFarM. Isso envolve desde a defini\u00e7\u00e3o de diretrizes e pol\u00edticas financeiras que norteiam a gest\u00e3o dos recursos, at\u00e9 a execu\u00e7\u00e3o direta de processos fundamentais para o dia a dia do Instituto.<\/p>\n\n\n\n<p><\/p>\n\n\n\n<p><\/p>\n","protected":false},"excerpt":{"rendered":"<p>A Diretoria Administrativa e Financeira (DAF) constitui um pilar essencial na estrutura do Instituto de [&hellip;]<\/p>\n","protected":false},"author":286,"featured_media":0,"parent":0,"menu_order":0,"comment_status":"closed","ping_status":"closed","template":"","meta":{"footnotes":""},"class_list":["post-109","page","type-page","status-publish","hentry"],"_links":{"self":[{"href":"https:\/\/www.ufpb.br\/ipefarm\/wp-json\/wp\/v2\/pages\/109","targetHints":{"allow":["GET"]}}],"collection":[{"href":"https:\/\/www.ufpb.br\/ipefarm\/wp-json\/wp\/v2\/pages"}],"about":[{"href":"https:\/\/www.ufpb.br\/ipefarm\/wp-json\/wp\/v2\/types\/page"}],"author":[{"embeddable":true,"href":"https:\/\/www.ufpb.br\/ipefarm\/wp-json\/wp\/v2\/users\/286"}],"replies":[{"embeddable":true,"href":"https:\/\/www.ufpb.br\/ipefarm\/wp-json\/wp\/v2\/comments?post=109"}],"version-history":[{"count":17,"href":"https:\/\/www.ufpb.br\/ipefarm\/wp-json\/wp\/v2\/pages\/109\/revisions"}],"predecessor-version":[{"id":347,"href":"https:\/\/www.ufpb.br\/ipefarm\/wp-json\/wp\/v2\/pages\/109\/revisions\/347"}],"wp:attachment":[{"href":"https:\/\/www.ufpb.br\/ipefarm\/wp-json\/wp\/v2\/media?parent=109"}],"curies":[{"name":"wp","href":"https:\/\/api.w.org\/{rel}","templated":true}]}}