{"id":23,"date":"2025-05-19T14:19:53","date_gmt":"2025-05-19T17:19:53","guid":{"rendered":"https:\/\/www.ufpb.br\/ipefarm2\/?page_id=23"},"modified":"2025-05-19T14:19:53","modified_gmt":"2025-05-19T17:19:53","slug":"estrutura-organizacional","status":"publish","type":"page","link":"https:\/\/www.ufpb.br\/ipefarm\/estrutura-organizacional\/","title":{"rendered":"Estrutura organizacional"},"content":{"rendered":"\n<p><\/p>\n\n\n\n<p><strong>Conselho Cient\u00edfico-Tecnol\u00f3gico e Administrativo<\/strong><\/p>\n\n\n\n<p>O&nbsp;Conselho Cient\u00edfico-Tecnol\u00f3gico e Administrativo (CCTA) \u00e9 \u00f3rg\u00e3o colegiado com fun\u00e7\u00e3o de orienta\u00e7\u00e3o e assessoramento aos diretores no planejamento das atividades do IPeFarM-UFPB.<\/p>\n\n\n\n<p><\/p>\n\n\n\n<p><strong>Comp\u00f5em o CCTA:<\/strong><\/p>\n\n\n\n<p>I. O Diretor Presidente do IPeFarM-UFPB, que o presidir\u00e1;<\/p>\n\n\n\n<p>II. O Diretor Administrativo e Financeiro;<\/p>\n\n\n\n<p>III. O Diretor de Pesquisas em Qu\u00edmica;<\/p>\n\n\n\n<p>IV. O Diretor de Pesquisa em Farmacologia e Toxicologia N\u00e3o Cl\u00ednica<\/p>\n\n\n\n<p>V. O Diretor de Pesquisa em Tecnologia<\/p>\n\n\n\n<p>VI. O Diretor de Pesquisa Cl\u00ednica<\/p>\n\n\n\n<p>VII. O Pr\u00f3-Reitor da P\u00f3s-Gradua\u00e7\u00e3o;<\/p>\n\n\n\n<p>VIII. O Pr\u00f3-Reitor de Extens\u00e3o;<\/p>\n\n\n\n<p>IX. Um representante de um \u00f3rg\u00e3o de fomento;<\/p>\n\n\n\n<p>X. Um representante das P\u00f3s-Gradua\u00e7\u00f5es em atividade no IPeFarM;<\/p>\n\n\n\n<p>XI. Um representante dos discentes em atividades no IPeFarM;<\/p>\n\n\n\n<p>XII. Um representante dos pesquisadores do quadro permanente do IPeFarM;<\/p>\n\n\n\n<p>XIII. Um representante dos funcion\u00e1rios do quadro permanente do IPeFarM;<\/p>\n\n\n\n<p><\/p>\n\n\n\n<p><strong>Conselho Gestor<\/strong><\/p>\n\n\n\n<p>O Conselho Gestor (CGES) \u00e9 constitu\u00eddo pelo Diretor-Presidente, pelo Diretor Administrativo e Financeiro, pelo Diretor de Pesquisa em Qu\u00edmica, pelo Diretor de Pesquisa em Farmacologia e Toxicologia N\u00e3o Cl\u00ednica, pelo Diretor de Pesquisas Tecnol\u00f3gicas e pelo Diretor de Pesquisas Cl\u00ednicas; sendo presidido pelo primeiro.<\/p>\n\n\n\n<p>S\u00e3o atribui\u00e7\u00f5es do Conselho Gestor:<\/p>\n\n\n\n<p>I &#8211; Dar estrutura administrativa ao IPeFarM-UFPB;<\/p>\n\n\n\n<p>II &#8211; Fixar, em regimento interno, o regime de trabalho e as atribui\u00e7\u00f5es do pessoal;<\/p>\n\n\n\n<p>III &#8211; Deliberar sobre os pedidos de concess\u00e3o de aux\u00edlio ad referendum do IPeFarM;<\/p>\n\n\n\n<p>IV &#8211; Organizar o plano anual do IPeFarM;<\/p>\n\n\n\n<p>V &#8211; Organizar a proposta or\u00e7ament\u00e1ria anual;<\/p>\n\n\n\n<p>VI &#8211; Elaborar o relat\u00f3rio anual das atividades do IPeFarM e providenciar a sua divulga\u00e7\u00e3o;<\/p>\n\n\n\n<p>VII- No caso de n\u00e3o haver unanimidade nas decis\u00f5es do CGES, cabe ao CCTA o voto de delibera\u00e7\u00e3o da mat\u00e9ria.&nbsp;<\/p>\n\n\n\n<p><\/p>\n\n\n\n<p><strong>Diretores&nbsp; &nbsp; &nbsp;<\/strong><\/p>\n\n\n\n<ul class=\"wp-block-list\">\n<li>PRESID\u00caNCIA<\/li>\n<\/ul>\n\n\n\n<p>Profa. Dra.&nbsp;MIRIAN GRACIELA DA SILVA STIEBBE SALVADORI<\/p>\n\n\n\n<ul class=\"wp-block-list\">\n<li>DIRETORIA DE PESQUISA QU\u00cdMICA<\/li>\n<\/ul>\n\n\n\n<p>Dr.&nbsp;EVANDRO FERREIRA DA SILVA<\/p>\n\n\n\n<ul class=\"wp-block-list\">\n<li>DIRETORIA DE PESQUISA EM FARMACOLOGIA E TOXICOLOGIA<\/li>\n<\/ul>\n\n\n\n<p>&nbsp;Profa. Dra.&nbsp;MIRIAN GRACIELA DA SILVA STIEBBE SALVADORI<\/p>\n\n\n\n<ul class=\"wp-block-list\">\n<li>DIRETORIA DE PESQUISA TECNOL\u00d3GICA<\/li>\n<\/ul>\n\n\n\n<p>Dra. RENATA LEITE<\/p>\n\n\n\n<ul class=\"wp-block-list\">\n<li>DIRETORIA DE PESQUISA CL\u00cdNICA<\/li>\n<\/ul>\n\n\n\n<p>Prof. Dr. RUI OLIVEIRA MAC\u00caDO<\/p>\n\n\n\n<ul class=\"wp-block-list\">\n<li>DIRETORIA ADMINISTRATIVA E FINANCEIRA<\/li>\n<\/ul>\n\n\n\n<p>Profa. Dra. ROSEANA MARIA BARBOSA MEIRA<\/p>\n\n\n\n<p><\/p>\n\n\n\n<figure class=\"wp-block-image size-full\"><img loading=\"lazy\" decoding=\"async\" width=\"766\" height=\"686\" src=\"https:\/\/www.ufpb.br\/ipefarm\/wp-content\/uploads\/sites\/79\/sites\/265\/2025\/02\/image.png\" alt=\"\" class=\"wp-image-24\" srcset=\"https:\/\/www.ufpb.br\/ipefarm\/wp-content\/uploads\/sites\/79\/sites\/265\/2025\/02\/image.png 766w, https:\/\/www.ufpb.br\/ipefarm\/wp-content\/uploads\/sites\/79\/sites\/265\/2025\/02\/image-300x269.png 300w\" sizes=\"auto, (max-width: 766px) 100vw, 766px\" \/><\/figure>\n","protected":false},"excerpt":{"rendered":"<p>Conselho Cient\u00edfico-Tecnol\u00f3gico e Administrativo O&nbsp;Conselho Cient\u00edfico-Tecnol\u00f3gico e Administrativo (CCTA) \u00e9 \u00f3rg\u00e3o colegiado com fun\u00e7\u00e3o de [&hellip;]<\/p>\n","protected":false},"author":286,"featured_media":0,"parent":0,"menu_order":0,"comment_status":"closed","ping_status":"closed","template":"","meta":{"footnotes":""},"class_list":["post-23","page","type-page","status-publish","hentry"],"_links":{"self":[{"href":"https:\/\/www.ufpb.br\/ipefarm\/wp-json\/wp\/v2\/pages\/23","targetHints":{"allow":["GET"]}}],"collection":[{"href":"https:\/\/www.ufpb.br\/ipefarm\/wp-json\/wp\/v2\/pages"}],"about":[{"href":"https:\/\/www.ufpb.br\/ipefarm\/wp-json\/wp\/v2\/types\/page"}],"author":[{"embeddable":true,"href":"https:\/\/www.ufpb.br\/ipefarm\/wp-json\/wp\/v2\/users\/286"}],"replies":[{"embeddable":true,"href":"https:\/\/www.ufpb.br\/ipefarm\/wp-json\/wp\/v2\/comments?post=23"}],"version-history":[{"count":2,"href":"https:\/\/www.ufpb.br\/ipefarm\/wp-json\/wp\/v2\/pages\/23\/revisions"}],"predecessor-version":[{"id":185,"href":"https:\/\/www.ufpb.br\/ipefarm\/wp-json\/wp\/v2\/pages\/23\/revisions\/185"}],"wp:attachment":[{"href":"https:\/\/www.ufpb.br\/ipefarm\/wp-json\/wp\/v2\/media?parent=23"}],"curies":[{"name":"wp","href":"https:\/\/api.w.org\/{rel}","templated":true}]}}

<p></p>



<p><strong>Conselho Científico-Tecnológico e Administrativo</strong></p>



<p>O&nbsp;Conselho Científico-Tecnológico e Administrativo (CCTA) é órgão colegiado com função de orientação e assessoramento aos diretores no planejamento das atividades do IPeFarM-UFPB.</p>



<p></p>



<p><strong>Compõem o CCTA:</strong></p>



<p>I. O Diretor Presidente do IPeFarM-UFPB, que o presidirá;</p>



<p>II. O Diretor Administrativo e Financeiro;</p>



<p>III. O Diretor de Pesquisas em Química;</p>



<p>IV. O Diretor de Pesquisa em Farmacologia e Toxicologia Não Clínica</p>



<p>V. O Diretor de Pesquisa em Tecnologia</p>



<p>VI. O Diretor de Pesquisa Clínica</p>



<p>VII. O Pró-Reitor da Pós-Graduação;</p>



<p>VIII. O Pró-Reitor de Extensão;</p>



<p>IX. Um representante de um órgão de fomento;</p>



<p>X. Um representante das Pós-Graduações em atividade no IPeFarM;</p>



<p>XI. Um representante dos discentes em atividades no IPeFarM;</p>



<p>XII. Um representante dos pesquisadores do quadro permanente do IPeFarM;</p>



<p>XIII. Um representante dos funcionários do quadro permanente do IPeFarM;</p>



<p></p>



<p><strong>Conselho Gestor</strong></p>



<p>O Conselho Gestor (CGES) é constituído pelo Diretor-Presidente, pelo Diretor Administrativo e Financeiro, pelo Diretor de Pesquisa em Química, pelo Diretor de Pesquisa em Farmacologia e Toxicologia Não Clínica, pelo Diretor de Pesquisas Tecnológicas e pelo Diretor de Pesquisas Clínicas; sendo presidido pelo primeiro.</p>



<p>São atribuições do Conselho Gestor:</p>



<p>I &#8211; Dar estrutura administrativa ao IPeFarM-UFPB;</p>



<p>II &#8211; Fixar, em regimento interno, o regime de trabalho e as atribuições do pessoal;</p>



<p>III &#8211; Deliberar sobre os pedidos de concessão de auxílio ad referendum do IPeFarM;</p>



<p>IV &#8211; Organizar o plano anual do IPeFarM;</p>



<p>V &#8211; Organizar a proposta orçamentária anual;</p>



<p>VI &#8211; Elaborar o relatório anual das atividades do IPeFarM e providenciar a sua divulgação;</p>



<p>VII- No caso de não haver unanimidade nas decisões do CGES, cabe ao CCTA o voto de deliberação da matéria.&nbsp;</p>



<p></p>



<p><strong>Diretores&nbsp; &nbsp; &nbsp;</strong></p>



<ul class="wp-block-list">
<li>PRESIDÊNCIA</li>
</ul>



<p>Profa. Dra.&nbsp;MIRIAN GRACIELA DA SILVA STIEBBE SALVADORI</p>



<ul class="wp-block-list">
<li>DIRETORIA DE PESQUISA QUÍMICA</li>
</ul>



<p>Dr.&nbsp;EVANDRO FERREIRA DA SILVA</p>



<ul class="wp-block-list">
<li>DIRETORIA DE PESQUISA EM FARMACOLOGIA E TOXICOLOGIA</li>
</ul>



<p>&nbsp;Profa. Dra.&nbsp;MIRIAN GRACIELA DA SILVA STIEBBE SALVADORI</p>



<ul class="wp-block-list">
<li>DIRETORIA DE PESQUISA TECNOLÓGICA</li>
</ul>



<p>Dra. RENATA LEITE</p>



<ul class="wp-block-list">
<li>DIRETORIA DE PESQUISA CLÍNICA</li>
</ul>



<p>Prof. Dr. RUI OLIVEIRA MACÊDO</p>



<ul class="wp-block-list">
<li>DIRETORIA ADMINISTRATIVA E FINANCEIRA</li>
</ul>



<p>Profa. Dra. ROSEANA MARIA BARBOSA MEIRA</p>



<p></p>



<figure class="wp-block-image size-full"><img loading="lazy" decoding="async" width="766" height="686" src="https://www.ufpb.br/ipefarm/wp-content/uploads/sites/79/sites/265/2025/02/image.png" alt="" class="wp-image-24" srcset="https://www.ufpb.br/ipefarm/wp-content/uploads/sites/79/sites/265/2025/02/image.png 766w, https://www.ufpb.br/ipefarm/wp-content/uploads/sites/79/sites/265/2025/02/image-300x269.png 300w" sizes="auto, (max-width: 766px) 100vw, 766px" /></figure>

<p>Conselho Científico-Tecnológico e Administrativo O&nbsp;Conselho Científico-Tecnológico e Administrativo (CCTA) é órgão colegiado com função de [&hellip;]</p>
