{"id":109,"date":"2026-04-28T15:08:39","date_gmt":"2026-04-28T18:08:39","guid":{"rendered":"https:\/\/www.ufpb.br\/lambda\/?page_id=109"},"modified":"2026-04-28T15:09:19","modified_gmt":"2026-04-28T18:09:19","slug":"requisicoes","status":"publish","type":"page","link":"https:\/\/www.ufpb.br\/lambda\/requisicoes\/","title":{"rendered":"Requisi\u00e7\u00f5es"},"content":{"rendered":"\n<p>Solicita\u00e7\u00e3o e requisi\u00e7\u00e3o de servi\u00e7os a outras unidades da UFPB<\/p>\n\n\n\n<figure class=\"wp-block-table\"><table class=\"has-fixed-layout\"><tbody><tr><td>Unidade: SINFRA\u00a0 \u00a0 \u00a0 \u00a0 \u00a0 \u00a0 \u00a0 \u00a0 \u00a0 \u00a0 \u00a0 \u00a0 \u00a0 <br>Data: 11\/04\/2023\u00a0 \u00a0 \u00a0 \u00a0 \u00a0 \u00a0 \u00a0 \u00a0 \u00a0 \u00a0 \u00a0 \u00a0 \u00a0 \u00a0 \u00a0 \u00a0 \u00a0 \u00a0 \u00a0 \u00a0 \u00a0<br><a href=\"https:\/\/sipac.ufpb.br\/sipac\/visualizaRequisicao.do?acao=18&amp;requisicao=82831\">Requisi\u00e7\u00e3o: 2721\/2023<\/a><br>Assunto: Instalar tomadas de energia para aparelho de ar condicionado que j\u00e1 est\u00e3o instalados no LAMBDA<br>Status: Executado<\/td><\/tr><tr><td>Unidade: PRG\/Sinfra \u00a0\u00a0\u00a0\u00a0\u00a0\u00a0\u00a0\u00a0\u00a0\u00a0\u00a0\u00a0\u00a0\u00a0\u00a0\u00a0\u00a0\u00a0\u00a0\u00a0\u00a0\u00a0\u00a0\u00a0\u00a0\u00a0\u00a0\u00a0\u00a0 <br>Data: 03\/03\/2023\u00a0 \u00a0 \u00a0 \u00a0 \u00a0 \u00a0 \u00a0 \u00a0 \u00a0 \u00a0 \u00a0 \u00a0 \u00a0 \u00a0 \u00a0<br><a href=\"https:\/\/sipac.ufpb.br\/sipac\/visualizaRequisicao.do?acao=18&amp;requisicao=81064\">Requisi\u00e7\u00e3o:\u00a0 1682\/2023<\/a><br>Assunto: Verifica distribui\u00e7\u00e3o el\u00e9trica para aparelho de ar no LAMBDA (65-128.747), disjuntor est\u00e1 desligando<br>Status: Executado<\/td><\/tr><tr><td>Unidade: PRG\/Sinfra \u00a0\u00a0\u00a0\u00a0\u00a0\u00a0\u00a0\u00a0\u00a0\u00a0\u00a0\u00a0\u00a0\u00a0\u00a0\u00a0\u00a0\u00a0\u00a0\u00a0\u00a0\u00a0\u00a0\u00a0\u00a0\u00a0\u00a0\u00a0\u00a0 <br>Data: 16\/01\/2023 \u00a0\u00a0\u00a0\u00a0\u00a0\u00a0\u00a0\u00a0\u00a0\u00a0\u00a0\u00a0\u00a0\u00a0\u00a0\u00a0\u00a0\u00a0\u00a0\u00a0\u00a0\u00a0\u00a0\u00a0\u00a0\u00a0\u00a0 <br>Processo: \u00a023074.002413\/2023-94<br>Assunto: Instalar ar condicionado no Lambda (65-128.747)\u00a0para auxiliar aparelho atual que n\u00e3o consegue baixar a temperatura al\u00e9m de 27\u00b0<br>Status: Executado em 01\/04\/2023\u00a0 \u00a0 \u00a0 \u00a0 <br>Observa\u00e7\u00e3o: aparelho n\u00e3o testado pois n\u00e3o havia tomada para ligar<\/td><\/tr><\/tbody><\/table><\/figure>\n","protected":false},"excerpt":{"rendered":"<p>Solicita\u00e7\u00e3o e requisi\u00e7\u00e3o de servi\u00e7os a outras unidades da UFPB Unidade: SINFRA\u00a0 \u00a0 \u00a0 \u00a0 [&hellip;]<\/p>\n","protected":false},"author":445,"featured_media":0,"parent":0,"menu_order":0,"comment_status":"closed","ping_status":"closed","template":"","meta":{"footnotes":""},"class_list":["post-109","page","type-page","status-publish","hentry"],"_links":{"self":[{"href":"https:\/\/www.ufpb.br\/lambda\/wp-json\/wp\/v2\/pages\/109","targetHints":{"allow":["GET"]}}],"collection":[{"href":"https:\/\/www.ufpb.br\/lambda\/wp-json\/wp\/v2\/pages"}],"about":[{"href":"https:\/\/www.ufpb.br\/lambda\/wp-json\/wp\/v2\/types\/page"}],"author":[{"embeddable":true,"href":"https:\/\/www.ufpb.br\/lambda\/wp-json\/wp\/v2\/users\/445"}],"replies":[{"embeddable":true,"href":"https:\/\/www.ufpb.br\/lambda\/wp-json\/wp\/v2\/comments?post=109"}],"version-history":[{"count":4,"href":"https:\/\/www.ufpb.br\/lambda\/wp-json\/wp\/v2\/pages\/109\/revisions"}],"predecessor-version":[{"id":113,"href":"https:\/\/www.ufpb.br\/lambda\/wp-json\/wp\/v2\/pages\/109\/revisions\/113"}],"wp:attachment":[{"href":"https:\/\/www.ufpb.br\/lambda\/wp-json\/wp\/v2\/media?parent=109"}],"curies":[{"name":"wp","href":"https:\/\/api.w.org\/{rel}","templated":true}]}}

Requisições

<p>Solicitação e requisição de serviços a outras unidades da UFPB</p>



<figure class="wp-block-table"><table class="has-fixed-layout"><tbody><tr><td>Unidade: SINFRA                          <br>Data: 11/04/2023                                         <br><a href="https://sipac.ufpb.br/sipac/visualizaRequisicao.do?acao=18&amp;requisicao=82831">Requisição: 2721/2023</a><br>Assunto: Instalar tomadas de energia para aparelho de ar condicionado que já estão instalados no LAMBDA<br>Status: Executado</td></tr><tr><td>Unidade: PRG/Sinfra                               <br>Data: 03/03/2023                             <br><a href="https://sipac.ufpb.br/sipac/visualizaRequisicao.do?acao=18&amp;requisicao=81064">Requisição:  1682/2023</a><br>Assunto: Verifica distribuição elétrica para aparelho de ar no LAMBDA (65-128.747), disjuntor está desligando<br>Status: Executado</td></tr><tr><td>Unidade: PRG/Sinfra                               <br>Data: 16/01/2023                             <br>Processo:  23074.002413/2023-94<br>Assunto: Instalar ar condicionado no Lambda (65-128.747) para auxiliar aparelho atual que não consegue baixar a temperatura além de 27°<br>Status: Executado em 01/04/2023        <br>Observação: aparelho não testado pois não havia tomada para ligar</td></tr></tbody></table></figure>

<p>Solicitação e requisição de serviços a outras unidades da UFPB Unidade: SINFRA        [&hellip;]</p>
