{"id":24,"date":"2024-04-25T02:40:47","date_gmt":"2024-04-25T02:40:47","guid":{"rendered":"https:\/\/www.ufpb.br\/maidai\/?page_id=24"},"modified":"2025-03-17T18:29:39","modified_gmt":"2025-03-17T18:29:39","slug":"maidai-2020","status":"publish","type":"page","link":"https:\/\/www.ufpb.br\/maidai\/maidai-2020\/","title":{"rendered":"MAIDAI 2020"},"content":{"rendered":"\n<p>Programa de Mestrado e Doutorado Acad\u00eamico para Inova\u00e7\u00e3o (MAI\/DAI)<br>Chamada CNPq N\u00b0 12\/2020<br>Foram indicadas 05 (cinco) bolsas de Mestrado e 05 (cinco) bolsas de Doutorado.<\/p>\n\n\n\n<p>(1) Edital N\u00b0 01\/2022 MAI\/DAI\/UFPB<br>(2) Edital N\u00b0 01\/2023 MAI\/DAI\/UFPB<br>(3) Edital N\u00b0 03\/2023 MAI\/DAI\/PPGEE<\/p>\n\n\n\n<figure class=\"wp-block-table\"><table><tbody><tr><td class=\"has-text-align-center\" data-align=\"center\">Discente<\/td><td class=\"has-text-align-center\" data-align=\"center\">Orientador<\/td><td class=\"has-text-align-center\" data-align=\"center\">Empresa<\/td><td class=\"has-text-align-center\" data-align=\"center\">Bolsa<\/td><td class=\"has-text-align-center\" data-align=\"center\">Programa<\/td><td>T\u00edtulo do Trabalho<\/td><\/tr><tr><td class=\"has-text-align-center\" data-align=\"center\">Raquel Xavier Silva<\/td><td class=\"has-text-align-center\" data-align=\"center\">Juan Moises Mauricio Villanueva<\/td><td class=\"has-text-align-center\" data-align=\"center\">F\u00e1brica de Vidros Planos VIVIX<\/td><td class=\"has-text-align-center\" data-align=\"center\">Mestrado CNPq (1)<\/td><td class=\"has-text-align-center\" data-align=\"center\">PPGEE<\/td><td>An\u00e1lise da Efici\u00eancia Energ\u00e9tica e Modelo de Calibra\u00e7\u00e3o em Sistemas de Abastecimento de \u00c1gua (<strong><a href=\"http:\/\/www.ufpb.br\/maidai\/wp-content\/uploads\/sites\/79\/sites\/171\/2025\/03\/2025-03-Dissertao-Raquel_Xavier_Silva-FINAL.pdf\" target=\"_blank\" rel=\"noreferrer noopener\">Link<\/a><\/strong>)<\/td><\/tr><tr><td class=\"has-text-align-center\" data-align=\"center\">Jos\u00e9 Vin\u00edcius Santos de Ara\u00fajo<\/td><td class=\"has-text-align-center\" data-align=\"center\">Juan Moises Mauricio Villanueva \/ Euler Cassio Tavares de Mac\u00eado <\/td><td class=\"has-text-align-center\" data-align=\"center\">F\u00e1brica de Vidros Planos VIVIX<\/td><td class=\"has-text-align-center\" data-align=\"center\">Mestrado CNPq (2)<\/td><td class=\"has-text-align-center\" data-align=\"center\">PPGEE<\/td><td>Alarmes inteligentes em processos de desmineraliza\u00e7\u00e3o da \u00e1gua para a produ\u00e7\u00e3o de vidros baseado em descoberta do conhecimento (<a href=\"http:\/\/www.ufpb.br\/maidai\/wp-content\/uploads\/sites\/79\/sites\/171\/2024\/12\/MESTRADO-JOSE-VINICIUS-2024-2.pdf\" target=\"_blank\" rel=\"noreferrer noopener\"><strong>Link<\/strong><\/a>)<\/td><\/tr><tr><td class=\"has-text-align-center\" data-align=\"center\">Ricardo Falc\u00e3o Carneiro da Cunha<\/td><td class=\"has-text-align-center\" data-align=\"center\">Cleonilson Protasio de Souza<\/td><td class=\"has-text-align-center\" data-align=\"center\">GLOBALTEC Tecnologias Educacionais<\/td><td class=\"has-text-align-center\" data-align=\"center\">Mestrado CNPq (2)<\/td><td class=\"has-text-align-center\" data-align=\"center\">PPGEE<\/td><td><\/td><\/tr><tr><td class=\"has-text-align-center\" data-align=\"center\">Rayanelle Tissiane Gomes da Silva<\/td><td class=\"has-text-align-center\" data-align=\"center\">Josiane de Campos Cruz<\/td><td class=\"has-text-align-center\" data-align=\"center\">ABRACE<\/td><td class=\"has-text-align-center\" data-align=\"center\">Mestrado CNPq (1)<\/td><td class=\"has-text-align-center\" data-align=\"center\">PPGMCF<\/td><td><\/td><\/tr><tr><td class=\"has-text-align-center\" data-align=\"center\">Mateus de Sousa<\/td><td class=\"has-text-align-center\" data-align=\"center\">Juan Moises Mauricio Villanueva<\/td><td class=\"has-text-align-center\" data-align=\"center\">F\u00e1brica de Vidros Planos VIVIX<\/td><td class=\"has-text-align-center\" data-align=\"center\">Mestrado CNPq (3)<\/td><td class=\"has-text-align-center\" data-align=\"center\">PPGEE<\/td><td><\/td><\/tr><tr><td class=\"has-text-align-center\" data-align=\"center\">Naara Felipe da Fonseca<\/td><td class=\"has-text-align-center\" data-align=\"center\">Rui Oliveira Mac\u00eado<\/td><td class=\"has-text-align-center\" data-align=\"center\">FUNBITS &#8211; Funda\u00e7\u00e3o de Apoio a Biotecnologia e Inova\u00e7\u00e3o Tecnol\u00f3gica em Sa\u00fade<\/td><td class=\"has-text-align-center\" data-align=\"center\">Doutorado CNPq (1)<\/td><td class=\"has-text-align-center\" data-align=\"center\">PPGDITM<\/td><td><\/td><\/tr><tr><td class=\"has-text-align-center\" data-align=\"center\">Micilene Silva de Brito<\/td><td class=\"has-text-align-center\" data-align=\"center\">Rui Oliveira Mac\u00eado<\/td><td class=\"has-text-align-center\" data-align=\"center\">FUNBITS &#8211; Funda\u00e7\u00e3o de Apoio a Biotecnologia e Inova\u00e7\u00e3o Tecnol\u00f3gica em Sa\u00fade<\/td><td class=\"has-text-align-center\" data-align=\"center\">Doutorado CNPq (1)<\/td><td class=\"has-text-align-center\" data-align=\"center\">PPGPNSB<\/td><td><\/td><\/tr><tr><td class=\"has-text-align-center\" data-align=\"center\">Maria Eduarda Noberto Oliveira de Medeiros<\/td><td class=\"has-text-align-center\" data-align=\"center\">Cleonilson Protasio de Souza<\/td><td class=\"has-text-align-center\" data-align=\"center\">ECOSOLO<\/td><td class=\"has-text-align-center\" data-align=\"center\">Doutorado CNPq (1)<\/td><td class=\"has-text-align-center\" data-align=\"center\">PRODEMA<\/td><td><\/td><\/tr><tr><td class=\"has-text-align-center\" data-align=\"center\">Carmonizia da Silva Freire<\/td><td class=\"has-text-align-center\" data-align=\"center\">Alisson Vasconcelos Brito<\/td><td class=\"has-text-align-center\" data-align=\"center\">VSOFT<\/td><td class=\"has-text-align-center\" data-align=\"center\">Doutorado CNPq (1)<\/td><td class=\"has-text-align-center\" data-align=\"center\">PPGEM<\/td><td><\/td><\/tr><tr><td class=\"has-text-align-center\" data-align=\"center\">Igino Giordani da Silva Guerra<\/td><td class=\"has-text-align-center\" data-align=\"center\">Heber Pimentel Gomes<\/td><td class=\"has-text-align-center\" data-align=\"center\">F\u00e1brica de Vidros Planos VIVIX<\/td><td class=\"has-text-align-center\" data-align=\"center\">Doutorado CNPq (2)<\/td><td class=\"has-text-align-center\" data-align=\"center\">PPGEM<\/td><td><\/td><\/tr><\/tbody><\/table><\/figure>\n\n\n\n<p><\/p>\n","protected":false},"excerpt":{"rendered":"<p>Programa de Mestrado e Doutorado Acad\u00eamico para Inova\u00e7\u00e3o (MAI\/DAI)Chamada CNPq N\u00b0 12\/2020Foram indicadas 05 (cinco) bolsas de Mestrado e 05 (cinco) bolsas de Doutorado. (1) Edital N\u00b0 01\/2022 MAI\/DAI\/UFPB(2) Edital N\u00b0 01\/2023 MAI\/DAI\/UFPB(3) Edital N\u00b0 03\/2023 MAI\/DAI\/PPGEE Discente Orientador Empresa Bolsa Programa T\u00edtulo do Trabalho Raquel Xavier Silva Juan Moises Mauricio Villanueva F\u00e1brica de Vidros [&hellip;]<\/p>\n","protected":false},"author":52,"featured_media":0,"parent":0,"menu_order":0,"comment_status":"closed","ping_status":"closed","template":"","meta":{"footnotes":""},"class_list":["post-24","page","type-page","status-publish","hentry"],"_links":{"self":[{"href":"https:\/\/www.ufpb.br\/maidai\/wp-json\/wp\/v2\/pages\/24","targetHints":{"allow":["GET"]}}],"collection":[{"href":"https:\/\/www.ufpb.br\/maidai\/wp-json\/wp\/v2\/pages"}],"about":[{"href":"https:\/\/www.ufpb.br\/maidai\/wp-json\/wp\/v2\/types\/page"}],"author":[{"embeddable":true,"href":"https:\/\/www.ufpb.br\/maidai\/wp-json\/wp\/v2\/users\/52"}],"replies":[{"embeddable":true,"href":"https:\/\/www.ufpb.br\/maidai\/wp-json\/wp\/v2\/comments?post=24"}],"version-history":[{"count":40,"href":"https:\/\/www.ufpb.br\/maidai\/wp-json\/wp\/v2\/pages\/24\/revisions"}],"predecessor-version":[{"id":304,"href":"https:\/\/www.ufpb.br\/maidai\/wp-json\/wp\/v2\/pages\/24\/revisions\/304"}],"wp:attachment":[{"href":"https:\/\/www.ufpb.br\/maidai\/wp-json\/wp\/v2\/media?parent=24"}],"curies":[{"name":"wp","href":"https:\/\/api.w.org\/{rel}","templated":true}]}}