{"id":22,"date":"2024-04-03T23:41:00","date_gmt":"2024-04-03T23:41:00","guid":{"rendered":"https:\/\/www.ufpb.br\/ndihr2\/?page_id=22"},"modified":"2025-10-08T15:26:59","modified_gmt":"2025-10-08T18:26:59","slug":"quem-somos","status":"publish","type":"page","link":"https:\/\/www.ufpb.br\/ndihr\/quem-somos\/","title":{"rendered":"Apresenta\u00e7\u00e3o"},"content":{"rendered":"<p>O\u00a0 N\u00facleo de Documenta\u00e7\u00e3o e Informa\u00e7\u00e3o Hist\u00f3rica Regional &#8211; NDIHR, \u00e9 um \u00f3rg\u00e3o suplementar da Reitoria da\u00a0 Universidade Federal da Para\u00edba, que tem como objetivos b\u00e1sicos o resgate e a preserva\u00e7\u00e3o da mem\u00f3ria e a produ\u00e7\u00e3o do conhecimento cr\u00edtico sobre a realidade nordestina. S\u00e3o estes objetivos que caracterizam o corpus do NDIHR como interdisciplinar, pela abrang\u00eancia multicient\u00edfica de suas pesquisas e pela diversidade de campos de conhecimento de seus pesquisadores.<\/p>\n<p class=\"callout\"><strong>Implantado em 1976, localiza-se no Campus I da UFPB, na cidade de Jo\u00e3o Pessoa-PB.<\/strong><\/p>\n<p>Entre as finalidades b\u00e1sicas do NDIHR est\u00e3o:<\/p>\n<p>a) realizar estudos interdisciplinares sobre temas relevantes para a compreens\u00e3o do processo hist\u00f3rico regional;<\/p>\n<p>b) identificar, referenciar, organizar arquivos e conjuntos documentais significativos por seu conte\u00fado e potencialidades para a pesquisa na \u00e1rea de Ci\u00eancias Humanas, desenvolvendo a\u00e7\u00f5es concretas no sentido de sua preserva\u00e7\u00e3o;<\/p>\n<p>c) promover e\/ou participar de eventos que visem a dissemina\u00e7\u00e3o de novos conhecimentos e atualiza\u00e7\u00e3o cient\u00edfica, junto \u00e0 comunidade universit\u00e1ria e \u00e0 sociedade em geral;<\/p>\n<p>d) prestar assessoria t\u00e9cnico-cient\u00edfica e<\/p>\n<p>e) publicar e divulgar os trabalhos produzidos por seus pesquisadores.<\/p>\n","protected":false},"excerpt":{"rendered":"<p>O\u00a0 N\u00facleo de Documenta\u00e7\u00e3o e Informa\u00e7\u00e3o Hist\u00f3rica Regional &#8211; NDIHR, \u00e9 um \u00f3rg\u00e3o suplementar da [&hellip;]<\/p>\n","protected":false},"author":47,"featured_media":0,"parent":0,"menu_order":0,"comment_status":"closed","ping_status":"closed","template":"","meta":{"footnotes":""},"class_list":["post-22","page","type-page","status-publish","hentry"],"_links":{"self":[{"href":"https:\/\/www.ufpb.br\/ndihr\/wp-json\/wp\/v2\/pages\/22","targetHints":{"allow":["GET"]}}],"collection":[{"href":"https:\/\/www.ufpb.br\/ndihr\/wp-json\/wp\/v2\/pages"}],"about":[{"href":"https:\/\/www.ufpb.br\/ndihr\/wp-json\/wp\/v2\/types\/page"}],"author":[{"embeddable":true,"href":"https:\/\/www.ufpb.br\/ndihr\/wp-json\/wp\/v2\/users\/47"}],"replies":[{"embeddable":true,"href":"https:\/\/www.ufpb.br\/ndihr\/wp-json\/wp\/v2\/comments?post=22"}],"version-history":[{"count":2,"href":"https:\/\/www.ufpb.br\/ndihr\/wp-json\/wp\/v2\/pages\/22\/revisions"}],"predecessor-version":[{"id":433,"href":"https:\/\/www.ufpb.br\/ndihr\/wp-json\/wp\/v2\/pages\/22\/revisions\/433"}],"wp:attachment":[{"href":"https:\/\/www.ufpb.br\/ndihr\/wp-json\/wp\/v2\/media?parent=22"}],"curies":[{"name":"wp","href":"https:\/\/api.w.org\/{rel}","templated":true}]}}