{"id":30,"date":"2024-04-03T23:44:33","date_gmt":"2024-04-03T23:44:33","guid":{"rendered":"https:\/\/www.ufpb.br\/ndihr2\/?page_id=30"},"modified":"2026-02-09T15:11:22","modified_gmt":"2026-02-09T18:11:22","slug":"biblioteca-prof-silvio-frank-alem","status":"publish","type":"page","link":"https:\/\/www.ufpb.br\/ndihr\/biblioteca-prof-silvio-frank-alem\/","title":{"rendered":"Biblioteca"},"content":{"rendered":"<p><span style=\"font-weight: 400\">A Biblioteca Setorial no NDIHR foi originalmente institu\u00edda para atender as demandas de pesquisa do N\u00facleo, mas atualmente serve toda a comunidade acad\u00eamica. O nome da biblioteca <\/span>\u00e9<span style=\"font-weight: 400\"> uma homenagem ao Professor S\u00edlvio Frank Alem <\/span><span style=\"font-weight: 400\">que <\/span>fazia parte do <span style=\"font-weight: 400\">Departamento de Hist\u00f3ria.\u00a0<\/span><\/p>\n<p><span style=\"font-weight: 400\">A consulta ao nosso Acervo de livros \u00e9 feita de forma On-Line, pesquisando o livro por T\u00edtulo, por Autor ou por Assunto.\u00a0 (<\/span><a href=\"https:\/\/sigaa.ufpb.br\/sigaa\/public\/biblioteca\/buscaPublicaAcervo.jsf?aba=p-biblioteca\"><span style=\"font-weight: 400\">https:\/\/sigaa.ufpb.br\/sigaa\/public\/biblioteca\/buscaPublicaAcervo.jsf?aba=p-biblioteca<\/span><\/a><span style=\"font-weight: 400\">)<\/span><\/p>\n<p class=\" \"><b>A cole\u00e7\u00e3o foi processada utilizando as seguintes t\u00e9cnicas:<\/b><\/p>\n<p class=\" \">Classifica\u00e7\u00e3o &#8211; Sistema de Classifica\u00e7\u00e3o Decimal Universal e Sistema de Classifica\u00e7\u00e3o para Documentos Especiais<br \/>Cataloga\u00e7\u00e3o &#8211; AACR2<br \/>Cataloga\u00e7\u00e3o Automatizada &#8211; Software Microisis, utilizando a planilha Biblio, que \u00e9 baseada no formato MARC<br \/>Descritores &#8211; Cabe\u00e7alho de assunto\/Rede Bibliodata\/Calco<\/p>\n<p class=\" \"><b>Atualmente no acervo encontram-se conclu\u00eddas as seguintes cole\u00e7\u00f5es:<\/b><\/p>\n<p>Cole\u00e7\u00e3o Geral &#8211; Livros-textos, planos, programas, projetos e anais.<br \/>Cole\u00e7\u00e3o de Refer\u00eancia &#8211; Dicion\u00e1rios, atlas, cat\u00e1logos, bibliografias e invent\u00e1rios.<br \/>Cole\u00e7\u00e3o Documentos Especiais &#8211; Teses, disserta\u00e7\u00f5es, monografias, textos, relat\u00f3rios e folhetos.<br \/><a href=\"http:\/\/www.ufpb.br\/ndihr\/wp-content\/uploads\/sites\/79\/sites\/166\/2024\/09\/catalogo-hemeroteca_ndihr.pdf\">Hemeroteca &#8211; Cole\u00e7\u00e3o de jornais alternativos.<\/a><\/p>\n<p class=\" \"><b>Cole\u00e7\u00f5es em fase de organiza\u00e7\u00e3o<\/b><\/p>\n<p>Cole\u00e7\u00e3o de Peri\u00f3dicos &#8211; Revistas, cadernos e boletins.<br \/>Cole\u00e7\u00e3o de Peri\u00f3dicos de Refer\u00eancia &#8211; Censos e dados estat\u00edsticos.<\/p>\n<p class=\"callout\"><em><strong>Observa\u00e7\u00e3o: Material dispon\u00edvel somente para consulta local.<\/strong><\/em><\/p>\n<p class=\" \"><b>Bibliotec\u00e1ria:<\/b><\/p>\n<p class=\" \">Claudia Cristina da Silva \u2013 Bibliotec\u00e1ria-Documentalista<\/p>\n\n\n<p><\/p>\n","protected":false},"excerpt":{"rendered":"<p>A Biblioteca Setorial no NDIHR foi originalmente institu\u00edda para atender as demandas de pesquisa do [&hellip;]<\/p>\n","protected":false},"author":47,"featured_media":0,"parent":0,"menu_order":0,"comment_status":"closed","ping_status":"closed","template":"","meta":{"footnotes":""},"class_list":["post-30","page","type-page","status-publish","hentry"],"_links":{"self":[{"href":"https:\/\/www.ufpb.br\/ndihr\/wp-json\/wp\/v2\/pages\/30","targetHints":{"allow":["GET"]}}],"collection":[{"href":"https:\/\/www.ufpb.br\/ndihr\/wp-json\/wp\/v2\/pages"}],"about":[{"href":"https:\/\/www.ufpb.br\/ndihr\/wp-json\/wp\/v2\/types\/page"}],"author":[{"embeddable":true,"href":"https:\/\/www.ufpb.br\/ndihr\/wp-json\/wp\/v2\/users\/47"}],"replies":[{"embeddable":true,"href":"https:\/\/www.ufpb.br\/ndihr\/wp-json\/wp\/v2\/comments?post=30"}],"version-history":[{"count":7,"href":"https:\/\/www.ufpb.br\/ndihr\/wp-json\/wp\/v2\/pages\/30\/revisions"}],"predecessor-version":[{"id":468,"href":"https:\/\/www.ufpb.br\/ndihr\/wp-json\/wp\/v2\/pages\/30\/revisions\/468"}],"wp:attachment":[{"href":"https:\/\/www.ufpb.br\/ndihr\/wp-json\/wp\/v2\/media?parent=30"}],"curies":[{"name":"wp","href":"https:\/\/api.w.org\/{rel}","templated":true}]}}

<p><span style="font-weight: 400">A Biblioteca Setorial no NDIHR foi originalmente instituída para atender as demandas de pesquisa do Núcleo, mas atualmente serve toda a comunidade acadêmica. O nome da biblioteca </span>é<span style="font-weight: 400"> uma homenagem ao Professor Sílvio Frank Alem </span><span style="font-weight: 400">que </span>fazia parte do <span style="font-weight: 400">Departamento de História. </span></p>
<p><span style="font-weight: 400">A consulta ao nosso Acervo de livros é feita de forma On-Line, pesquisando o livro por Título, por Autor ou por Assunto.  (</span><a href="https://sigaa.ufpb.br/sigaa/public/biblioteca/buscaPublicaAcervo.jsf?aba=p-biblioteca"><span style="font-weight: 400">https://sigaa.ufpb.br/sigaa/public/biblioteca/buscaPublicaAcervo.jsf?aba=p-biblioteca</span></a><span style="font-weight: 400">)</span></p>
<p class=" "><b>A coleção foi processada utilizando as seguintes técnicas:</b></p>
<p class=" ">Classificação &#8211; Sistema de Classificação Decimal Universal e Sistema de Classificação para Documentos Especiais<br />Catalogação &#8211; AACR2<br />Catalogação Automatizada &#8211; Software Microisis, utilizando a planilha Biblio, que é baseada no formato MARC<br />Descritores &#8211; Cabeçalho de assunto/Rede Bibliodata/Calco</p>
<p class=" "><b>Atualmente no acervo encontram-se concluídas as seguintes coleções:</b></p>
<p>Coleção Geral &#8211; Livros-textos, planos, programas, projetos e anais.<br />Coleção de Referência &#8211; Dicionários, atlas, catálogos, bibliografias e inventários.<br />Coleção Documentos Especiais &#8211; Teses, dissertações, monografias, textos, relatórios e folhetos.<br /><a href="http://www.ufpb.br/ndihr/wp-content/uploads/sites/79/sites/166/2024/09/catalogo-hemeroteca_ndihr.pdf">Hemeroteca &#8211; Coleção de jornais alternativos.</a></p>
<p class=" "><b>Coleções em fase de organização</b></p>
<p>Coleção de Periódicos &#8211; Revistas, cadernos e boletins.<br />Coleção de Periódicos de Referência &#8211; Censos e dados estatísticos.</p>
<p class="callout"><em><strong>Observação: Material disponível somente para consulta local.</strong></em></p>
<p class=" "><b>Bibliotecária:</b></p>
<p class=" ">Claudia Cristina da Silva – Bibliotecária-Documentalista</p>


<p></p>

<p>A Biblioteca Setorial no NDIHR foi originalmente instituída para atender as demandas de pesquisa do [&hellip;]</p>
