{"id":8,"date":"2024-07-05T12:33:19","date_gmt":"2024-07-05T12:33:19","guid":{"rendered":"https:\/\/www.ufpb.br\/ouvidoria2\/?page_id=8"},"modified":"2025-07-30T09:23:09","modified_gmt":"2025-07-30T12:23:09","slug":"institucional","status":"publish","type":"page","link":"https:\/\/www.ufpb.br\/ouvidoria\/institucional\/","title":{"rendered":"Quem somos"},"content":{"rendered":"<p><strong><span style=\"font-size: 16px;color: revert\">Contatos e Curr\u00edculos dos membros da Ouvidoria Geral da UFPB<\/span><\/strong><\/p>\n<div class=\"visualClear\">\n<p><strong>FELIPE LEONARDO ASSIS RAMELLI<br \/>\nOuvidor-Geral<\/strong><\/p>\n<p><strong>Forma\u00e7\u00e3o:<\/strong> Gradua\u00e7\u00e3o em Gest\u00e3o P\u00fablica e Jornalismo | Mestre em Gest\u00e3o P\u00fablica e Coopera\u00e7\u00e3o Internacional | Especialista em Ouvidoria P\u00fablica<br \/>\n<strong>Curr\u00edculo Lattes:<\/strong> <a href=\"http:\/\/lattes.cnpq.br\/3145884223618180\">http:\/\/lattes.cnpq.br\/3145884223618180<\/a><br \/>\n<strong>Contatos:<\/strong> 3216-7985 | felipe@ouvidoria.ufpb.br<\/p>\n<\/div>\n<p><strong style=\"font-size: revert;color: initial\">PRISCILLA SCAVUZZI VILA NOVA DURANT<br \/>\n<\/strong><strong style=\"font-size: revert;color: initial\">Ouvidora Adjunta<\/strong><\/p>\n<div class=\"visualClear\">\n<p><strong>Forma\u00e7\u00e3o:<\/strong> Gradua\u00e7\u00e3o em Direito | Especializa\u00e7\u00e3o em Direito Previdenci\u00e1rio<br \/>\n<strong>Curr\u00edculo Lattes:<\/strong> <a href=\"http:\/\/lattes.cnpq.br\/2662727056613234\">http:\/\/lattes.cnpq.br\/2662727056613234<\/a><br \/>\n<strong>Contatos:<\/strong> 3216-7985<\/p>\n<\/div>\n<div class=\"visualClear\">\n<p><strong>JULIANA FERNANDES PERONICO<br \/>\nGerente do Servi\u00e7o de Informa\u00e7\u00e3o ao Cidad\u00e3o (SIC)<\/strong><\/p>\n<p><strong>Forma\u00e7\u00e3o:<\/strong> Gradua\u00e7\u00e3o em Direito e Letras | Especializa\u00e7\u00e3o em Direito P\u00fablico e Produ\u00e7\u00e3o Textual<br \/>\n<strong>Contatos:<\/strong> 3216-7998 | julianaperonico@ouvidoria.ufpb.br<\/p>\n<p><strong>JO\u00c3O CLEBER LIMA SOARES<br \/>\nAssistente de Ouvidoria<\/strong><\/p>\n<p><strong>Forma\u00e7\u00e3o:<\/strong> Gradua\u00e7\u00e3o e especializa\u00e7\u00e3o em Servi\u00e7os Jur\u00eddicos e Notariais | Especialista em Ouvidoria P\u00fablica<br \/>\n<strong>Contatos:<\/strong> 3216-7998 | joaocleber@ouvidoria.ufpb.br<\/p>\n<p><strong>HUGO BARBOSA SOARES<br \/>\nAssistente de Ouvidoria<\/strong><\/p>\n<\/div>\n<p><strong>Forma\u00e7\u00e3o:<\/strong> Gradua\u00e7\u00e3o em Administra\u00e7\u00e3o<br \/>\n<strong>Contatos:<\/strong> 3216-7998<\/p>\n","protected":false},"excerpt":{"rendered":"<p>Contatos e Curr\u00edculos dos membros da Ouvidoria Geral da UFPB FELIPE LEONARDO ASSIS RAMELLI Ouvidor-Geral [&hellip;]<\/p>\n","protected":false},"author":47,"featured_media":0,"parent":0,"menu_order":0,"comment_status":"closed","ping_status":"closed","template":"","meta":{"footnotes":""},"class_list":["post-8","page","type-page","status-publish","hentry"],"_links":{"self":[{"href":"https:\/\/www.ufpb.br\/ouvidoria\/wp-json\/wp\/v2\/pages\/8","targetHints":{"allow":["GET"]}}],"collection":[{"href":"https:\/\/www.ufpb.br\/ouvidoria\/wp-json\/wp\/v2\/pages"}],"about":[{"href":"https:\/\/www.ufpb.br\/ouvidoria\/wp-json\/wp\/v2\/types\/page"}],"author":[{"embeddable":true,"href":"https:\/\/www.ufpb.br\/ouvidoria\/wp-json\/wp\/v2\/users\/47"}],"replies":[{"embeddable":true,"href":"https:\/\/www.ufpb.br\/ouvidoria\/wp-json\/wp\/v2\/comments?post=8"}],"version-history":[{"count":21,"href":"https:\/\/www.ufpb.br\/ouvidoria\/wp-json\/wp\/v2\/pages\/8\/revisions"}],"predecessor-version":[{"id":442,"href":"https:\/\/www.ufpb.br\/ouvidoria\/wp-json\/wp\/v2\/pages\/8\/revisions\/442"}],"wp:attachment":[{"href":"https:\/\/www.ufpb.br\/ouvidoria\/wp-json\/wp\/v2\/media?parent=8"}],"curies":[{"name":"wp","href":"https:\/\/api.w.org\/{rel}","templated":true}]}}

<p><strong><span style="font-size: 16px;color: revert">Contatos e Currículos dos membros da Ouvidoria Geral da UFPB</span></strong></p>
<div class="visualClear">
<p><strong>FELIPE LEONARDO ASSIS RAMELLI<br />
Ouvidor-Geral</strong></p>
<p><strong>Formação:</strong> Graduação em Gestão Pública e Jornalismo | Mestre em Gestão Pública e Cooperação Internacional | Especialista em Ouvidoria Pública<br />
<strong>Currículo Lattes:</strong> <a href="http://lattes.cnpq.br/3145884223618180">http://lattes.cnpq.br/3145884223618180</a><br />
<strong>Contatos:</strong> 3216-7985 | felipe@ouvidoria.ufpb.br</p>
</div>
<p><strong style="font-size: revert;color: initial">PRISCILLA SCAVUZZI VILA NOVA DURANT<br />
</strong><strong style="font-size: revert;color: initial">Ouvidora Adjunta</strong></p>
<div class="visualClear">
<p><strong>Formação:</strong> Graduação em Direito | Especialização em Direito Previdenciário<br />
<strong>Currículo Lattes:</strong> <a href="http://lattes.cnpq.br/2662727056613234">http://lattes.cnpq.br/2662727056613234</a><br />
<strong>Contatos:</strong> 3216-7985</p>
</div>
<div class="visualClear">
<p><strong>JULIANA FERNANDES PERONICO<br />
Gerente do Serviço de Informação ao Cidadão (SIC)</strong></p>
<p><strong>Formação:</strong> Graduação em Direito e Letras | Especialização em Direito Público e Produção Textual<br />
<strong>Contatos:</strong> 3216-7998 | julianaperonico@ouvidoria.ufpb.br</p>
<p><strong>JOÃO CLEBER LIMA SOARES<br />
Assistente de Ouvidoria</strong></p>
<p><strong>Formação:</strong> Graduação e especialização em Serviços Jurídicos e Notariais | Especialista em Ouvidoria Pública<br />
<strong>Contatos:</strong> 3216-7998 | joaocleber@ouvidoria.ufpb.br</p>
<p><strong>HUGO BARBOSA SOARES<br />
Assistente de Ouvidoria</strong></p>
</div>
<p><strong>Formação:</strong> Graduação em Administração<br />
<strong>Contatos:</strong> 3216-7998</p>

<p>Contatos e Currículos dos membros da Ouvidoria Geral da UFPB FELIPE LEONARDO ASSIS RAMELLI Ouvidor-Geral [&hellip;]</p>
