{"id":116,"date":"2024-09-26T08:45:38","date_gmt":"2024-09-26T11:45:38","guid":{"rendered":"https:\/\/www.ufpb.br\/pinacoteca2\/?page_id=116"},"modified":"2025-04-25T10:08:57","modified_gmt":"2025-04-25T13:08:57","slug":"clovis-junior","status":"publish","type":"page","link":"https:\/\/www.ufpb.br\/pinacoteca\/acervo\/colecao-pinacoteca-ufpb\/clovis-junior\/","title":{"rendered":"Clovis Junior"},"content":{"rendered":"\n<div style=\"height:30px\" aria-hidden=\"true\" class=\"wp-block-spacer\"><\/div>\n\n\n\n<p><strong>Guarabira &#8211; PB, 1965.<\/strong><\/p>\n\n\n\n<p>Cl\u00f3vis Dias J\u00fanior, nascido em Guarabira-PB (1965), desde 1982 vive e trabalha na capital da Para\u00edba, Jo\u00e3o Pessoa. \u00c9 Artista&nbsp;<em>Naif<\/em>, autodidata, seu trabalho se realiza na pintura, escultura e gravura. Estudou na UFPB como graduando em Educa\u00e7\u00e3o Art\u00edstica, onde teve contato com a gravura em metal a partir da instru\u00e7\u00e3o de&nbsp;Hermano Jos\u00e9. Tem sua primeira exposi\u00e7\u00e3o realizada na Biblioteca Central da UFPB em 1983.<\/p>\n\n\n\n<p>Conta com diversas exposi\u00e7\u00f5es nacionais e internacionais (Estados Unidos, Argentina, Fran\u00e7a, etc), tendo conquistado muitos olhares durante sua carreira.<\/p>\n\n\n\n<p>[Fonte: Dicion\u00e1rio das Artes Visuais na Para\u00edba, 2004, Dy\u00f3genes Chaves Gomes]<\/p>\n\n\n\n<h2 class=\"wp-block-heading\"><div class=\"linha-header\">Obras:<\/div><\/h2>\n\n\n\n<figure class=\"wp-block-image size-full\"><img loading=\"lazy\" decoding=\"async\" width=\"406\" height=\"768\" src=\"https:\/\/www.ufpb.br\/pinacoteca2\/wp-content\/uploads\/sites\/79\/sites\/210\/2024\/10\/dbbbbed2-9a22-42c0-96ca-b290c716a451.jpeg\" alt=\"\" class=\"wp-image-686\" srcset=\"https:\/\/www.ufpb.br\/pinacoteca\/wp-content\/uploads\/sites\/79\/sites\/210\/2024\/10\/dbbbbed2-9a22-42c0-96ca-b290c716a451.jpeg 406w, https:\/\/www.ufpb.br\/pinacoteca\/wp-content\/uploads\/sites\/79\/sites\/210\/2024\/10\/dbbbbed2-9a22-42c0-96ca-b290c716a451-159x300.jpeg 159w\" sizes=\"auto, (max-width: 406px) 100vw, 406px\" \/><figcaption class=\"wp-element-caption\">&#8220;S\u00e3o Sebasti\u00e3o&#8221;, 1990. T\u00e9cnica: Acr\u00edlica s\/ tela \u00e0 cores. Dimens\u00f5es: 190x105cm. N\u00famero de registro: 089. Doa\u00e7\u00e3o do Artista.<\/figcaption><\/figure>\n\n\n\n<div style=\"height:30px\" aria-hidden=\"true\" class=\"wp-block-spacer\"><\/div>\n\n\n\n<figure class=\"wp-block-image size-full\"><img loading=\"lazy\" decoding=\"async\" width=\"555\" height=\"768\" src=\"https:\/\/www.ufpb.br\/pinacoteca2\/wp-content\/uploads\/sites\/79\/sites\/210\/2024\/10\/416f5579-d9a0-430f-b4f7-7983f2ee414c.jpeg\" alt=\"\" class=\"wp-image-687\" srcset=\"https:\/\/www.ufpb.br\/pinacoteca\/wp-content\/uploads\/sites\/79\/sites\/210\/2024\/10\/416f5579-d9a0-430f-b4f7-7983f2ee414c.jpeg 555w, https:\/\/www.ufpb.br\/pinacoteca\/wp-content\/uploads\/sites\/79\/sites\/210\/2024\/10\/416f5579-d9a0-430f-b4f7-7983f2ee414c-217x300.jpeg 217w\" sizes=\"auto, (max-width: 555px) 100vw, 555px\" \/><figcaption class=\"wp-element-caption\">Sem t\u00edtulo, 1987. T\u00e9cnica: linoleogravura a cores. Dimens\u00f5es: 66&#215;48 cm. Doa\u00e7\u00e3o Rosires Andrade. Foto: Maycon Albuquerque.<\/figcaption><\/figure>\n\n\n\n<div style=\"height:30px\" aria-hidden=\"true\" class=\"wp-block-spacer\"><\/div>\n\n\n\n<figure class=\"wp-block-image size-full\"><img loading=\"lazy\" decoding=\"async\" width=\"569\" height=\"768\" src=\"https:\/\/www.ufpb.br\/pinacoteca2\/wp-content\/uploads\/sites\/79\/sites\/210\/2024\/10\/633a7405-fb16-4762-8b06-e476830bedf7.jpeg\" alt=\"\" class=\"wp-image-688\" srcset=\"https:\/\/www.ufpb.br\/pinacoteca\/wp-content\/uploads\/sites\/79\/sites\/210\/2024\/10\/633a7405-fb16-4762-8b06-e476830bedf7.jpeg 569w, https:\/\/www.ufpb.br\/pinacoteca\/wp-content\/uploads\/sites\/79\/sites\/210\/2024\/10\/633a7405-fb16-4762-8b06-e476830bedf7-222x300.jpeg 222w\" sizes=\"auto, (max-width: 569px) 100vw, 569px\" \/><figcaption class=\"wp-element-caption\">Sem t\u00edtulo, s\/d. T\u00e9cnica: linoleogravura a cores. Dimens\u00f5es: 58,9&#215;44,8 cm. Doa\u00e7\u00e3o Gabriel Bechara Filho.<\/figcaption><\/figure>\n\n\n\n<div style=\"height:30px\" aria-hidden=\"true\" class=\"wp-block-spacer\"><\/div>\n\n\n\n<figure class=\"wp-block-image size-full\"><img loading=\"lazy\" decoding=\"async\" width=\"609\" height=\"768\" src=\"https:\/\/www.ufpb.br\/pinacoteca2\/wp-content\/uploads\/sites\/79\/sites\/210\/2024\/10\/f72a999e-aa8e-4c70-a1ff-bfe8b1011c05.jpeg\" alt=\"\" class=\"wp-image-689\" srcset=\"https:\/\/www.ufpb.br\/pinacoteca\/wp-content\/uploads\/sites\/79\/sites\/210\/2024\/10\/f72a999e-aa8e-4c70-a1ff-bfe8b1011c05.jpeg 609w, https:\/\/www.ufpb.br\/pinacoteca\/wp-content\/uploads\/sites\/79\/sites\/210\/2024\/10\/f72a999e-aa8e-4c70-a1ff-bfe8b1011c05-238x300.jpeg 238w\" sizes=\"auto, (max-width: 609px) 100vw, 609px\" \/><figcaption class=\"wp-element-caption\">&#8220;Guerreiros da floresta&#8221;, 1987. T\u00e9cnica: xilogravura. Dimens\u00f5es: 50&#215;46,5 cm. Doa\u00e7\u00e3o do artista. Foto: Maycon Albuquerque.<\/figcaption><\/figure>\n\n\n\n<div style=\"height:30px\" aria-hidden=\"true\" class=\"wp-block-spacer\"><\/div>\n\n\n\n<figure class=\"wp-block-image size-large\"><img loading=\"lazy\" decoding=\"async\" width=\"707\" height=\"1024\" src=\"https:\/\/www.ufpb.br\/pinacoteca2\/wp-content\/uploads\/sites\/79\/sites\/210\/2024\/10\/image-707x1024.jpeg\" alt=\"\" class=\"wp-image-690\" srcset=\"https:\/\/www.ufpb.br\/pinacoteca\/wp-content\/uploads\/sites\/79\/sites\/210\/2024\/10\/image-707x1024.jpeg 707w, https:\/\/www.ufpb.br\/pinacoteca\/wp-content\/uploads\/sites\/79\/sites\/210\/2024\/10\/image-207x300.jpeg 207w, https:\/\/www.ufpb.br\/pinacoteca\/wp-content\/uploads\/sites\/79\/sites\/210\/2024\/10\/image-768x1112.jpeg 768w, https:\/\/www.ufpb.br\/pinacoteca\/wp-content\/uploads\/sites\/79\/sites\/210\/2024\/10\/image-1061x1536.jpeg 1061w, https:\/\/www.ufpb.br\/pinacoteca\/wp-content\/uploads\/sites\/79\/sites\/210\/2024\/10\/image-1414x2048.jpeg 1414w, https:\/\/www.ufpb.br\/pinacoteca\/wp-content\/uploads\/sites\/79\/sites\/210\/2024\/10\/image-scaled.jpeg 1768w\" sizes=\"auto, (max-width: 707px) 100vw, 707px\" \/><figcaption class=\"wp-element-caption\">&#8220;Minha cidade&#8221;, 1992. T\u00e9cnica: xilogravura. Dimens\u00f5es: 48,4&#215;33 cm. Doa\u00e7\u00e3o do artista. Foto: Maycon Albuquerque.<\/figcaption><\/figure>\n\n\n\n<div style=\"height:30px\" aria-hidden=\"true\" class=\"wp-block-spacer\"><\/div>\n\n\n\n<p><\/p>\n","protected":false},"excerpt":{"rendered":"<p>Guarabira &#8211; PB, 1965. Cl\u00f3vis Dias J\u00fanior, nascido em Guarabira-PB (1965), desde 1982 vive e [&hellip;]<\/p>\n","protected":false},"author":143,"featured_media":0,"parent":71,"menu_order":0,"comment_status":"closed","ping_status":"closed","template":"","meta":{"footnotes":""},"class_list":["post-116","page","type-page","status-publish","hentry"],"_links":{"self":[{"href":"https:\/\/www.ufpb.br\/pinacoteca\/wp-json\/wp\/v2\/pages\/116","targetHints":{"allow":["GET"]}}],"collection":[{"href":"https:\/\/www.ufpb.br\/pinacoteca\/wp-json\/wp\/v2\/pages"}],"about":[{"href":"https:\/\/www.ufpb.br\/pinacoteca\/wp-json\/wp\/v2\/types\/page"}],"author":[{"embeddable":true,"href":"https:\/\/www.ufpb.br\/pinacoteca\/wp-json\/wp\/v2\/users\/143"}],"replies":[{"embeddable":true,"href":"https:\/\/www.ufpb.br\/pinacoteca\/wp-json\/wp\/v2\/comments?post=116"}],"version-history":[{"count":4,"href":"https:\/\/www.ufpb.br\/pinacoteca\/wp-json\/wp\/v2\/pages\/116\/revisions"}],"predecessor-version":[{"id":3073,"href":"https:\/\/www.ufpb.br\/pinacoteca\/wp-json\/wp\/v2\/pages\/116\/revisions\/3073"}],"up":[{"embeddable":true,"href":"https:\/\/www.ufpb.br\/pinacoteca\/wp-json\/wp\/v2\/pages\/71"}],"wp:attachment":[{"href":"https:\/\/www.ufpb.br\/pinacoteca\/wp-json\/wp\/v2\/media?parent=116"}],"curies":[{"name":"wp","href":"https:\/\/api.w.org\/{rel}","templated":true}]}}

<div style="height:30px" aria-hidden="true" class="wp-block-spacer"></div>



<p><strong>Guarabira &#8211; PB, 1965.</strong></p>



<p>Clóvis Dias Júnior, nascido em Guarabira-PB (1965), desde 1982 vive e trabalha na capital da Paraíba, João Pessoa. É Artista&nbsp;<em>Naif</em>, autodidata, seu trabalho se realiza na pintura, escultura e gravura. Estudou na UFPB como graduando em Educação Artística, onde teve contato com a gravura em metal a partir da instrução de&nbsp;Hermano José. Tem sua primeira exposição realizada na Biblioteca Central da UFPB em 1983.</p>



<p>Conta com diversas exposições nacionais e internacionais (Estados Unidos, Argentina, França, etc), tendo conquistado muitos olhares durante sua carreira.</p>



<p>[Fonte: Dicionário das Artes Visuais na Paraíba, 2004, Dyógenes Chaves Gomes]</p>



<h2 class="wp-block-heading"><div class="linha-header">Obras:</div></h2>



<figure class="wp-block-image size-full"><img loading="lazy" decoding="async" width="406" height="768" src="https://www.ufpb.br/pinacoteca2/wp-content/uploads/sites/79/sites/210/2024/10/dbbbbed2-9a22-42c0-96ca-b290c716a451.jpeg" alt="" class="wp-image-686" srcset="https://www.ufpb.br/pinacoteca/wp-content/uploads/sites/79/sites/210/2024/10/dbbbbed2-9a22-42c0-96ca-b290c716a451.jpeg 406w, https://www.ufpb.br/pinacoteca/wp-content/uploads/sites/79/sites/210/2024/10/dbbbbed2-9a22-42c0-96ca-b290c716a451-159x300.jpeg 159w" sizes="auto, (max-width: 406px) 100vw, 406px" /><figcaption class="wp-element-caption">&#8220;São Sebastião&#8221;, 1990. Técnica: Acrílica s/ tela à cores. Dimensões: 190x105cm. Número de registro: 089. Doação do Artista.</figcaption></figure>



<div style="height:30px" aria-hidden="true" class="wp-block-spacer"></div>



<figure class="wp-block-image size-full"><img loading="lazy" decoding="async" width="555" height="768" src="https://www.ufpb.br/pinacoteca2/wp-content/uploads/sites/79/sites/210/2024/10/416f5579-d9a0-430f-b4f7-7983f2ee414c.jpeg" alt="" class="wp-image-687" srcset="https://www.ufpb.br/pinacoteca/wp-content/uploads/sites/79/sites/210/2024/10/416f5579-d9a0-430f-b4f7-7983f2ee414c.jpeg 555w, https://www.ufpb.br/pinacoteca/wp-content/uploads/sites/79/sites/210/2024/10/416f5579-d9a0-430f-b4f7-7983f2ee414c-217x300.jpeg 217w" sizes="auto, (max-width: 555px) 100vw, 555px" /><figcaption class="wp-element-caption">Sem título, 1987. Técnica: linoleogravura a cores. Dimensões: 66&#215;48 cm. Doação Rosires Andrade. Foto: Maycon Albuquerque.</figcaption></figure>



<div style="height:30px" aria-hidden="true" class="wp-block-spacer"></div>



<figure class="wp-block-image size-full"><img loading="lazy" decoding="async" width="569" height="768" src="https://www.ufpb.br/pinacoteca2/wp-content/uploads/sites/79/sites/210/2024/10/633a7405-fb16-4762-8b06-e476830bedf7.jpeg" alt="" class="wp-image-688" srcset="https://www.ufpb.br/pinacoteca/wp-content/uploads/sites/79/sites/210/2024/10/633a7405-fb16-4762-8b06-e476830bedf7.jpeg 569w, https://www.ufpb.br/pinacoteca/wp-content/uploads/sites/79/sites/210/2024/10/633a7405-fb16-4762-8b06-e476830bedf7-222x300.jpeg 222w" sizes="auto, (max-width: 569px) 100vw, 569px" /><figcaption class="wp-element-caption">Sem título, s/d. Técnica: linoleogravura a cores. Dimensões: 58,9&#215;44,8 cm. Doação Gabriel Bechara Filho.</figcaption></figure>



<div style="height:30px" aria-hidden="true" class="wp-block-spacer"></div>



<figure class="wp-block-image size-full"><img loading="lazy" decoding="async" width="609" height="768" src="https://www.ufpb.br/pinacoteca2/wp-content/uploads/sites/79/sites/210/2024/10/f72a999e-aa8e-4c70-a1ff-bfe8b1011c05.jpeg" alt="" class="wp-image-689" srcset="https://www.ufpb.br/pinacoteca/wp-content/uploads/sites/79/sites/210/2024/10/f72a999e-aa8e-4c70-a1ff-bfe8b1011c05.jpeg 609w, https://www.ufpb.br/pinacoteca/wp-content/uploads/sites/79/sites/210/2024/10/f72a999e-aa8e-4c70-a1ff-bfe8b1011c05-238x300.jpeg 238w" sizes="auto, (max-width: 609px) 100vw, 609px" /><figcaption class="wp-element-caption">&#8220;Guerreiros da floresta&#8221;, 1987. Técnica: xilogravura. Dimensões: 50&#215;46,5 cm. Doação do artista. Foto: Maycon Albuquerque.</figcaption></figure>



<div style="height:30px" aria-hidden="true" class="wp-block-spacer"></div>



<figure class="wp-block-image size-large"><img loading="lazy" decoding="async" width="707" height="1024" src="https://www.ufpb.br/pinacoteca2/wp-content/uploads/sites/79/sites/210/2024/10/image-707x1024.jpeg" alt="" class="wp-image-690" srcset="https://www.ufpb.br/pinacoteca/wp-content/uploads/sites/79/sites/210/2024/10/image-707x1024.jpeg 707w, https://www.ufpb.br/pinacoteca/wp-content/uploads/sites/79/sites/210/2024/10/image-207x300.jpeg 207w, https://www.ufpb.br/pinacoteca/wp-content/uploads/sites/79/sites/210/2024/10/image-768x1112.jpeg 768w, https://www.ufpb.br/pinacoteca/wp-content/uploads/sites/79/sites/210/2024/10/image-1061x1536.jpeg 1061w, https://www.ufpb.br/pinacoteca/wp-content/uploads/sites/79/sites/210/2024/10/image-1414x2048.jpeg 1414w, https://www.ufpb.br/pinacoteca/wp-content/uploads/sites/79/sites/210/2024/10/image-scaled.jpeg 1768w" sizes="auto, (max-width: 707px) 100vw, 707px" /><figcaption class="wp-element-caption">&#8220;Minha cidade&#8221;, 1992. Técnica: xilogravura. Dimensões: 48,4&#215;33 cm. Doação do artista. Foto: Maycon Albuquerque.</figcaption></figure>



<div style="height:30px" aria-hidden="true" class="wp-block-spacer"></div>



<p></p>

<p>Guarabira &#8211; PB, 1965. Clóvis Dias Júnior, nascido em Guarabira-PB (1965), desde 1982 vive e [&hellip;]</p>
