{"id":1243,"date":"2024-10-11T11:05:59","date_gmt":"2024-10-11T14:05:59","guid":{"rendered":"https:\/\/www.ufpb.br\/pinacoteca2\/?page_id=1243"},"modified":"2025-09-02T10:00:41","modified_gmt":"2025-09-02T13:00:41","slug":"fotos-historicas","status":"publish","type":"page","link":"https:\/\/www.ufpb.br\/pinacoteca\/arquivo\/fotos-historicas\/","title":{"rendered":"Fotos Hist\u00f3ricas"},"content":{"rendered":"\n<p>Cole\u00e7\u00e3o de Fotos Hist\u00f3ricas da Pinacoteca<\/p>\n\n\n\n<hr class=\"wp-block-separator has-alpha-channel-opacity\" \/>\n\n\n\n<div style=\"height:40px\" aria-hidden=\"true\" class=\"wp-block-spacer\"><\/div>\n\n\n\n<h4 class=\"wp-block-heading\"><a href=\"https:\/\/www.ufpb.br\/pinacoteca\/arquivo\/fotos-historicas\/jose-pagano-pinacoteca-1990\/\" data-type=\"page\" data-id=\"1262\">Jos\u00e9 Pagano &#8211; Pinacoteca (1990)<\/a><\/h4>\n\n\n\n<p>Individual de Jos\u00e9 Pagano, 1990 na Pinacoteca.<\/p>\n\n\n\n<div style=\"height:30px\" aria-hidden=\"true\" class=\"wp-block-spacer\"><\/div>\n\n\n\n<h4 class=\"wp-block-heading\"><a href=\"https:\/\/www.ufpb.br\/pinacoteca\/arquivo\/fotos-historicas\/jose-pagano-galeria-suzete-forte-1989\/\" data-type=\"page\" data-id=\"1269\">Jos\u00e9 Pagano &#8211; Galeria Suzete Forte (1989)<\/a><\/h4>\n\n\n\n<p>Individual de Jos\u00e9 Pagano na Galeria Suzete Forte, Bairro dos Estados.<\/p>\n\n\n\n<div style=\"height:30px\" aria-hidden=\"true\" class=\"wp-block-spacer\"><\/div>\n\n\n\n<h4 class=\"wp-block-heading\"><a href=\"https:\/\/www.ufpb.br\/pinacoteca\/arquivo\/fotos-historicas\/martinho-patricio-primeira-individual-1991\/\" data-type=\"page\" data-id=\"1274\">Martinho Patr\u00edcio &#8211; Primeira Individual<\/a><\/h4>\n\n\n\n<p>Trabalhos da primeira individual do artista ocorrida na Pinacoteca em 1991.<\/p>\n\n\n\n<div style=\"height:30px\" aria-hidden=\"true\" class=\"wp-block-spacer\"><\/div>\n\n\n\n<h4 class=\"wp-block-heading\"><a href=\"https:\/\/www.ufpb.br\/pinacoteca\/arquivo\/fotos-historicas\/lula-cardoso-ayres-aeroporto-de-recife\/\" data-type=\"page\" data-id=\"1279\">Lula Cardoso Ayres &#8211; Aeroporto de Recife<\/a><\/h4>\n\n\n\n<p>CRIME ART\u00cdSTICO EM PERNAMBUCO: obra ic\u00f3nica de Lula abandonada no antigo aeroporto do Recife.<\/p>\n\n\n\n<div style=\"height:30px\" aria-hidden=\"true\" class=\"wp-block-spacer\"><\/div>\n\n\n\n<h4 class=\"wp-block-heading\"><a href=\"https:\/\/www.ufpb.br\/pinacoteca2\/arquivo\/fotos-historicas\/jose-lyra-fotografias\/\" data-type=\"page\" data-id=\"1251\">Jos\u00e9 Lyra &#8211; Fotografias<\/a><\/h4>\n\n\n\n<div style=\"height:30px\" aria-hidden=\"true\" class=\"wp-block-spacer\"><\/div>\n\n\n\n<h4 class=\"wp-block-heading\"><a href=\"https:\/\/www.ufpb.br\/pinacoteca\/arquivo\/fotos-historicas\/primeiras-pintoras-da-paraiba\/\" data-type=\"page\" data-id=\"1345\">Primeiras Pintoras da Para\u00edba<\/a><\/h4>\n\n\n\n<p>A freira irm\u00e3 Marta, professora do Col\u00e9gio das Neves de v\u00e1rias gera\u00e7\u00f5es, entre elas, Amelinha Theorga e Marlene Almeida.<\/p>\n\n\n\n<div style=\"height:30px\" aria-hidden=\"true\" class=\"wp-block-spacer\"><\/div>\n\n\n\n<h2 class=\"wp-block-heading\"><div class=\"linha-header\"><a href=\"https:\/\/www.ufpb.br\/pinacoteca\/arquivo\/fotos-historicas\/educacao-artistica\/\" data-type=\"page\" data-id=\"2772\">Educa\u00e7\u00e3o Art\u00edstica<\/a><\/div><\/h2>\n\n\n\n<p>Fotos Hist\u00f3ricas do curso de Educa\u00e7\u00e3o Art\u00edstica<\/p>\n\n\n\n<div style=\"height:30px\" aria-hidden=\"true\" class=\"wp-block-spacer\"><\/div>\n\n\n\n<h2 class=\"wp-block-heading\"><div class=\"linha-header\"><a href=\"https:\/\/www.ufpb.br\/pinacoteca\/arquivo\/fotos-historicas\/exposicao-em-artes-plasticas-do-curso-de-reciclagem-24-09-1993\/\" data-type=\"page\" data-id=\"3197\">Exposi\u00e7\u00e3o em Artes Pl\u00e1sticas do Curso de Reciclagem &#8211; (24\/09\/1993)<\/a><\/div><\/h2>\n\n\n\n<p>Foto tirada de uma exposi\u00e7\u00e3o de Artes Pl\u00e1sticas do curso de Reciclagem.<\/p>\n\n\n\n<div style=\"height:30px\" aria-hidden=\"true\" class=\"wp-block-spacer\"><\/div>\n\n\n\n<h2 class=\"wp-block-heading\"><div class=\"linha-header\"><a href=\"https:\/\/www.ufpb.br\/pinacoteca\/arquivo\/fotos-historicas\/helle-bessa-fotografias\/\" data-type=\"page\" data-id=\"3433\">Helle Bessa &#8211; Fotografias <\/a><\/div><\/h2>\n\n\n\n<p><\/p>\n\n\n\n<p><\/p>\n","protected":false},"excerpt":{"rendered":"<p>Cole\u00e7\u00e3o de Fotos Hist\u00f3ricas da Pinacoteca Jos\u00e9 Pagano &#8211; Pinacoteca (1990) Individual de Jos\u00e9 Pagano, [&hellip;]<\/p>\n","protected":false},"author":143,"featured_media":0,"parent":803,"menu_order":0,"comment_status":"closed","ping_status":"closed","template":"","meta":{"footnotes":""},"class_list":["post-1243","page","type-page","status-publish","hentry"],"_links":{"self":[{"href":"https:\/\/www.ufpb.br\/pinacoteca\/wp-json\/wp\/v2\/pages\/1243","targetHints":{"allow":["GET"]}}],"collection":[{"href":"https:\/\/www.ufpb.br\/pinacoteca\/wp-json\/wp\/v2\/pages"}],"about":[{"href":"https:\/\/www.ufpb.br\/pinacoteca\/wp-json\/wp\/v2\/types\/page"}],"author":[{"embeddable":true,"href":"https:\/\/www.ufpb.br\/pinacoteca\/wp-json\/wp\/v2\/users\/143"}],"replies":[{"embeddable":true,"href":"https:\/\/www.ufpb.br\/pinacoteca\/wp-json\/wp\/v2\/comments?post=1243"}],"version-history":[{"count":14,"href":"https:\/\/www.ufpb.br\/pinacoteca\/wp-json\/wp\/v2\/pages\/1243\/revisions"}],"predecessor-version":[{"id":3449,"href":"https:\/\/www.ufpb.br\/pinacoteca\/wp-json\/wp\/v2\/pages\/1243\/revisions\/3449"}],"up":[{"embeddable":true,"href":"https:\/\/www.ufpb.br\/pinacoteca\/wp-json\/wp\/v2\/pages\/803"}],"wp:attachment":[{"href":"https:\/\/www.ufpb.br\/pinacoteca\/wp-json\/wp\/v2\/media?parent=1243"}],"curies":[{"name":"wp","href":"https:\/\/api.w.org\/{rel}","templated":true}]}}

Fotos Históricas

<p>Coleção de Fotos Históricas da Pinacoteca</p>



<hr class="wp-block-separator has-alpha-channel-opacity" />



<div style="height:40px" aria-hidden="true" class="wp-block-spacer"></div>



<h4 class="wp-block-heading"><a href="https://www.ufpb.br/pinacoteca/arquivo/fotos-historicas/jose-pagano-pinacoteca-1990/" data-type="page" data-id="1262">José Pagano &#8211; Pinacoteca (1990)</a></h4>



<p>Individual de José Pagano, 1990 na Pinacoteca.</p>



<div style="height:30px" aria-hidden="true" class="wp-block-spacer"></div>



<h4 class="wp-block-heading"><a href="https://www.ufpb.br/pinacoteca/arquivo/fotos-historicas/jose-pagano-galeria-suzete-forte-1989/" data-type="page" data-id="1269">José Pagano &#8211; Galeria Suzete Forte (1989)</a></h4>



<p>Individual de José Pagano na Galeria Suzete Forte, Bairro dos Estados.</p>



<div style="height:30px" aria-hidden="true" class="wp-block-spacer"></div>



<h4 class="wp-block-heading"><a href="https://www.ufpb.br/pinacoteca/arquivo/fotos-historicas/martinho-patricio-primeira-individual-1991/" data-type="page" data-id="1274">Martinho Patrício &#8211; Primeira Individual</a></h4>



<p>Trabalhos da primeira individual do artista ocorrida na Pinacoteca em 1991.</p>



<div style="height:30px" aria-hidden="true" class="wp-block-spacer"></div>



<h4 class="wp-block-heading"><a href="https://www.ufpb.br/pinacoteca/arquivo/fotos-historicas/lula-cardoso-ayres-aeroporto-de-recife/" data-type="page" data-id="1279">Lula Cardoso Ayres &#8211; Aeroporto de Recife</a></h4>



<p>CRIME ARTÍSTICO EM PERNAMBUCO: obra icónica de Lula abandonada no antigo aeroporto do Recife.</p>



<div style="height:30px" aria-hidden="true" class="wp-block-spacer"></div>



<h4 class="wp-block-heading"><a href="https://www.ufpb.br/pinacoteca2/arquivo/fotos-historicas/jose-lyra-fotografias/" data-type="page" data-id="1251">José Lyra &#8211; Fotografias</a></h4>



<div style="height:30px" aria-hidden="true" class="wp-block-spacer"></div>



<h4 class="wp-block-heading"><a href="https://www.ufpb.br/pinacoteca/arquivo/fotos-historicas/primeiras-pintoras-da-paraiba/" data-type="page" data-id="1345">Primeiras Pintoras da Paraíba</a></h4>



<p>A freira irmã Marta, professora do Colégio das Neves de várias gerações, entre elas, Amelinha Theorga e Marlene Almeida.</p>



<div style="height:30px" aria-hidden="true" class="wp-block-spacer"></div>



<h2 class="wp-block-heading"><div class="linha-header"><a href="https://www.ufpb.br/pinacoteca/arquivo/fotos-historicas/educacao-artistica/" data-type="page" data-id="2772">Educação Artística</a></div></h2>



<p>Fotos Históricas do curso de Educação Artística</p>



<div style="height:30px" aria-hidden="true" class="wp-block-spacer"></div>



<h2 class="wp-block-heading"><div class="linha-header"><a href="https://www.ufpb.br/pinacoteca/arquivo/fotos-historicas/exposicao-em-artes-plasticas-do-curso-de-reciclagem-24-09-1993/" data-type="page" data-id="3197">Exposição em Artes Plásticas do Curso de Reciclagem &#8211; (24/09/1993)</a></div></h2>



<p>Foto tirada de uma exposição de Artes Plásticas do curso de Reciclagem.</p>



<div style="height:30px" aria-hidden="true" class="wp-block-spacer"></div>



<h2 class="wp-block-heading"><div class="linha-header"><a href="https://www.ufpb.br/pinacoteca/arquivo/fotos-historicas/helle-bessa-fotografias/" data-type="page" data-id="3433">Helle Bessa &#8211; Fotografias </a></div></h2>



<p></p>



<p></p>

<p>Coleção de Fotos Históricas da Pinacoteca José Pagano &#8211; Pinacoteca (1990) Individual de José Pagano, [&hellip;]</p>
