{"id":1524,"date":"2024-12-05T11:09:32","date_gmt":"2024-12-05T14:09:32","guid":{"rendered":"https:\/\/www.ufpb.br\/pinacoteca2\/?page_id=1524"},"modified":"2025-09-16T09:16:40","modified_gmt":"2025-09-16T12:16:40","slug":"video-arte","status":"publish","type":"page","link":"https:\/\/www.ufpb.br\/pinacoteca\/galerias-de-arte\/video-arte\/","title":{"rendered":"V\u00eddeo Arte"},"content":{"rendered":"\n<hr class=\"wp-block-separator has-alpha-channel-opacity\" \/>\n\n\n\n<div style=\"height:40px\" aria-hidden=\"true\" class=\"wp-block-spacer\"><\/div>\n\n\n\n<p>Reservamos esse espa\u00e7o para a produ\u00e7\u00e3o de v\u00eddeos realizados por alunos, ex-alunos e professores do curso de Artes Visuais da UFPB. Ser\u00e1 um espa\u00e7o sempre din\u00e2mico e aberto para receber e divulgar novas produ\u00e7\u00f5es. Desde j\u00e1 encontramos trabalhos do ex-aluno Tony Neto cujos v\u00eddeos circularam em mostras fora do pa\u00eds, a ex aluna Cybele Dantas artista voltada para o graffit, os v\u00eddeos-performances dos alunos e artistas Feio Franq, Geraldo Medeiros, Cris Peres e trabalhos de Wilton Terto.<\/p>\n\n\n\n<div style=\"height:30px\" aria-hidden=\"true\" class=\"wp-block-spacer\"><\/div>\n\n\n\n<h1 class=\"wp-block-heading\"><strong>Artistas:<\/strong><\/h1>\n\n\n\n<div style=\"height:10px\" aria-hidden=\"true\" class=\"wp-block-spacer\"><\/div>\n\n\n\n<h3 class=\"wp-block-heading\">Cris Peres<\/h3>\n\n\n\n<ul class=\"wp-block-list\">\n<li><strong>V\u00eddeos<\/strong><\/li>\n<\/ul>\n\n\n\n<p>&nbsp;<a href=\"https:\/\/www.instagram.com\/tv\/B7j6pEIp-R7\/?igshid=1x3gvhlwl1v7b\" target=\"_blank\" rel=\"noreferrer noopener\">Cris Peres| Paisagem transest\u00e9tica, 2019, 2&#8217;14&#8221;.<\/a><\/p>\n\n\n\n<ul class=\"wp-block-list\">\n<li><strong>V\u00eddeo performance<\/strong><\/li>\n<\/ul>\n\n\n\n<p>&nbsp;<a href=\"https:\/\/www.instagram.com\/tv\/CBHMnWOJmfM\/?igshid=thoudo43znph\" target=\"_blank\" rel=\"noreferrer noopener\">Cris Peres| vende corpo, 2019, 4&#8217;35&#8221;.<\/a><\/p>\n\n\n\n<div style=\"height:50px\" aria-hidden=\"true\" class=\"wp-block-spacer\"><\/div>\n\n\n\n<h3 class=\"wp-block-heading\">Cybele Dantas<\/h3>\n\n\n\n<ul class=\"wp-block-list\">\n<li><strong>V\u00eddeos<\/strong><\/li>\n<\/ul>\n\n\n\n<p>&nbsp;<a href=\"https:\/\/www.youtube.com\/watch?v=zTivS4FMGqE&amp;feature=youtu.be\" target=\"_blank\" rel=\"noreferrer noopener\">Cybele Dantas| Voc\u00ea lembra de ontem?<\/a><\/p>\n\n\n\n<div style=\"height:50px\" aria-hidden=\"true\" class=\"wp-block-spacer\"><\/div>\n\n\n\n<h3 class=\"wp-block-heading\">Feio Franq<\/h3>\n\n\n\n<p>Feio Franq (1991), \u00e9 um artista e performer multim\u00eddia que vaga entre estados da mat\u00e9ria e do pa\u00eds experimentando as mais variadas m\u00eddias, j\u00e1 tendo exposto e apresentado trabalhos autorais nas linguagens de m\u00fasica, pintura, performance, teatro e escultura em cer\u00e2mica. Trabalha em cima da proposta da performance sobre o corpo vivo, se apresentando como ser de multiformas que destrava e solidifica sentimentos. Essas propostas v\u00eam sendo apresentadas desde 2017, mas seu trabalho pode ser encontrado desde 2009 com o trabalho de fotografia pol\u00edtica e m\u00fasica autoral, na \u00e9poca sob outro nome.<\/p>\n\n\n\n<ul class=\"wp-block-list\">\n<li><strong>V\u00eddeo performance:<\/strong><\/li>\n<\/ul>\n\n\n\n<p><a href=\"https:\/\/drive.google.com\/file\/d\/1N-tJuzdHai-writF1oifEmTOp2Yq6oc9\/view\" target=\"_blank\" rel=\"noreferrer noopener\">Feio Franq| Nascimento do Feio.<\/a><\/p>\n\n\n\n<div style=\"height:50px\" aria-hidden=\"true\" class=\"wp-block-spacer\"><\/div>\n\n\n\n<h3 class=\"wp-block-heading\">Geraldo Medeiros da Costa Dias<\/h3>\n\n\n\n<ul class=\"wp-block-list\">\n<li><strong>V\u00eddeo performance:<\/strong><\/li>\n<\/ul>\n\n\n\n<p><a href=\"https:\/\/drive.google.com\/file\/d\/1jDcPPTRdRx73Q0QWcmhi1SqYaXkLSEIp\/view?usp=drivesdk\" target=\"_blank\" rel=\"noreferrer noopener\">Geraldo Medeiros da Costa Dias| Sem t\u00edtulo.<\/a><\/p>\n\n\n\n<div style=\"height:50px\" aria-hidden=\"true\" class=\"wp-block-spacer\"><\/div>\n\n\n\n<h3 class=\"wp-block-heading\">Tony Neto<\/h3>\n\n\n\n<p>S\u00e3o Mamede &#8211; PB, 1990.<\/p>\n\n\n\n<p class=\" \">Tony Neto, 30 anos, nascido em S\u00e3o Mamede. \u00c9 mestrando no programa de artes visuais da UFPB, onde dedica-se a uma pesquisa sobre pornografia e LGBTfobia. Desde 2011 estuda e produz videoarte e videoinstala\u00e7\u00f5es, teve trabalhos selecionados e premiados em festivais como ZOOM ZBLI\u017bENIA Film Festival na Pol\u00f4nia, Sal\u00e3o Municipal de Artes Pl\u00e1sticas de Jo\u00e3o Pessoa, Liquid Borders Bari &#8211; International Art Exhibition of Photography, Video Art, Installation and Performing Art que ocorre anualmente na It\u00e1lia, Sal\u00e3o de Artes Visuais do SESC-PB, M\u00f3bile Festival de Cinema e FIVA &#8211; Festival Internacional de Videoarte da Argentina.<\/p>\n\n\n\n<ul class=\"wp-block-list\">\n<li><strong>V\u00eddeos:<\/strong><\/li>\n<\/ul>\n\n\n\n<p class=\" \"><a href=\"https:\/\/www.youtube.com\/watch?v=7RxH66Ampqw\" target=\"_blank\" rel=\"noreferrer noopener\">Tony Neto| Vale do Pianc\u00f3 &#8211; pedra branca, 2013.<\/a><\/p>\n\n\n\n<p class=\" \"><a href=\"https:\/\/www.youtube.com\/watch?v=TVDp4nxYvpM\" target=\"_blank\" rel=\"noreferrer noopener\">Tony Neto| C\u00edclico.<\/a><\/p>\n\n\n\n<p class=\" \"><a href=\"https:\/\/www.youtube.com\/watch?v=D_JTFPjAO58\" target=\"_blank\" rel=\"noreferrer noopener\">Tony Neto| Vale do Pianc\u00f3 &#8211; Coremas.<\/a><\/p>\n\n\n\n<p class=\" \"><a href=\"https:\/\/www.youtube.com\/watch?v=GDL_lebKNV0\" target=\"_blank\" rel=\"noreferrer noopener\">Tony Neto| Eterna M\u00e1goa.<\/a><\/p>\n\n\n\n<div style=\"height:50px\" aria-hidden=\"true\" class=\"wp-block-spacer\"><\/div>\n\n\n\n<h3 class=\"wp-block-heading\">Wilton Terto (WLTN TL)<\/h3>\n\n\n\n<p>Garanhuns &#8211; PE.<\/p>\n\n\n\n<p><img decoding=\"async\" src=\"http:\/\/plone.ufpb.br\/pinacoteca\/contents\/material\/videos\/PixelBomb2016_12_02_05_10_26.jpg\" alt=\"\"><img decoding=\"async\" src=\"http:\/\/plone.ufpb.br\/pinacoteca\/contents\/material\/videos\/PixelBomb2016_12_08_04_43_09.jpg\" alt=\"\"><img decoding=\"async\" src=\"http:\/\/plone.ufpb.br\/pinacoteca\/contents\/material\/videos\/PixelBomb2016_12_08_04_41_05.jpg\" alt=\"\">WLTN TL (Wilton Terto) Natural de Garanhuns\/PE, reside e trabalha em Jo\u00e3o Pessoa\/PB. \u00c9 artista visual e graduando do bacharelando em Artes Visuais da Universidade Federal da Para\u00edba. Participou desde 2016 de exposi\u00e7\u00f5es coletivas e da resid\u00eancia art\u00edstica Movimento em Arapuca Arte Resid\u00eancia (2019). Seu trabalho art\u00edstico tem como interesse o erro e sua manipula\u00e7\u00e3o \u2014 Glitch Art \u2014 e a rela\u00e7\u00e3o de descarte e obsolesc\u00eancia de materiais eletr\u00f4nicos e digitais, desenvolvendo trabalhos que envolvem o uso de tecnologias novas e antigas, numa perspectiva de reprocessamento das imagens.<\/p>\n\n\n\n<p>A partir da provoca\u00e7\u00e3o &#8220;adote o erro!&#8221; o artista sentidos e faz um convite a recomposi\u00e7\u00e3o de signos.<\/p>\n\n\n\n<p><\/p>\n\n\n\n<ul class=\"wp-block-list\">\n<li><strong>V\u00eddeo performance<\/strong>:<\/li>\n<\/ul>\n\n\n\n<p><a href=\"https:\/\/www.youtube.com\/watch?v=Z5yMvRizQLc\" target=\"_blank\" rel=\"noreferrer noopener\">WLTN TL| Janela do sufoco, 2016, 3&#8217;14&#8221;.<\/a><\/p>\n\n\n\n<ul class=\"wp-block-list\">\n<li><strong>Fotos Performance<\/strong>:<\/li>\n<\/ul>\n\n\n\n<p><a href=\"https:\/\/www.ufpb.br\/pinacoteca\/2025\/02\/27\/fotos-performance-wltn-tl\/\" data-type=\"post\" data-id=\"2087\">Fotos Performance &#8211; WLTN TL, 2016<\/a><\/p>\n\n\n\n<div style=\"height:50px\" aria-hidden=\"true\" class=\"wp-block-spacer\"><\/div>\n","protected":false},"excerpt":{"rendered":"<p>Reservamos esse espa\u00e7o para a produ\u00e7\u00e3o de v\u00eddeos realizados por alunos, ex-alunos e professores do [&hellip;]<\/p>\n","protected":false},"author":143,"featured_media":0,"parent":805,"menu_order":0,"comment_status":"closed","ping_status":"closed","template":"","meta":{"footnotes":""},"class_list":["post-1524","page","type-page","status-publish","hentry"],"_links":{"self":[{"href":"https:\/\/www.ufpb.br\/pinacoteca\/wp-json\/wp\/v2\/pages\/1524","targetHints":{"allow":["GET"]}}],"collection":[{"href":"https:\/\/www.ufpb.br\/pinacoteca\/wp-json\/wp\/v2\/pages"}],"about":[{"href":"https:\/\/www.ufpb.br\/pinacoteca\/wp-json\/wp\/v2\/types\/page"}],"author":[{"embeddable":true,"href":"https:\/\/www.ufpb.br\/pinacoteca\/wp-json\/wp\/v2\/users\/143"}],"replies":[{"embeddable":true,"href":"https:\/\/www.ufpb.br\/pinacoteca\/wp-json\/wp\/v2\/comments?post=1524"}],"version-history":[{"count":3,"href":"https:\/\/www.ufpb.br\/pinacoteca\/wp-json\/wp\/v2\/pages\/1524\/revisions"}],"predecessor-version":[{"id":3485,"href":"https:\/\/www.ufpb.br\/pinacoteca\/wp-json\/wp\/v2\/pages\/1524\/revisions\/3485"}],"up":[{"embeddable":true,"href":"https:\/\/www.ufpb.br\/pinacoteca\/wp-json\/wp\/v2\/pages\/805"}],"wp:attachment":[{"href":"https:\/\/www.ufpb.br\/pinacoteca\/wp-json\/wp\/v2\/media?parent=1524"}],"curies":[{"name":"wp","href":"https:\/\/api.w.org\/{rel}","templated":true}]}}