{"id":1557,"date":"2024-12-10T10:23:08","date_gmt":"2024-12-10T13:23:08","guid":{"rendered":"https:\/\/www.ufpb.br\/pinacoteca2\/?page_id=1557"},"modified":"2025-03-21T10:36:07","modified_gmt":"2025-03-21T13:36:07","slug":"artigos","status":"publish","type":"page","link":"https:\/\/www.ufpb.br\/pinacoteca\/arquivo\/artigos\/","title":{"rendered":"Artigos"},"content":{"rendered":"\n<p>Artigos com cita\u00e7\u00f5es sobre a Pinacoteca<\/p>\n\n\n\n<hr class=\"wp-block-separator has-alpha-channel-opacity\" \/>\n\n\n\n<div style=\"height:40px\" aria-hidden=\"true\" class=\"wp-block-spacer\"><\/div>\n\n\n\n<p><a href=\"https:\/\/www.ccta.ufpb.br\/pinacoteca\/contents\/menu\/institucional\/artigos\/anpap-pinacoteca-ufpb-impacto-de-um-acervo-universitario-robson-xavier\">Anpap &#8211; Pinacoteca UFPB: Impacto de um acervo universit\u00e1rio &#8211; Robson Xavier<\/a><\/p>\n\n\n\n<p>RESUMO Esta investiga\u00e7\u00e3o objetivou avaliar o impacto do acervo da Pinacoteca junto \u00e0 comunidade universit\u00e1ria da UFPB, a partir do uso da metodologia qualitativa, com aplica\u00e7\u00e3o de question\u00e1rios junto ao p\u00fablico adulto frequentador da Biblioteca Central da UFPB. A pesquisa foi desenvolvida entre Mar\u00e7o e Julho de 2016, com apoio do Grupo de Pesquisa em Arte, Museus e Inclus\u00e3o (GPAMI). Os resultados desta pesquisa mostraram que 80% entre os Estudantes e Servidores que frequentaram regularmente a Biblioteca Central da UFPB nos meses e no ano citados, desconhecem a exist\u00eancia da Pinacoteca. 10% afirmou que costuma visitar as exposi\u00e7\u00f5es, mas achavam que eram produ\u00e7\u00f5es da Biblioteca Central, os outros 10% afirmaram que ouviram falar recentemente da Pinacoteca, a partir de divulga\u00e7\u00f5es feitas no site oficial da UFPB.<\/p>\n\n\n\n<div style=\"height:30px\" aria-hidden=\"true\" class=\"wp-block-spacer\"><\/div>\n\n\n\n<p><a href=\"https:\/\/www.ccta.ufpb.br\/pinacoteca\/contents\/menu\/institucional\/artigos\/pinacoteca-da-universidade-federal-da-paraiba-organizacao-e-difusao-atraves-da-extensao-universitaria-francisco-savio\">Pinacoteca da Universidade Federal da Para\u00edba: Organiza\u00e7\u00e3o e difus\u00e3o atrav\u00e9s da extens\u00e3o universit\u00e1ria &#8211; Francisco S\u00e1vio<\/a><\/p>\n\n\n\n<p>Resumo: O presente trabalho tem a fun\u00e7\u00e3o de relatar a atividade t\u00e9cnica metodol\u00f3gica de organiza\u00e7\u00e3o da documenta\u00e7\u00e3o da Pinacoteca da Universidade Federal da Para\u00edba \u2013 UFPB, processo este realizado por meio de um projeto de extens\u00e3o, intitulado Organiza\u00e7\u00e3o Acervo Pinacoteca UFPB, financiado atrav\u00e9s do Edital UFPB no seu munic\u00edpio, durante o ano de 2017. Em um trabalho interdisciplinar, utilizando as t\u00e9cnicas apropriadas da Museologia, pretende garantir o acesso \u00e0s informa\u00e7\u00f5es que possibilitam a gera\u00e7\u00e3o de conhecimento cultural para a comunidade, promovendo a troca de saberes com a atividade pedag\u00f3gica, ao realizar a higieniza\u00e7\u00e3o e cataloga\u00e7\u00e3o do acervo, com a preocupa\u00e7\u00e3o em atender as necessidades da sociedade no \u00e2mbito da democratiza\u00e7\u00e3o da informa\u00e7\u00e3o, contribuindo para a divulga\u00e7\u00e3o, a partir da confec\u00e7\u00e3o dos instrumentos de pesquisa\/descri\u00e7\u00e3o, no uso e acesso \u00e0s informa\u00e7\u00f5es dispon\u00edveis no acervo, com a inten\u00e7\u00e3o de contribuir para a preserva\u00e7\u00e3o da mem\u00f3ria e da hist\u00f3ria deste n\u00facleo na institui\u00e7\u00e3o, e ainda, a realiza\u00e7\u00e3o de atividades espec\u00edficas na \u00e1rea de documenta\u00e7\u00e3o museol\u00f3gica, como tamb\u00e9m dar suporte para a\u00e7\u00f5es de difus\u00e3o cultural. Fundamentado a partir do eixo estrutural da universidade no Brasil, ensino, pesquisa e extens\u00e3o, podemos afirmar que este projeto transita por estes tr\u00eas segmentos. Primeiro; os bolsistas aplicam os conhecimentos adquiridos em sala de aula, aliando teoria e pr\u00e1tica; segundo, com a realiza\u00e7\u00e3o do projeto, a organiza\u00e7\u00e3o e difus\u00e3o de um rico acervo dispon\u00edvel \u00e0 comunidade acad\u00eamica e por fim, a extens\u00e3o; que proporciona a intera\u00e7\u00e3o da universidade com a sociedade. A organiza\u00e7\u00e3o deste acervo \u00e9 o primeiro passo que se d\u00e1 para aumentar a acessibilidade a estas cole\u00e7\u00f5es que contam parte da hist\u00f3ria da arte na Para\u00edba e no Brasil.<\/p>\n\n\n\n<div style=\"height:30px\" aria-hidden=\"true\" class=\"wp-block-spacer\"><\/div>\n\n\n\n<p><a href=\"https:\/\/www.ccta.ufpb.br\/pinacoteca\/contents\/menu\/institucional\/artigos\/hermano-jose-o-percurso-de-um-artista-em-prol-a-natureza-wilton-terto-marisa-rodrigues-e-maycon-albuquerque\">Hermano Jos\u00e9: O percurso de um artista em prol a natureza &#8211; Wilton Terto, Marisa Rodrigues e Maycon Albuquerque<\/a>&nbsp;<\/p>\n\n\n\n<p>Resumo: O estudo analisa a documenta\u00e7\u00e3o e a trajet\u00f3ria pessoal e art\u00edstica do pintor Hermano Jos\u00e9, visando compreender sua atua\u00e7\u00e3o no cen\u00e1rio art\u00edstico, sua milit\u00e2ncia ecol\u00f3gica e sua atividade como docente no Departamento de Artes da Universidade Federal da Para\u00edba &#8211; UFPB. Abrange sua mudan\u00e7a para a cidade do Rio de Janeiro, onde frequenta Oficina de Pintura no Museu de Arte Moderna do Rio de Janeiro \u2014 MAM RJ, sua inicia\u00e7\u00e3o nos estudos de gravura, no Liceu de Artes e Of\u00edcios RJ, seu aperfei\u00e7oamento no curso de Pintura no MAM RJ, sua experi\u00eancia como aluno bolsista na Oficina de Gravura do MAM RJ, em 1959. Seu esfor\u00e7o nas tentativas para implanta\u00e7\u00e3o do Projeto do Parque Nacional do Cabo Branco. Sua busca na cria\u00e7\u00e3o de um museu de arte na cidade de Jo\u00e3o Pessoa, que se concretiza com a cria\u00e7\u00e3o da Pinacoteca da UFPB, no ano de 1987 e com a doa\u00e7\u00e3o de toda a sua cole\u00e7\u00e3o: objetos de arte, livros, discos, suas pinturas, gravuras, desenhos para a UFPB e posteriormente a cria\u00e7\u00e3o do Museu Casa de Cultura Hermano Jos\u00e9, em 2017. Aborda tamb\u00e9m sua rela\u00e7\u00e3o com as institui\u00e7\u00f5es de arte da cidade de Jo\u00e3o Pessoa, a partir dessa perspectiva buscamos compreender o seu papel na preserva\u00e7\u00e3o do patrim\u00f4nio hist\u00f3rico material e imaterial, assim como sua contribui\u00e7\u00e3o para as artes pl\u00e1sticas no estado da Para\u00edba. Como aporte metodol\u00f3gico propomos um estudo explorat\u00f3rio de car\u00e1ter qualitativo, baseado em pesquisa bibliogr\u00e1fica e em entrevistas veiculadas em jornais e sites, assim como an\u00e1lise de documenta\u00e7\u00e3o das obras que integram a cole\u00e7\u00e3o Hermano Jos\u00e9, na UFPB, sendo esta \u00faltima a principal fonte de pesquisa.<\/p>\n\n\n\n<div style=\"height:30px\" aria-hidden=\"true\" class=\"wp-block-spacer\"><\/div>\n\n\n\n<p><a href=\"https:\/\/www.ccta.ufpb.br\/pinacoteca\/contents\/menu\/institucional\/artigos\/a-museologia-na-universidade-federal-da-paraiba\">A Museologia na Universidade Federal da Para\u00edba &#8211; Luciana Ferreira da Costa<\/a><\/p>\n\n\n\n<p>Resumo: Este ensaio tem o prop\u00f3sito de descortinar a \u00e1rea da Museologia da Universidade Federal da Para\u00edba. Desde o ano de 1987, quando foi fundada a Pinacoteca da Universidade Federal da Para\u00edba, a universidade vem evoluindo historicamente sua tradi\u00e7\u00e3o nos campos dos estudos, pesquisa, extens\u00e3o e promo\u00e7\u00e3o de atividades art\u00edstico-culturais relacionados \u00e0 \u00e1rea da Museologia, contando ainda com a cria\u00e7\u00e3o e manuten\u00e7\u00e3o de diversos outros espa\u00e7os museol\u00f3gicos. Apesar de n\u00e3o possuir um curso de gradua\u00e7\u00e3o em Museologia, fica claro que a \u00e1rea da Museologia tem tradi\u00e7\u00e3o diante das diversas atividades desenvolvidas na Universidade Federal da Para\u00edba, principalmente a partir da Ci\u00eancia da Informa\u00e7\u00e3o, atrav\u00e9s dos Cursos de Gradua\u00e7\u00e3o em Biblioteconomia e em Arquivologia e do seu Programa de P\u00f3s-Gradua\u00e7\u00e3o em Ci\u00eancia da Informa\u00e7\u00e3o, referente \u00e0s rela\u00e7\u00f5es pragm\u00e1tico-epistemol\u00f3gicas destas \u00e1reas. Destacam-se a presen\u00e7a atuante dos tr\u00eas grupos de pesquisa em Museologia da Universidade Federal da Para\u00edba com a promo\u00e7\u00e3o de a\u00e7\u00f5es de car\u00e1ter internacional, articulando a universidade \u00e0 sociedade para al\u00e9m do Estado da Para\u00edba e do Brasil.<\/p>\n\n\n\n<div style=\"height:30px\" aria-hidden=\"true\" class=\"wp-block-spacer\"><\/div>\n\n\n\n<p><a href=\"https:\/\/www.ccta.ufpb.br\/pinacoteca\/contents\/menu\/institucional\/artigos\/o-publico-e-as-intervencoes-corporativas-nos-macs-robson-xavier-da-costa\">O p\u00fablico e as interven\u00e7\u00f5es corporativas nos MACs &#8211; Robson Xavier da Costa<\/a><\/p>\n\n\n\n<p>Quando a empresa visita o museu<\/p>\n\n\n\n<div style=\"height:30px\" aria-hidden=\"true\" class=\"wp-block-spacer\"><\/div>\n\n\n\n<p><a href=\"https:\/\/www.ccta.ufpb.br\/pinacoteca\/contents\/menu\/institucional\/artigos\/cultura-e-universidade-panorama-das-politicas-e-da-gestao-cultural-nas-ies-publicas-da-paraiba-souza-alexandre\">Cultura e Universidade: Panorama das Pol\u00edticas e da Gest\u00e3o Cultural nas IES P\u00fablicas da Para\u00edba &#8211; Souza Alexandre<\/a><\/p>\n\n\n\n<p>Resumo: O artigo realiza um panorama das pol\u00edticas e das gest\u00f5es culturais das Institui\u00e7\u00f5es de Ensino Superior (IES) p\u00fablicas da Para\u00edba, sendo elas a Universidade Federal da Para\u00edba (UFPB), a Universidade Federal de Campina Grande (UFCG), o Instituto Federal de Educa\u00e7\u00e3o, Ci\u00eancia e Tecnologia da Para\u00edba (IFPB) e a Universidade Estadual da Para\u00edba (UEPB). A partir da an\u00e1lise institucional e do relato de seus autores &#8211; todos eles envolvidos diretamente com a gest\u00e3o cultural das suas institui\u00e7\u00f5es -, busca-se refletir os desafios para o amadurecimento do campo cultural nas gest\u00f5es universit\u00e1rias e o aprofundamento da institucionalidade, ainda que meio ao contexto de ataque \u00e0s pol\u00edticas culturais em n\u00edvel federal.<\/p>\n\n\n\n<div style=\"height:30px\" aria-hidden=\"true\" class=\"wp-block-spacer\"><\/div>\n\n\n\n<p><a href=\"https:\/\/www.ccta.ufpb.br\/pinacoteca\/contents\/menu\/institucional\/artigos\/mostra-concha-da-pra-colocar-no-ouvido-e-ouvir-barulho-de-mar-walter-arcela\">Mostra Concha d\u00e1 pra colocar no ouvido e ouvir barulho de mar &#8211; Walter Arcela<\/a><\/p>\n\n\n\n<p>Cr\u00edtica sobre a exposi\u00e7\u00e3o &#8220;Concha&#8221; na UFPB, escrita por Walter Arcela no M\u00e9dium da Galeria Lavandeira.<\/p>\n\n\n\n<div style=\"height:30px\" aria-hidden=\"true\" class=\"wp-block-spacer\"><\/div>\n\n\n\n<p><a href=\"https:\/\/www.ccta.ufpb.br\/pinacoteca\/contents\/menu\/institucional\/artigos\/a-dificil-arte-de-expor-mulheres-artistas-maycon-albuquerque\">A dif\u00edcil arte de expor mulheres artistas &#8211; Maycon Albuquerque<\/a><\/p>\n\n\n\n<p>Cr\u00edtica escrita por Maycon Albuquerque para o M\u00e9dium da Galeria Lavandeira.<\/p>\n\n\n\n<div style=\"height:30px\" aria-hidden=\"true\" class=\"wp-block-spacer\"><\/div>\n","protected":false},"excerpt":{"rendered":"<p>Artigos com cita\u00e7\u00f5es sobre a Pinacoteca Anpap &#8211; Pinacoteca UFPB: Impacto de um acervo universit\u00e1rio [&hellip;]<\/p>\n","protected":false},"author":143,"featured_media":0,"parent":803,"menu_order":0,"comment_status":"closed","ping_status":"closed","template":"","meta":{"footnotes":""},"class_list":["post-1557","page","type-page","status-publish","hentry"],"_links":{"self":[{"href":"https:\/\/www.ufpb.br\/pinacoteca\/wp-json\/wp\/v2\/pages\/1557","targetHints":{"allow":["GET"]}}],"collection":[{"href":"https:\/\/www.ufpb.br\/pinacoteca\/wp-json\/wp\/v2\/pages"}],"about":[{"href":"https:\/\/www.ufpb.br\/pinacoteca\/wp-json\/wp\/v2\/types\/page"}],"author":[{"embeddable":true,"href":"https:\/\/www.ufpb.br\/pinacoteca\/wp-json\/wp\/v2\/users\/143"}],"replies":[{"embeddable":true,"href":"https:\/\/www.ufpb.br\/pinacoteca\/wp-json\/wp\/v2\/comments?post=1557"}],"version-history":[{"count":2,"href":"https:\/\/www.ufpb.br\/pinacoteca\/wp-json\/wp\/v2\/pages\/1557\/revisions"}],"predecessor-version":[{"id":2573,"href":"https:\/\/www.ufpb.br\/pinacoteca\/wp-json\/wp\/v2\/pages\/1557\/revisions\/2573"}],"up":[{"embeddable":true,"href":"https:\/\/www.ufpb.br\/pinacoteca\/wp-json\/wp\/v2\/pages\/803"}],"wp:attachment":[{"href":"https:\/\/www.ufpb.br\/pinacoteca\/wp-json\/wp\/v2\/media?parent=1557"}],"curies":[{"name":"wp","href":"https:\/\/api.w.org\/{rel}","templated":true}]}}

<p>Artigos com citações sobre a Pinacoteca</p>



<hr class="wp-block-separator has-alpha-channel-opacity" />



<div style="height:40px" aria-hidden="true" class="wp-block-spacer"></div>



<p><a href="https://www.ccta.ufpb.br/pinacoteca/contents/menu/institucional/artigos/anpap-pinacoteca-ufpb-impacto-de-um-acervo-universitario-robson-xavier">Anpap &#8211; Pinacoteca UFPB: Impacto de um acervo universitário &#8211; Robson Xavier</a></p>



<p>RESUMO Esta investigação objetivou avaliar o impacto do acervo da Pinacoteca junto à comunidade universitária da UFPB, a partir do uso da metodologia qualitativa, com aplicação de questionários junto ao público adulto frequentador da Biblioteca Central da UFPB. A pesquisa foi desenvolvida entre Março e Julho de 2016, com apoio do Grupo de Pesquisa em Arte, Museus e Inclusão (GPAMI). Os resultados desta pesquisa mostraram que 80% entre os Estudantes e Servidores que frequentaram regularmente a Biblioteca Central da UFPB nos meses e no ano citados, desconhecem a existência da Pinacoteca. 10% afirmou que costuma visitar as exposições, mas achavam que eram produções da Biblioteca Central, os outros 10% afirmaram que ouviram falar recentemente da Pinacoteca, a partir de divulgações feitas no site oficial da UFPB.</p>



<div style="height:30px" aria-hidden="true" class="wp-block-spacer"></div>



<p><a href="https://www.ccta.ufpb.br/pinacoteca/contents/menu/institucional/artigos/pinacoteca-da-universidade-federal-da-paraiba-organizacao-e-difusao-atraves-da-extensao-universitaria-francisco-savio">Pinacoteca da Universidade Federal da Paraíba: Organização e difusão através da extensão universitária &#8211; Francisco Sávio</a></p>



<p>Resumo: O presente trabalho tem a função de relatar a atividade técnica metodológica de organização da documentação da Pinacoteca da Universidade Federal da Paraíba – UFPB, processo este realizado por meio de um projeto de extensão, intitulado Organização Acervo Pinacoteca UFPB, financiado através do Edital UFPB no seu município, durante o ano de 2017. Em um trabalho interdisciplinar, utilizando as técnicas apropriadas da Museologia, pretende garantir o acesso às informações que possibilitam a geração de conhecimento cultural para a comunidade, promovendo a troca de saberes com a atividade pedagógica, ao realizar a higienização e catalogação do acervo, com a preocupação em atender as necessidades da sociedade no âmbito da democratização da informação, contribuindo para a divulgação, a partir da confecção dos instrumentos de pesquisa/descrição, no uso e acesso às informações disponíveis no acervo, com a intenção de contribuir para a preservação da memória e da história deste núcleo na instituição, e ainda, a realização de atividades específicas na área de documentação museológica, como também dar suporte para ações de difusão cultural. Fundamentado a partir do eixo estrutural da universidade no Brasil, ensino, pesquisa e extensão, podemos afirmar que este projeto transita por estes três segmentos. Primeiro; os bolsistas aplicam os conhecimentos adquiridos em sala de aula, aliando teoria e prática; segundo, com a realização do projeto, a organização e difusão de um rico acervo disponível à comunidade acadêmica e por fim, a extensão; que proporciona a interação da universidade com a sociedade. A organização deste acervo é o primeiro passo que se dá para aumentar a acessibilidade a estas coleções que contam parte da história da arte na Paraíba e no Brasil.</p>



<div style="height:30px" aria-hidden="true" class="wp-block-spacer"></div>



<p><a href="https://www.ccta.ufpb.br/pinacoteca/contents/menu/institucional/artigos/hermano-jose-o-percurso-de-um-artista-em-prol-a-natureza-wilton-terto-marisa-rodrigues-e-maycon-albuquerque">Hermano José: O percurso de um artista em prol a natureza &#8211; Wilton Terto, Marisa Rodrigues e Maycon Albuquerque</a>&nbsp;</p>



<p>Resumo: O estudo analisa a documentação e a trajetória pessoal e artística do pintor Hermano José, visando compreender sua atuação no cenário artístico, sua militância ecológica e sua atividade como docente no Departamento de Artes da Universidade Federal da Paraíba &#8211; UFPB. Abrange sua mudança para a cidade do Rio de Janeiro, onde frequenta Oficina de Pintura no Museu de Arte Moderna do Rio de Janeiro — MAM RJ, sua iniciação nos estudos de gravura, no Liceu de Artes e Ofícios RJ, seu aperfeiçoamento no curso de Pintura no MAM RJ, sua experiência como aluno bolsista na Oficina de Gravura do MAM RJ, em 1959. Seu esforço nas tentativas para implantação do Projeto do Parque Nacional do Cabo Branco. Sua busca na criação de um museu de arte na cidade de João Pessoa, que se concretiza com a criação da Pinacoteca da UFPB, no ano de 1987 e com a doação de toda a sua coleção: objetos de arte, livros, discos, suas pinturas, gravuras, desenhos para a UFPB e posteriormente a criação do Museu Casa de Cultura Hermano José, em 2017. Aborda também sua relação com as instituições de arte da cidade de João Pessoa, a partir dessa perspectiva buscamos compreender o seu papel na preservação do patrimônio histórico material e imaterial, assim como sua contribuição para as artes plásticas no estado da Paraíba. Como aporte metodológico propomos um estudo exploratório de caráter qualitativo, baseado em pesquisa bibliográfica e em entrevistas veiculadas em jornais e sites, assim como análise de documentação das obras que integram a coleção Hermano José, na UFPB, sendo esta última a principal fonte de pesquisa.</p>



<div style="height:30px" aria-hidden="true" class="wp-block-spacer"></div>



<p><a href="https://www.ccta.ufpb.br/pinacoteca/contents/menu/institucional/artigos/a-museologia-na-universidade-federal-da-paraiba">A Museologia na Universidade Federal da Paraíba &#8211; Luciana Ferreira da Costa</a></p>



<p>Resumo: Este ensaio tem o propósito de descortinar a área da Museologia da Universidade Federal da Paraíba. Desde o ano de 1987, quando foi fundada a Pinacoteca da Universidade Federal da Paraíba, a universidade vem evoluindo historicamente sua tradição nos campos dos estudos, pesquisa, extensão e promoção de atividades artístico-culturais relacionados à área da Museologia, contando ainda com a criação e manutenção de diversos outros espaços museológicos. Apesar de não possuir um curso de graduação em Museologia, fica claro que a área da Museologia tem tradição diante das diversas atividades desenvolvidas na Universidade Federal da Paraíba, principalmente a partir da Ciência da Informação, através dos Cursos de Graduação em Biblioteconomia e em Arquivologia e do seu Programa de Pós-Graduação em Ciência da Informação, referente às relações pragmático-epistemológicas destas áreas. Destacam-se a presença atuante dos três grupos de pesquisa em Museologia da Universidade Federal da Paraíba com a promoção de ações de caráter internacional, articulando a universidade à sociedade para além do Estado da Paraíba e do Brasil.</p>



<div style="height:30px" aria-hidden="true" class="wp-block-spacer"></div>



<p><a href="https://www.ccta.ufpb.br/pinacoteca/contents/menu/institucional/artigos/o-publico-e-as-intervencoes-corporativas-nos-macs-robson-xavier-da-costa">O público e as intervenções corporativas nos MACs &#8211; Robson Xavier da Costa</a></p>



<p>Quando a empresa visita o museu</p>



<div style="height:30px" aria-hidden="true" class="wp-block-spacer"></div>



<p><a href="https://www.ccta.ufpb.br/pinacoteca/contents/menu/institucional/artigos/cultura-e-universidade-panorama-das-politicas-e-da-gestao-cultural-nas-ies-publicas-da-paraiba-souza-alexandre">Cultura e Universidade: Panorama das Políticas e da Gestão Cultural nas IES Públicas da Paraíba &#8211; Souza Alexandre</a></p>



<p>Resumo: O artigo realiza um panorama das políticas e das gestões culturais das Instituições de Ensino Superior (IES) públicas da Paraíba, sendo elas a Universidade Federal da Paraíba (UFPB), a Universidade Federal de Campina Grande (UFCG), o Instituto Federal de Educação, Ciência e Tecnologia da Paraíba (IFPB) e a Universidade Estadual da Paraíba (UEPB). A partir da análise institucional e do relato de seus autores &#8211; todos eles envolvidos diretamente com a gestão cultural das suas instituições -, busca-se refletir os desafios para o amadurecimento do campo cultural nas gestões universitárias e o aprofundamento da institucionalidade, ainda que meio ao contexto de ataque às políticas culturais em nível federal.</p>



<div style="height:30px" aria-hidden="true" class="wp-block-spacer"></div>



<p><a href="https://www.ccta.ufpb.br/pinacoteca/contents/menu/institucional/artigos/mostra-concha-da-pra-colocar-no-ouvido-e-ouvir-barulho-de-mar-walter-arcela">Mostra Concha dá pra colocar no ouvido e ouvir barulho de mar &#8211; Walter Arcela</a></p>



<p>Crítica sobre a exposição &#8220;Concha&#8221; na UFPB, escrita por Walter Arcela no Médium da Galeria Lavandeira.</p>



<div style="height:30px" aria-hidden="true" class="wp-block-spacer"></div>



<p><a href="https://www.ccta.ufpb.br/pinacoteca/contents/menu/institucional/artigos/a-dificil-arte-de-expor-mulheres-artistas-maycon-albuquerque">A difícil arte de expor mulheres artistas &#8211; Maycon Albuquerque</a></p>



<p>Crítica escrita por Maycon Albuquerque para o Médium da Galeria Lavandeira.</p>



<div style="height:30px" aria-hidden="true" class="wp-block-spacer"></div>

<p>Artigos com citações sobre a Pinacoteca Anpap &#8211; Pinacoteca UFPB: Impacto de um acervo universitário [&hellip;]</p>
