{"id":1897,"date":"2025-02-14T09:00:46","date_gmt":"2025-02-14T12:00:46","guid":{"rendered":"https:\/\/www.ufpb.br\/pinacoteca\/?page_id=1897"},"modified":"2025-09-16T08:54:05","modified_gmt":"2025-09-16T11:54:05","slug":"doacoes-2020","status":"publish","type":"page","link":"https:\/\/www.ufpb.br\/pinacoteca\/arquivo\/doacoes-2020\/","title":{"rendered":"Doa\u00e7\u00f5es 2020"},"content":{"rendered":"\n<p>As doa\u00e7\u00f5es que a Pinacoteca recebeu no ano de 2020<\/p>\n\n\n\n<hr class=\"wp-block-separator has-alpha-channel-opacity\" \/>\n\n\n\n<div style=\"height:20px\" aria-hidden=\"true\" class=\"wp-block-spacer\"><\/div>\n\n\n\n<h2 class=\"wp-block-heading\"><div class=\"linha-header\">Walter Wagner<\/div><\/h2>\n\n\n\n<figure class=\"wp-block-image size-full\"><img loading=\"lazy\" decoding=\"async\" width=\"768\" height=\"640\" src=\"https:\/\/www.ufpb.br\/pinacoteca\/wp-content\/uploads\/sites\/79\/sites\/210\/2025\/02\/3c7a5b4b-0c29-42d6-9e3e-b6b805d8a01f.jpeg\" alt=\"\" class=\"wp-image-1899\" srcset=\"https:\/\/www.ufpb.br\/pinacoteca\/wp-content\/uploads\/sites\/79\/sites\/210\/2025\/02\/3c7a5b4b-0c29-42d6-9e3e-b6b805d8a01f.jpeg 768w, https:\/\/www.ufpb.br\/pinacoteca\/wp-content\/uploads\/sites\/79\/sites\/210\/2025\/02\/3c7a5b4b-0c29-42d6-9e3e-b6b805d8a01f-300x250.jpeg 300w\" sizes=\"auto, (max-width: 768px) 100vw, 768px\" \/><figcaption class=\"wp-element-caption\">T\u00edtulo: <strong>A L\u00f3gica de Compra e Venda de Walter Wagner<\/strong> T\u00e9cnica: Fotografia Digital. Dimens\u00e3o: 100cm x 100cm. Data: 2020. Doa\u00e7\u00e3o do Artista<\/figcaption><\/figure>\n\n\n\n<div style=\"height:30px\" aria-hidden=\"true\" class=\"wp-block-spacer\"><\/div>\n\n\n\n<h2 class=\"wp-block-heading\"><div class=\"linha-header\">Jos\u00e9 Rufino<\/div><\/h2>\n\n\n\n<figure class=\"wp-block-image size-full\"><img loading=\"lazy\" decoding=\"async\" width=\"598\" height=\"768\" src=\"https:\/\/www.ufpb.br\/pinacoteca\/wp-content\/uploads\/sites\/79\/sites\/210\/2025\/02\/57d66168-a9cd-4de1-b197-d98d78221622.jpeg\" alt=\"\" class=\"wp-image-1900\" srcset=\"https:\/\/www.ufpb.br\/pinacoteca\/wp-content\/uploads\/sites\/79\/sites\/210\/2025\/02\/57d66168-a9cd-4de1-b197-d98d78221622.jpeg 598w, https:\/\/www.ufpb.br\/pinacoteca\/wp-content\/uploads\/sites\/79\/sites\/210\/2025\/02\/57d66168-a9cd-4de1-b197-d98d78221622-234x300.jpeg 234w\" sizes=\"auto, (max-width: 598px) 100vw, 598px\" \/><figcaption class=\"wp-element-caption\">T\u00edtulo: <strong>Refluxus. <\/strong>T\u00e9cnica: T\u00eampera, Acr\u00edlica e Emuls\u00e3o s\/ Impress\u00e3o de Imagem Monotipia de M\u00e3o de Marcelo Duchamp s\/ Papel de Algod\u00e3o. Dimens\u00e3o: 54cm x 70cm. Data: 2018. Doa\u00e7\u00e3o do Artista.<\/figcaption><\/figure>\n\n\n\n<div style=\"height:30px\" aria-hidden=\"true\" class=\"wp-block-spacer\"><\/div>\n\n\n\n<h2 class=\"wp-block-heading\"><div class=\"linha-header\">Marcelo Moscheta<\/div><\/h2>\n\n\n\n<figure class=\"wp-block-image size-full\"><img loading=\"lazy\" decoding=\"async\" width=\"768\" height=\"252\" src=\"https:\/\/www.ufpb.br\/pinacoteca\/wp-content\/uploads\/sites\/79\/sites\/210\/2025\/02\/311f897b-4105-45f3-a4c0-a04dc56cdcda.png\" alt=\"\" class=\"wp-image-1901\" srcset=\"https:\/\/www.ufpb.br\/pinacoteca\/wp-content\/uploads\/sites\/79\/sites\/210\/2025\/02\/311f897b-4105-45f3-a4c0-a04dc56cdcda.png 768w, https:\/\/www.ufpb.br\/pinacoteca\/wp-content\/uploads\/sites\/79\/sites\/210\/2025\/02\/311f897b-4105-45f3-a4c0-a04dc56cdcda-300x98.png 300w\" sizes=\"auto, (max-width: 768px) 100vw, 768px\" \/><figcaption class=\"wp-element-caption\">T\u00edtulo: <strong>Inerte Movimento <\/strong>T\u00e9cnica: Nanquim s\/ Rocha e Ferro. Dimens\u00e3o: 15cm x 70cm x 20cm. Data: 2019. Doa\u00e7\u00e3o do Artista. <\/figcaption><\/figure>\n\n\n\n<div style=\"height:30px\" aria-hidden=\"true\" class=\"wp-block-spacer\"><\/div>\n\n\n\n<h2 class=\"wp-block-heading\"><div class=\"linha-header\">Cris Peres<\/div><\/h2>\n\n\n\n<figure class=\"wp-block-image size-full\"><img loading=\"lazy\" decoding=\"async\" width=\"768\" height=\"546\" src=\"https:\/\/www.ufpb.br\/pinacoteca\/wp-content\/uploads\/sites\/79\/sites\/210\/2025\/02\/396c3960-65cd-4456-9a97-cde12fa3eb37.jpeg\" alt=\"\" class=\"wp-image-1902\" srcset=\"https:\/\/www.ufpb.br\/pinacoteca\/wp-content\/uploads\/sites\/79\/sites\/210\/2025\/02\/396c3960-65cd-4456-9a97-cde12fa3eb37.jpeg 768w, https:\/\/www.ufpb.br\/pinacoteca\/wp-content\/uploads\/sites\/79\/sites\/210\/2025\/02\/396c3960-65cd-4456-9a97-cde12fa3eb37-300x213.jpeg 300w\" sizes=\"auto, (max-width: 768px) 100vw, 768px\" \/><figcaption class=\"wp-element-caption\">T\u00edtulo: Da S\u00e9rie Impress\u00e3o Errada T\u00e9cnica: Monotipia s\/ Papel. Dimens\u00e3o: 29,7cm x 42cm. Data: 2019. Doa\u00e7\u00e3o do Artista. <\/figcaption><\/figure>\n\n\n\n<div style=\"height:30px\" aria-hidden=\"true\" class=\"wp-block-spacer\"><\/div>\n\n\n\n<h2 class=\"wp-block-heading\"><div class=\"linha-header\">Aurora Caballero<\/div><\/h2>\n\n\n\n<figure class=\"wp-block-image size-full\"><img loading=\"lazy\" decoding=\"async\" width=\"631\" height=\"768\" src=\"https:\/\/www.ufpb.br\/pinacoteca\/wp-content\/uploads\/sites\/79\/sites\/210\/2025\/02\/a620f7b2-c278-4a5a-ad2b-525d8302eedf.jpeg\" alt=\"\" class=\"wp-image-1904\" srcset=\"https:\/\/www.ufpb.br\/pinacoteca\/wp-content\/uploads\/sites\/79\/sites\/210\/2025\/02\/a620f7b2-c278-4a5a-ad2b-525d8302eedf.jpeg 631w, https:\/\/www.ufpb.br\/pinacoteca\/wp-content\/uploads\/sites\/79\/sites\/210\/2025\/02\/a620f7b2-c278-4a5a-ad2b-525d8302eedf-246x300.jpeg 246w\" sizes=\"auto, (max-width: 631px) 100vw, 631px\" \/><figcaption class=\"wp-element-caption\"> <strong>S\/T.<\/strong> T\u00e9cnica: Acr\u00edlica s\/ Tecido. Dimens\u00e3o: 85cm x 68cm. Data: 2017\/2018. Doa\u00e7\u00e3o do Artista<\/figcaption><\/figure>\n\n\n\n<div style=\"height:30px\" aria-hidden=\"true\" class=\"wp-block-spacer\"><\/div>\n\n\n\n<h2 class=\"wp-block-heading\"><div class=\"linha-header\">Rose Cat\u00e3o <\/div><\/h2>\n\n\n\n<figure class=\"wp-block-image size-full\"><img loading=\"lazy\" decoding=\"async\" width=\"489\" height=\"768\" src=\"https:\/\/www.ufpb.br\/pinacoteca\/wp-content\/uploads\/sites\/79\/sites\/210\/2025\/02\/ba2af135-1247-41de-a307-8a930d8e1019.jpeg\" alt=\"\" class=\"wp-image-1905\" srcset=\"https:\/\/www.ufpb.br\/pinacoteca\/wp-content\/uploads\/sites\/79\/sites\/210\/2025\/02\/ba2af135-1247-41de-a307-8a930d8e1019.jpeg 489w, https:\/\/www.ufpb.br\/pinacoteca\/wp-content\/uploads\/sites\/79\/sites\/210\/2025\/02\/ba2af135-1247-41de-a307-8a930d8e1019-191x300.jpeg 191w\" sizes=\"auto, (max-width: 489px) 100vw, 489px\" \/><figcaption class=\"wp-element-caption\"><strong> S\/T. <\/strong>T\u00e9cnica: Acr\u00edlica s\/ Tecido. Dimens\u00e3o: 85cm x 68cm. Data: 2017\/2018. Doa\u00e7\u00e3o do Artista<\/figcaption><\/figure>\n\n\n\n<div style=\"height:30px\" aria-hidden=\"true\" class=\"wp-block-spacer\"><\/div>\n\n\n\n<h2 class=\"wp-block-heading\"><div class=\"linha-header\">Davi Queiroz<\/div><\/h2>\n\n\n\n<figure class=\"wp-block-image size-full\"><img loading=\"lazy\" decoding=\"async\" width=\"405\" height=\"460\" src=\"https:\/\/www.ufpb.br\/pinacoteca\/wp-content\/uploads\/sites\/79\/sites\/210\/2025\/02\/17627a10-24f7-4ba6-b6d3-dff630cc1d74.jpeg\" alt=\"\" class=\"wp-image-1906\" srcset=\"https:\/\/www.ufpb.br\/pinacoteca\/wp-content\/uploads\/sites\/79\/sites\/210\/2025\/02\/17627a10-24f7-4ba6-b6d3-dff630cc1d74.jpeg 405w, https:\/\/www.ufpb.br\/pinacoteca\/wp-content\/uploads\/sites\/79\/sites\/210\/2025\/02\/17627a10-24f7-4ba6-b6d3-dff630cc1d74-264x300.jpeg 264w\" sizes=\"auto, (max-width: 405px) 100vw, 405px\" \/><figcaption class=\"wp-element-caption\">Artista: <strong>Davi Queiroz. <\/strong>T\u00e9cnica: Cer\u00e2mica. Dimens\u00e3o: 50cm x 30cm x 20cm Data: 2017. Doa\u00e7\u00e3o: Erinaldo Alves do Nascimento.<\/figcaption><\/figure>\n\n\n\n<div style=\"height:30px\" aria-hidden=\"true\" class=\"wp-block-spacer\"><\/div>\n\n\n\n<h2 class=\"wp-block-heading\"><div class=\"linha-header\">Fabiano Gonper<\/div><\/h2>\n\n\n\n<figure class=\"wp-block-image size-full\"><img loading=\"lazy\" decoding=\"async\" width=\"504\" height=\"768\" src=\"https:\/\/www.ufpb.br\/pinacoteca\/wp-content\/uploads\/sites\/79\/sites\/210\/2025\/02\/552768c5-b838-4f70-a1b6-0c2c9a50c38d.jpeg\" alt=\"\" class=\"wp-image-1908\" srcset=\"https:\/\/www.ufpb.br\/pinacoteca\/wp-content\/uploads\/sites\/79\/sites\/210\/2025\/02\/552768c5-b838-4f70-a1b6-0c2c9a50c38d.jpeg 504w, https:\/\/www.ufpb.br\/pinacoteca\/wp-content\/uploads\/sites\/79\/sites\/210\/2025\/02\/552768c5-b838-4f70-a1b6-0c2c9a50c38d-197x300.jpeg 197w\" sizes=\"auto, (max-width: 504px) 100vw, 504px\" \/><figcaption class=\"wp-element-caption\"><strong>\u201cGonper Museum \u2013 Antonio Dias: A Ilustra\u00e7\u00e3o da Arte\u201d (Site Specific)<\/strong> Instala\u00e7\u00e3o (adesivo de recorte sobre parede, 195 cm x 400 cm) 2005 Edi\u00e7\u00e3o 02\/05 Doa\u00e7\u00e3o do artista<br><\/figcaption><\/figure>\n\n\n\n<div style=\"height:30px\" aria-hidden=\"true\" class=\"wp-block-spacer\"><\/div>\n\n\n\n<h2 class=\"wp-block-heading\"><div class=\"linha-header\">Fabiano Gonper<\/div><\/h2>\n\n\n\n<figure class=\"wp-block-image size-full\"><img loading=\"lazy\" decoding=\"async\" width=\"768\" height=\"546\" src=\"https:\/\/www.ufpb.br\/pinacoteca\/wp-content\/uploads\/sites\/79\/sites\/210\/2025\/02\/03098c2e-732d-4b2e-872a-648870038a29.jpeg\" alt=\"\" class=\"wp-image-1909\" srcset=\"https:\/\/www.ufpb.br\/pinacoteca\/wp-content\/uploads\/sites\/79\/sites\/210\/2025\/02\/03098c2e-732d-4b2e-872a-648870038a29.jpeg 768w, https:\/\/www.ufpb.br\/pinacoteca\/wp-content\/uploads\/sites\/79\/sites\/210\/2025\/02\/03098c2e-732d-4b2e-872a-648870038a29-300x213.jpeg 300w\" sizes=\"auto, (max-width: 768px) 100vw, 768px\" \/><figcaption class=\"wp-element-caption\"><strong>\u201cGonper Museum \u2013 Antonio Dias: A Ilustra\u00e7\u00e3o da Arte\u201d (Project)<\/strong> (Impress\u00e3o em papel algod\u00e3o, 90 cm x 150 cm) 2005 Edi\u00e7\u00e3o 05\/10 Doa\u00e7\u00e3o do artista<\/figcaption><\/figure>\n\n\n\n<div style=\"height:30px\" aria-hidden=\"true\" class=\"wp-block-spacer\"><\/div>\n\n\n\n<h2 class=\"wp-block-heading\"><div class=\"linha-header\">Lucas Alves<\/div><\/h2>\n\n\n\n<figure class=\"wp-block-image size-full\"><img loading=\"lazy\" decoding=\"async\" width=\"768\" height=\"768\" src=\"https:\/\/www.ufpb.br\/pinacoteca\/wp-content\/uploads\/sites\/79\/sites\/210\/2025\/02\/95add042-0ca0-4c84-9b75-ee131e9a3d8b.jpeg\" alt=\"\" class=\"wp-image-1910\" srcset=\"https:\/\/www.ufpb.br\/pinacoteca\/wp-content\/uploads\/sites\/79\/sites\/210\/2025\/02\/95add042-0ca0-4c84-9b75-ee131e9a3d8b.jpeg 768w, https:\/\/www.ufpb.br\/pinacoteca\/wp-content\/uploads\/sites\/79\/sites\/210\/2025\/02\/95add042-0ca0-4c84-9b75-ee131e9a3d8b-300x300.jpeg 300w, https:\/\/www.ufpb.br\/pinacoteca\/wp-content\/uploads\/sites\/79\/sites\/210\/2025\/02\/95add042-0ca0-4c84-9b75-ee131e9a3d8b-150x150.jpeg 150w\" sizes=\"auto, (max-width: 768px) 100vw, 768px\" \/><figcaption class=\"wp-element-caption\"><strong>Ibura Postcards,<\/strong> 2019 T\u00e9cnica: Fotografia digital. D\u00edptico Dimens\u00f5es do suporte (em cm): 15 cm (altura) x 10 cm (largura) Tiragem ou s\u00e9rie: 3\/10<\/figcaption><\/figure>\n\n\n\n<div style=\"height:30px\" aria-hidden=\"true\" class=\"wp-block-spacer\"><\/div>\n\n\n\n<h2 class=\"wp-block-heading\"><div class=\"linha-header\">WLTN TL <\/div><\/h2>\n\n\n\n<figure class=\"wp-block-image size-full\"><img loading=\"lazy\" decoding=\"async\" width=\"768\" height=\"247\" src=\"https:\/\/www.ufpb.br\/pinacoteca\/wp-content\/uploads\/sites\/79\/sites\/210\/2025\/02\/4bfc0919-18c9-4acc-b4d1-2c7509abbae5.jpeg\" alt=\"\" class=\"wp-image-1911\" srcset=\"https:\/\/www.ufpb.br\/pinacoteca\/wp-content\/uploads\/sites\/79\/sites\/210\/2025\/02\/4bfc0919-18c9-4acc-b4d1-2c7509abbae5.jpeg 768w, https:\/\/www.ufpb.br\/pinacoteca\/wp-content\/uploads\/sites\/79\/sites\/210\/2025\/02\/4bfc0919-18c9-4acc-b4d1-2c7509abbae5-300x96.jpeg 300w\" sizes=\"auto, (max-width: 768px) 100vw, 768px\" \/><figcaption class=\"wp-element-caption\">WLTN TL. <strong>Sem t\u00edtulo<\/strong>, 2020. impress\u00e3o sobre papel termosens\u00edvel. 21,5g x 67,5 cm<\/figcaption><\/figure>\n\n\n\n<div style=\"height:30px\" aria-hidden=\"true\" class=\"wp-block-spacer\"><\/div>\n\n\n\n<h2 class=\"wp-block-heading\"><div class=\"linha-header\">Ricardo Peixoto <\/div><\/h2>\n\n\n\n<figure class=\"wp-block-image size-full\"><img loading=\"lazy\" decoding=\"async\" width=\"768\" height=\"768\" src=\"https:\/\/www.ufpb.br\/pinacoteca\/wp-content\/uploads\/sites\/79\/sites\/210\/2025\/02\/a4ea4e3c-2a6a-47ee-a776-9b0063f6b790.jpeg\" alt=\"\" class=\"wp-image-1912\" srcset=\"https:\/\/www.ufpb.br\/pinacoteca\/wp-content\/uploads\/sites\/79\/sites\/210\/2025\/02\/a4ea4e3c-2a6a-47ee-a776-9b0063f6b790.jpeg 768w, https:\/\/www.ufpb.br\/pinacoteca\/wp-content\/uploads\/sites\/79\/sites\/210\/2025\/02\/a4ea4e3c-2a6a-47ee-a776-9b0063f6b790-300x300.jpeg 300w, https:\/\/www.ufpb.br\/pinacoteca\/wp-content\/uploads\/sites\/79\/sites\/210\/2025\/02\/a4ea4e3c-2a6a-47ee-a776-9b0063f6b790-150x150.jpeg 150w\" sizes=\"auto, (max-width: 768px) 100vw, 768px\" \/><figcaption class=\"wp-element-caption\"><strong>OITIZEIRO, <\/strong>2020. Impress\u00e3o fotogr\u00e1fica sobre papel. Dimens\u00f5es: 70 x 70 cm JO\u00c3O PESSOA 2020.<\/figcaption><\/figure>\n\n\n\n<div style=\"height:30px\" aria-hidden=\"true\" class=\"wp-block-spacer\"><\/div>\n\n\n\n<h2 class=\"wp-block-heading\"><div class=\"linha-header\">Sandoval Fagundes <\/div><\/h2>\n\n\n\n<figure class=\"wp-block-image size-full\"><img loading=\"lazy\" decoding=\"async\" width=\"768\" height=\"544\" src=\"https:\/\/www.ufpb.br\/pinacoteca\/wp-content\/uploads\/sites\/79\/sites\/210\/2025\/02\/88ee2d50-6c78-4a3f-961e-ae81bafa4d68.jpeg\" alt=\"\" class=\"wp-image-1913\" srcset=\"https:\/\/www.ufpb.br\/pinacoteca\/wp-content\/uploads\/sites\/79\/sites\/210\/2025\/02\/88ee2d50-6c78-4a3f-961e-ae81bafa4d68.jpeg 768w, https:\/\/www.ufpb.br\/pinacoteca\/wp-content\/uploads\/sites\/79\/sites\/210\/2025\/02\/88ee2d50-6c78-4a3f-961e-ae81bafa4d68-300x213.jpeg 300w\" sizes=\"auto, (max-width: 768px) 100vw, 768px\" \/><figcaption class=\"wp-element-caption\">Desenho com caneta esferogr\u00e1fica sobre papel, 2018. Dimens\u00f5es: 42,0 \u00d7 59,4 cm.<\/figcaption><\/figure>\n\n\n\n<div style=\"height:30px\" aria-hidden=\"true\" class=\"wp-block-spacer\"><\/div>\n\n\n\n<h2 class=\"wp-block-heading\"><div class=\"linha-header\">Sandoval Fagundes<\/div><\/h2>\n\n\n\n<div style=\"height:10px\" aria-hidden=\"true\" class=\"wp-block-spacer\"><\/div>\n\n\n\n<figure class=\"wp-block-image size-large\"><img loading=\"lazy\" decoding=\"async\" width=\"1024\" height=\"715\" src=\"https:\/\/www.ufpb.br\/pinacoteca\/wp-content\/uploads\/sites\/79\/sites\/210\/2025\/02\/image-11-1024x715.jpeg\" alt=\"\" class=\"wp-image-1925\" srcset=\"https:\/\/www.ufpb.br\/pinacoteca\/wp-content\/uploads\/sites\/79\/sites\/210\/2025\/02\/image-11-1024x715.jpeg 1024w, https:\/\/www.ufpb.br\/pinacoteca\/wp-content\/uploads\/sites\/79\/sites\/210\/2025\/02\/image-11-300x209.jpeg 300w, https:\/\/www.ufpb.br\/pinacoteca\/wp-content\/uploads\/sites\/79\/sites\/210\/2025\/02\/image-11-768x536.jpeg 768w, https:\/\/www.ufpb.br\/pinacoteca\/wp-content\/uploads\/sites\/79\/sites\/210\/2025\/02\/image-11-1536x1072.jpeg 1536w, https:\/\/www.ufpb.br\/pinacoteca\/wp-content\/uploads\/sites\/79\/sites\/210\/2025\/02\/image-11-2048x1429.jpeg 2048w\" sizes=\"auto, (max-width: 1024px) 100vw, 1024px\" \/><figcaption class=\"wp-element-caption\">Desenho com caneta esferogr\u00e1fica sobre papel, 2018. Dimens\u00f5es: 42 \u00d7 59,4 cm<\/figcaption><\/figure>\n\n\n\n<div style=\"height:30px\" aria-hidden=\"true\" class=\"wp-block-spacer\"><\/div>\n\n\n\n<h2 class=\"wp-block-heading\"><div class=\"linha-header\">Sandoval Fagundes<\/div><\/h2>\n\n\n\n<div style=\"height:10px\" aria-hidden=\"true\" class=\"wp-block-spacer\"><\/div>\n\n\n\n<figure class=\"wp-block-image size-large\"><img loading=\"lazy\" decoding=\"async\" width=\"714\" height=\"1024\" src=\"https:\/\/www.ufpb.br\/pinacoteca\/wp-content\/uploads\/sites\/79\/sites\/210\/2025\/02\/image-12-714x1024.jpeg\" alt=\"\" class=\"wp-image-1926\" srcset=\"https:\/\/www.ufpb.br\/pinacoteca\/wp-content\/uploads\/sites\/79\/sites\/210\/2025\/02\/image-12-714x1024.jpeg 714w, https:\/\/www.ufpb.br\/pinacoteca\/wp-content\/uploads\/sites\/79\/sites\/210\/2025\/02\/image-12-209x300.jpeg 209w, https:\/\/www.ufpb.br\/pinacoteca\/wp-content\/uploads\/sites\/79\/sites\/210\/2025\/02\/image-12-768x1101.jpeg 768w, https:\/\/www.ufpb.br\/pinacoteca\/wp-content\/uploads\/sites\/79\/sites\/210\/2025\/02\/image-12-1071x1536.jpeg 1071w, https:\/\/www.ufpb.br\/pinacoteca\/wp-content\/uploads\/sites\/79\/sites\/210\/2025\/02\/image-12-1428x2048.jpeg 1428w, https:\/\/www.ufpb.br\/pinacoteca\/wp-content\/uploads\/sites\/79\/sites\/210\/2025\/02\/image-12-scaled.jpeg 1786w\" sizes=\"auto, (max-width: 714px) 100vw, 714px\" \/><figcaption class=\"wp-element-caption\">Desenho com caneta esferogr\u00e1fica s\/papel. Dimens\u00f5es: 42 x 59,2 cm<\/figcaption><\/figure>\n\n\n\n<div style=\"height:10px\" aria-hidden=\"true\" class=\"wp-block-spacer\"><\/div>\n\n\n\n<div style=\"height:30px\" aria-hidden=\"true\" class=\"wp-block-spacer\"><\/div>\n\n\n\n<h2 class=\"wp-block-heading\"><div class=\"linha-header\">Sandoval Fagundes<\/div><\/h2>\n\n\n\n<figure class=\"wp-block-image size-full\"><img loading=\"lazy\" decoding=\"async\" width=\"534\" height=\"768\" src=\"https:\/\/www.ufpb.br\/pinacoteca\/wp-content\/uploads\/sites\/79\/sites\/210\/2025\/02\/065bf02f-7797-43eb-9760-d59281c71ebc.jpeg\" alt=\"\" class=\"wp-image-1928\" srcset=\"https:\/\/www.ufpb.br\/pinacoteca\/wp-content\/uploads\/sites\/79\/sites\/210\/2025\/02\/065bf02f-7797-43eb-9760-d59281c71ebc.jpeg 534w, https:\/\/www.ufpb.br\/pinacoteca\/wp-content\/uploads\/sites\/79\/sites\/210\/2025\/02\/065bf02f-7797-43eb-9760-d59281c71ebc-209x300.jpeg 209w\" sizes=\"auto, (max-width: 534px) 100vw, 534px\" \/><figcaption class=\"wp-element-caption\">Caneta esferogr\u00e1fica s\/papel 42 cm x 59,2 cm<\/figcaption><\/figure>\n\n\n\n<div style=\"height:30px\" aria-hidden=\"true\" class=\"wp-block-spacer\"><\/div>\n\n\n\n<h2 class=\"wp-block-heading\"><div class=\"linha-header\">Sandoval Fagundes<\/div><\/h2>\n\n\n\n<figure class=\"wp-block-image size-full\"><img loading=\"lazy\" decoding=\"async\" width=\"768\" height=\"545\" src=\"https:\/\/www.ufpb.br\/pinacoteca\/wp-content\/uploads\/sites\/79\/sites\/210\/2025\/02\/dffdd14b-b230-4bee-9546-4d078ab791f9.jpeg\" alt=\"\" class=\"wp-image-1929\" srcset=\"https:\/\/www.ufpb.br\/pinacoteca\/wp-content\/uploads\/sites\/79\/sites\/210\/2025\/02\/dffdd14b-b230-4bee-9546-4d078ab791f9.jpeg 768w, https:\/\/www.ufpb.br\/pinacoteca\/wp-content\/uploads\/sites\/79\/sites\/210\/2025\/02\/dffdd14b-b230-4bee-9546-4d078ab791f9-300x213.jpeg 300w\" sizes=\"auto, (max-width: 768px) 100vw, 768px\" \/><figcaption class=\"wp-element-caption\">Caneta esferogr\u00e1fica s\/papel 42 cm x 59,2 cm<\/figcaption><\/figure>\n\n\n\n<div style=\"height:30px\" aria-hidden=\"true\" class=\"wp-block-spacer\"><\/div>\n\n\n\n<h2 class=\"wp-block-heading\"><div class=\"linha-header\">Sandoval Fagundes<\/div><\/h2>\n\n\n\n<figure class=\"wp-block-image size-full\"><img loading=\"lazy\" decoding=\"async\" width=\"768\" height=\"543\" src=\"https:\/\/www.ufpb.br\/pinacoteca\/wp-content\/uploads\/sites\/79\/sites\/210\/2025\/02\/1cfc10d4-9f8e-4779-aeba-304b5fa24afb.jpeg\" alt=\"\" class=\"wp-image-1930\" srcset=\"https:\/\/www.ufpb.br\/pinacoteca\/wp-content\/uploads\/sites\/79\/sites\/210\/2025\/02\/1cfc10d4-9f8e-4779-aeba-304b5fa24afb.jpeg 768w, https:\/\/www.ufpb.br\/pinacoteca\/wp-content\/uploads\/sites\/79\/sites\/210\/2025\/02\/1cfc10d4-9f8e-4779-aeba-304b5fa24afb-300x212.jpeg 300w\" sizes=\"auto, (max-width: 768px) 100vw, 768px\" \/><figcaption class=\"wp-element-caption\">Caneta esferogr\u00e1fica s\/papel 42 cm x 59,2 cm<\/figcaption><\/figure>\n\n\n\n<div style=\"height:30px\" aria-hidden=\"true\" class=\"wp-block-spacer\"><\/div>\n\n\n\n<h2 class=\"wp-block-heading\"><div class=\"linha-header\">Sandoval Fagundes<\/div><\/h2>\n\n\n\n<figure class=\"wp-block-image size-full\"><img loading=\"lazy\" decoding=\"async\" width=\"544\" height=\"768\" src=\"https:\/\/www.ufpb.br\/pinacoteca\/wp-content\/uploads\/sites\/79\/sites\/210\/2025\/02\/6fbb3f7f-2eab-4bf2-8d01-ac75f0583885.jpeg\" alt=\"\" class=\"wp-image-1931\" srcset=\"https:\/\/www.ufpb.br\/pinacoteca\/wp-content\/uploads\/sites\/79\/sites\/210\/2025\/02\/6fbb3f7f-2eab-4bf2-8d01-ac75f0583885.jpeg 544w, https:\/\/www.ufpb.br\/pinacoteca\/wp-content\/uploads\/sites\/79\/sites\/210\/2025\/02\/6fbb3f7f-2eab-4bf2-8d01-ac75f0583885-213x300.jpeg 213w\" sizes=\"auto, (max-width: 544px) 100vw, 544px\" \/><figcaption class=\"wp-element-caption\">Caneta esferogr\u00e1fica s\/papel 42 cm x 59,2 cm<\/figcaption><\/figure>\n\n\n\n<div style=\"height:30px\" aria-hidden=\"true\" class=\"wp-block-spacer\"><\/div>\n\n\n\n<h2 class=\"wp-block-heading\"><div class=\"linha-header\">Marta Penner<\/div><\/h2>\n\n\n\n<figure class=\"wp-block-image size-full\"><img loading=\"lazy\" decoding=\"async\" width=\"530\" height=\"768\" src=\"https:\/\/www.ufpb.br\/pinacoteca\/wp-content\/uploads\/sites\/79\/sites\/210\/2025\/02\/335eb145-d806-49db-9b6d-094c9b2689ab.jpeg\" alt=\"\" class=\"wp-image-1932\" srcset=\"https:\/\/www.ufpb.br\/pinacoteca\/wp-content\/uploads\/sites\/79\/sites\/210\/2025\/02\/335eb145-d806-49db-9b6d-094c9b2689ab.jpeg 530w, https:\/\/www.ufpb.br\/pinacoteca\/wp-content\/uploads\/sites\/79\/sites\/210\/2025\/02\/335eb145-d806-49db-9b6d-094c9b2689ab-207x300.jpeg 207w\" sizes=\"auto, (max-width: 530px) 100vw, 530px\" \/><figcaption class=\"wp-element-caption\"><strong>Cidades da Jurema<\/strong>. 42cmx59cm Caneta esferogr\u00e1fica e marcador permanente sobre papel 2018<\/figcaption><\/figure>\n\n\n\n<div style=\"height:30px\" aria-hidden=\"true\" class=\"wp-block-spacer\"><\/div>\n\n\n\n<h2 class=\"wp-block-heading\"><div class=\"linha-header\">Marta Penner<\/div><\/h2>\n\n\n\n<figure class=\"wp-block-image size-full\"><img loading=\"lazy\" decoding=\"async\" width=\"768\" height=\"510\" src=\"https:\/\/www.ufpb.br\/pinacoteca\/wp-content\/uploads\/sites\/79\/sites\/210\/2025\/02\/22e602ec-3920-4f4e-9d1b-9cea3b845076.jpeg\" alt=\"\" class=\"wp-image-1933\" srcset=\"https:\/\/www.ufpb.br\/pinacoteca\/wp-content\/uploads\/sites\/79\/sites\/210\/2025\/02\/22e602ec-3920-4f4e-9d1b-9cea3b845076.jpeg 768w, https:\/\/www.ufpb.br\/pinacoteca\/wp-content\/uploads\/sites\/79\/sites\/210\/2025\/02\/22e602ec-3920-4f4e-9d1b-9cea3b845076-300x199.jpeg 300w, https:\/\/www.ufpb.br\/pinacoteca\/wp-content\/uploads\/sites\/79\/sites\/210\/2025\/02\/22e602ec-3920-4f4e-9d1b-9cea3b845076-272x182.jpeg 272w\" sizes=\"auto, (max-width: 768px) 100vw, 768px\" \/><figcaption class=\"wp-element-caption\">Marta Penner. <strong>Boiadeiro<\/strong>. 42cmx59cm. Caneta esferogr\u00e1fica e marcador permanente sobre papel, 2018<\/figcaption><\/figure>\n\n\n\n<div style=\"height:30px\" aria-hidden=\"true\" class=\"wp-block-spacer\"><\/div>\n\n\n\n<h2 class=\"wp-block-heading\"><div class=\"linha-header\">Marta Penner<\/div><\/h2>\n\n\n\n<figure class=\"wp-block-image size-full\"><img loading=\"lazy\" decoding=\"async\" width=\"552\" height=\"768\" src=\"https:\/\/www.ufpb.br\/pinacoteca\/wp-content\/uploads\/sites\/79\/sites\/210\/2025\/02\/121b1e27-9fa4-4df7-b244-c44ccc5f987d.jpeg\" alt=\"\" class=\"wp-image-1934\" srcset=\"https:\/\/www.ufpb.br\/pinacoteca\/wp-content\/uploads\/sites\/79\/sites\/210\/2025\/02\/121b1e27-9fa4-4df7-b244-c44ccc5f987d.jpeg 552w, https:\/\/www.ufpb.br\/pinacoteca\/wp-content\/uploads\/sites\/79\/sites\/210\/2025\/02\/121b1e27-9fa4-4df7-b244-c44ccc5f987d-216x300.jpeg 216w\" sizes=\"auto, (max-width: 552px) 100vw, 552px\" \/><figcaption class=\"wp-element-caption\"><strong>Mata do Malunguinho<\/strong>, 42cmx 59cm Caneta esferogr\u00e1fica e marcador permanente sobre papel, 2018<\/figcaption><\/figure>\n\n\n\n<div style=\"height:30px\" aria-hidden=\"true\" class=\"wp-block-spacer\"><\/div>\n\n\n\n<h2 class=\"wp-block-heading\"><div class=\"linha-header\">Carmen Trevas Falcone<\/div><\/h2>\n\n\n\n<figure class=\"wp-block-image size-full\"><img loading=\"lazy\" decoding=\"async\" width=\"768\" height=\"550\" src=\"https:\/\/www.ufpb.br\/pinacoteca\/wp-content\/uploads\/sites\/79\/sites\/210\/2025\/02\/29a7a5d4-a6c6-4dde-a89b-515578620a97.jpeg\" alt=\"\" class=\"wp-image-1935\" srcset=\"https:\/\/www.ufpb.br\/pinacoteca\/wp-content\/uploads\/sites\/79\/sites\/210\/2025\/02\/29a7a5d4-a6c6-4dde-a89b-515578620a97.jpeg 768w, https:\/\/www.ufpb.br\/pinacoteca\/wp-content\/uploads\/sites\/79\/sites\/210\/2025\/02\/29a7a5d4-a6c6-4dde-a89b-515578620a97-300x215.jpeg 300w\" sizes=\"auto, (max-width: 768px) 100vw, 768px\" \/><figcaption class=\"wp-element-caption\">T\u00edtulo: <strong>KA\u00d4. <\/strong>T\u00e9cnica: xilogravura. Dimens\u00f5es: 50cm x 70cm. Data: 2020. Doa\u00e7\u00e3o de Eleonora Falcone.<\/figcaption><\/figure>\n\n\n\n<div style=\"height:30px\" aria-hidden=\"true\" class=\"wp-block-spacer\"><\/div>\n\n\n\n<p><\/p>\n","protected":false},"excerpt":{"rendered":"<p>As doa\u00e7\u00f5es que a Pinacoteca recebeu no ano de 2020 Walter Wagner Jos\u00e9 Rufino Marcelo [&hellip;]<\/p>\n","protected":false},"author":143,"featured_media":0,"parent":803,"menu_order":0,"comment_status":"closed","ping_status":"closed","template":"","meta":{"footnotes":""},"class_list":["post-1897","page","type-page","status-publish","hentry"],"_links":{"self":[{"href":"https:\/\/www.ufpb.br\/pinacoteca\/wp-json\/wp\/v2\/pages\/1897","targetHints":{"allow":["GET"]}}],"collection":[{"href":"https:\/\/www.ufpb.br\/pinacoteca\/wp-json\/wp\/v2\/pages"}],"about":[{"href":"https:\/\/www.ufpb.br\/pinacoteca\/wp-json\/wp\/v2\/types\/page"}],"author":[{"embeddable":true,"href":"https:\/\/www.ufpb.br\/pinacoteca\/wp-json\/wp\/v2\/users\/143"}],"replies":[{"embeddable":true,"href":"https:\/\/www.ufpb.br\/pinacoteca\/wp-json\/wp\/v2\/comments?post=1897"}],"version-history":[{"count":5,"href":"https:\/\/www.ufpb.br\/pinacoteca\/wp-json\/wp\/v2\/pages\/1897\/revisions"}],"predecessor-version":[{"id":3482,"href":"https:\/\/www.ufpb.br\/pinacoteca\/wp-json\/wp\/v2\/pages\/1897\/revisions\/3482"}],"up":[{"embeddable":true,"href":"https:\/\/www.ufpb.br\/pinacoteca\/wp-json\/wp\/v2\/pages\/803"}],"wp:attachment":[{"href":"https:\/\/www.ufpb.br\/pinacoteca\/wp-json\/wp\/v2\/media?parent=1897"}],"curies":[{"name":"wp","href":"https:\/\/api.w.org\/{rel}","templated":true}]}}