{"id":204,"date":"2024-09-26T10:05:00","date_gmt":"2024-09-26T13:05:00","guid":{"rendered":"https:\/\/www.ufpb.br\/pinacoteca2\/?page_id=204"},"modified":"2026-04-27T09:45:43","modified_gmt":"2026-04-27T12:45:43","slug":"hermano-cananea","status":"publish","type":"page","link":"https:\/\/www.ufpb.br\/pinacoteca\/acervo\/colecao-pinacoteca-ufpb\/hermano-cananea\/","title":{"rendered":"Hermano Cananea"},"content":{"rendered":"\n<div style=\"height:30px\" aria-hidden=\"true\" class=\"wp-block-spacer\"><\/div>\n\n\n\n<p>Hermano Canan\u00e9a \u00e9 um advogado, escritor e artista visual paraibano contempor\u00e2neo, conhecido por sua atua\u00e7\u00e3o tanto no campo jur\u00eddico quanto na produ\u00e7\u00e3o art\u00edstica.<\/p>\n\n\n\n<p>Em abril de 2023, participou da exposi\u00e7\u00e3o coletiva &#8220;A arte que nos habita&#8221;, organizada pela Arte2. A mostra teve in\u00edcio na New Gallery em S\u00e3o Paulo e seguiu para a Galeria Bal d&#8217;Art em Bruxelas, na B\u00e9lgica. Suas obras de arte j\u00e1 foram expostas em diversas cidades do Brasil e no exterior.<\/p>\n\n\n\n<p>Al\u00e9m das artes visuais, Hermano Canan\u00e9a \u00e9 escritor, tendo lan\u00e7ado livros em Portugal.<\/p>\n\n\n\n<p>Canan\u00e9a integra o cen\u00e1rio da arte contempor\u00e2nea paraibana, com trabalhos que dialogam com a produ\u00e7\u00e3o nacional e internacional.<\/p>\n\n\n\n<h2 class=\"wp-block-heading\"><div class=\"linha-header\">Obras:<\/div><\/h2>\n\n\n\n<figure class=\"wp-block-image size-full is-resized\"><img loading=\"lazy\" decoding=\"async\" width=\"150\" height=\"216\" src=\"https:\/\/www.ufpb.br\/pinacoteca\/wp-content\/uploads\/sites\/79\/sites\/210\/2026\/04\/image-30.png\" alt=\"\" class=\"wp-image-4311\" style=\"aspect-ratio:0.694494682775085;width:239px;height:auto\" \/><figcaption class=\"wp-element-caption\">Sem t\u00edtulo, s\/d. T\u00e9cnica Mista. Dimens\u00f5es: 79,5 X 59,5cm. Galerias extintas da UFPB.<\/figcaption><\/figure>\n\n\n\n<p><\/p>\n\n\n\n<figure class=\"wp-block-image size-full is-resized\"><img loading=\"lazy\" decoding=\"async\" width=\"174\" height=\"247\" src=\"https:\/\/www.ufpb.br\/pinacoteca\/wp-content\/uploads\/sites\/79\/sites\/210\/2026\/04\/image-31.png\" alt=\"\" class=\"wp-image-4313\" style=\"aspect-ratio:0.7044347441007148;width:240px;height:auto\" \/><figcaption class=\"wp-element-caption\">Sem t\u00edtulo, s\/d. T\u00e9cnica Mista. Dimens\u00f5es: 79 X 55cm. Galerias extintas da UFPB.<\/figcaption><\/figure>\n","protected":false},"excerpt":{"rendered":"<p>Hermano Canan\u00e9a \u00e9 um advogado, escritor e artista visual paraibano contempor\u00e2neo, conhecido por sua atua\u00e7\u00e3o [&hellip;]<\/p>\n","protected":false},"author":143,"featured_media":0,"parent":71,"menu_order":0,"comment_status":"closed","ping_status":"closed","template":"","meta":{"footnotes":""},"class_list":["post-204","page","type-page","status-publish","hentry"],"_links":{"self":[{"href":"https:\/\/www.ufpb.br\/pinacoteca\/wp-json\/wp\/v2\/pages\/204","targetHints":{"allow":["GET"]}}],"collection":[{"href":"https:\/\/www.ufpb.br\/pinacoteca\/wp-json\/wp\/v2\/pages"}],"about":[{"href":"https:\/\/www.ufpb.br\/pinacoteca\/wp-json\/wp\/v2\/types\/page"}],"author":[{"embeddable":true,"href":"https:\/\/www.ufpb.br\/pinacoteca\/wp-json\/wp\/v2\/users\/143"}],"replies":[{"embeddable":true,"href":"https:\/\/www.ufpb.br\/pinacoteca\/wp-json\/wp\/v2\/comments?post=204"}],"version-history":[{"count":7,"href":"https:\/\/www.ufpb.br\/pinacoteca\/wp-json\/wp\/v2\/pages\/204\/revisions"}],"predecessor-version":[{"id":4314,"href":"https:\/\/www.ufpb.br\/pinacoteca\/wp-json\/wp\/v2\/pages\/204\/revisions\/4314"}],"up":[{"embeddable":true,"href":"https:\/\/www.ufpb.br\/pinacoteca\/wp-json\/wp\/v2\/pages\/71"}],"wp:attachment":[{"href":"https:\/\/www.ufpb.br\/pinacoteca\/wp-json\/wp\/v2\/media?parent=204"}],"curies":[{"name":"wp","href":"https:\/\/api.w.org\/{rel}","templated":true}]}}