{"id":24,"date":"2024-09-16T20:30:37","date_gmt":"2024-09-16T23:30:37","guid":{"rendered":"https:\/\/www.ufpb.br\/pinacoteca2\/?page_id=24"},"modified":"2026-02-10T09:07:29","modified_gmt":"2026-02-10T12:07:29","slug":"acervo","status":"publish","type":"page","link":"https:\/\/www.ufpb.br\/pinacoteca\/acervo\/","title":{"rendered":"Acervo"},"content":{"rendered":"\n<hr class=\"wp-block-separator has-text-color has-cyan-bluish-gray-color has-alpha-channel-opacity has-cyan-bluish-gray-background-color has-background\" \/>\n\n\n\n<div style=\"height:40px\" aria-hidden=\"true\" class=\"wp-block-spacer\"><\/div>\n\n\n\n<p>O acervo da Pinacoteca da UFPB \u00e9 constitu\u00eddo de obras vindas de v\u00e1rias proced\u00eancias. A mais antiga delas \u00e9 o retrato do ex-Reitor fundador Jos\u00e9 Am\u00e9rico de Almeida de autoria de Jos\u00e9 Lyra, encomendado provavelmente para o gabinete do reitor nos anos 50, antes da federaliza\u00e7\u00e3o da Universidade da Para\u00edba.<\/p>\n\n\n\n<p>A maioria do restante das obras foram agregadas ao patrim\u00f4nio da UFPB a partir dos anos 60 com a federaliza\u00e7\u00e3o da universidade. Um lote dessas obras vieram da Galeria do Hall da Reitoria velha na Lagoa , outro do Departamento Cultural onde se realizavam cursos livres de arte, outro ainda da extinta galeria Pedro Am\u00e9rico coordenada pelo colombiano Alfonso Bernal.<\/p>\n\n\n\n<p>Todas essas obras foram recolhidas por ocasi\u00e3o da cria\u00e7\u00e3o da Pinacoteca quando ent\u00e3o foi agregado outro lote de obras doadas a pedido do artista Hermano Jos\u00e9 por v\u00e1rios artistas. A Pinacoteca recebeu tamb\u00e9m uma importante cole\u00e7\u00e3o de gravuras do banco Bozano Simonsen, doa\u00e7\u00e3o avulsa do Banco Central, afora doa\u00e7\u00f5es<br>de colecionadores e artistas.<\/p>\n\n\n\n<div style=\"height:30px\" aria-hidden=\"true\" class=\"wp-block-spacer\"><\/div>\n\n\n\n<h2 class=\"wp-block-heading\"><div class=\"linha-header\"><a href=\"https:\/\/www.ufpb.br\/pinacoteca\/acervo\/colecao-pinacoteca-ufpb\/\" data-type=\"page\" data-id=\"71\">Cole\u00e7\u00e3o Pinacoteca UFPB<\/a><\/div><\/h2>\n\n\n\n<div style=\"height:30px\" aria-hidden=\"true\" class=\"wp-block-spacer\"><\/div>\n\n\n\n<h2 class=\"wp-block-heading\"><div class=\"linha-header\"><a href=\"https:\/\/www.ufpb.br\/pinacoteca\/acervo\/colecao-bozano-simonsen\/\" data-type=\"page\" data-id=\"133\">Cole\u00e7\u00e3o Bozano Simonsen<\/a><\/div><\/h2>\n\n\n\n<div style=\"height:30px\" aria-hidden=\"true\" class=\"wp-block-spacer\"><\/div>\n\n\n\n<h2 class=\"wp-block-heading\"><div class=\"linha-header\"><a href=\"https:\/\/www.ufpb.br\/pinacoteca\/acervo\/colecao-helle-bessa\/\" data-type=\"page\" data-id=\"1501\">Cole\u00e7\u00e3o Hele Bessa<\/a><\/div><\/h2>\n\n\n\n<div style=\"height:30px\" aria-hidden=\"true\" class=\"wp-block-spacer\"><\/div>\n\n\n\n<h2 class=\"wp-block-heading\"><div class=\"linha-header\"><a href=\"https:\/\/www.ufpb.br\/pinacoteca\/acervo\/doacoes\/\" data-type=\"page\" data-id=\"1367\">Doa\u00e7\u00f5es<\/a><\/div><\/h2>\n\n\n\n<div style=\"height:30px\" aria-hidden=\"true\" class=\"wp-block-spacer\"><\/div>\n","protected":false},"excerpt":{"rendered":"<p>O acervo da Pinacoteca da UFPB \u00e9 constitu\u00eddo de obras vindas de v\u00e1rias proced\u00eancias. A [&hellip;]<\/p>\n","protected":false},"author":47,"featured_media":0,"parent":0,"menu_order":0,"comment_status":"closed","ping_status":"closed","template":"","meta":{"footnotes":""},"class_list":["post-24","page","type-page","status-publish","hentry"],"_links":{"self":[{"href":"https:\/\/www.ufpb.br\/pinacoteca\/wp-json\/wp\/v2\/pages\/24","targetHints":{"allow":["GET"]}}],"collection":[{"href":"https:\/\/www.ufpb.br\/pinacoteca\/wp-json\/wp\/v2\/pages"}],"about":[{"href":"https:\/\/www.ufpb.br\/pinacoteca\/wp-json\/wp\/v2\/types\/page"}],"author":[{"embeddable":true,"href":"https:\/\/www.ufpb.br\/pinacoteca\/wp-json\/wp\/v2\/users\/47"}],"replies":[{"embeddable":true,"href":"https:\/\/www.ufpb.br\/pinacoteca\/wp-json\/wp\/v2\/comments?post=24"}],"version-history":[{"count":14,"href":"https:\/\/www.ufpb.br\/pinacoteca\/wp-json\/wp\/v2\/pages\/24\/revisions"}],"predecessor-version":[{"id":3730,"href":"https:\/\/www.ufpb.br\/pinacoteca\/wp-json\/wp\/v2\/pages\/24\/revisions\/3730"}],"wp:attachment":[{"href":"https:\/\/www.ufpb.br\/pinacoteca\/wp-json\/wp\/v2\/media?parent=24"}],"curies":[{"name":"wp","href":"https:\/\/api.w.org\/{rel}","templated":true}]}}

<hr class="wp-block-separator has-text-color has-cyan-bluish-gray-color has-alpha-channel-opacity has-cyan-bluish-gray-background-color has-background" />



<div style="height:40px" aria-hidden="true" class="wp-block-spacer"></div>



<p>O acervo da Pinacoteca da UFPB é constituído de obras vindas de várias procedências. A mais antiga delas é o retrato do ex-Reitor fundador José Américo de Almeida de autoria de José Lyra, encomendado provavelmente para o gabinete do reitor nos anos 50, antes da federalização da Universidade da Paraíba.</p>



<p>A maioria do restante das obras foram agregadas ao patrimônio da UFPB a partir dos anos 60 com a federalização da universidade. Um lote dessas obras vieram da Galeria do Hall da Reitoria velha na Lagoa , outro do Departamento Cultural onde se realizavam cursos livres de arte, outro ainda da extinta galeria Pedro Américo coordenada pelo colombiano Alfonso Bernal.</p>



<p>Todas essas obras foram recolhidas por ocasião da criação da Pinacoteca quando então foi agregado outro lote de obras doadas a pedido do artista Hermano José por vários artistas. A Pinacoteca recebeu também uma importante coleção de gravuras do banco Bozano Simonsen, doação avulsa do Banco Central, afora doações<br>de colecionadores e artistas.</p>



<div style="height:30px" aria-hidden="true" class="wp-block-spacer"></div>



<h2 class="wp-block-heading"><div class="linha-header"><a href="https://www.ufpb.br/pinacoteca/acervo/colecao-pinacoteca-ufpb/" data-type="page" data-id="71">Coleção Pinacoteca UFPB</a></div></h2>



<div style="height:30px" aria-hidden="true" class="wp-block-spacer"></div>



<h2 class="wp-block-heading"><div class="linha-header"><a href="https://www.ufpb.br/pinacoteca/acervo/colecao-bozano-simonsen/" data-type="page" data-id="133">Coleção Bozano Simonsen</a></div></h2>



<div style="height:30px" aria-hidden="true" class="wp-block-spacer"></div>



<h2 class="wp-block-heading"><div class="linha-header"><a href="https://www.ufpb.br/pinacoteca/acervo/colecao-helle-bessa/" data-type="page" data-id="1501">Coleção Hele Bessa</a></div></h2>



<div style="height:30px" aria-hidden="true" class="wp-block-spacer"></div>



<h2 class="wp-block-heading"><div class="linha-header"><a href="https://www.ufpb.br/pinacoteca/acervo/doacoes/" data-type="page" data-id="1367">Doações</a></div></h2>



<div style="height:30px" aria-hidden="true" class="wp-block-spacer"></div>

<p>O acervo da Pinacoteca da UFPB é constituído de obras vindas de várias procedências. A [&hellip;]</p>
