{"id":269,"date":"2024-09-26T10:48:07","date_gmt":"2024-09-26T13:48:07","guid":{"rendered":"https:\/\/www.ufpb.br\/pinacoteca2\/?page_id=269"},"modified":"2024-12-18T10:24:04","modified_gmt":"2024-12-18T13:24:04","slug":"lucas-alves","status":"publish","type":"page","link":"https:\/\/www.ufpb.br\/pinacoteca\/acervo\/colecao-pinacoteca-ufpb\/lucas-alves\/","title":{"rendered":"Lucas Alves"},"content":{"rendered":"\n<p><strong>Recife &#8211; PE, 1995<\/strong><\/p>\n\n\n\n<p>Artista visual formado em Bacharelado em Artes Visuais da Universidade Federal da Para\u00edba (UFPB), iniciou sua trajet\u00f3ria de produ\u00e7\u00e3o art\u00edstica no cen\u00e1rio de arte contempor\u00e2nea de Jo\u00e3o Pessoa. Seus trabalhos refletem seu interesse pela investiga\u00e7\u00e3o dos fen\u00f4menos originados no pr\u00f3prio processo de cria\u00e7\u00e3o, al\u00e9m das rela\u00e7\u00f5es entre arte e natureza. Participou de exposi\u00e7\u00f5es coletivas em institui\u00e7\u00f5es na Para\u00edba, como as Galerias do Sesc-PB Cabo Branco, Guarabira e Campina Grande, Galeria Lavandeira, Casar\u00e3o 34 e Galeria de Arte Archidy Picado. Foi premiado no Sal\u00e3o Parahyba de Pequenos Formatos: gravura e desenho, em 2021, e no Pr\u00eamio Amelinha Theorga em 2020, pela Lei Aldir Blanc, Secretaria de Estado da Cultura, Governo do Estado da Para\u00edba.<\/p>\n\n\n\n<p><\/p>\n\n\n\n<h4 class=\"wp-block-heading\">Obras<\/h4>\n\n\n\n<figure class=\"wp-block-image size-large is-resized\"><img loading=\"lazy\" decoding=\"async\" width=\"1024\" height=\"632\" src=\"https:\/\/www.ufpb.br\/pinacoteca2\/wp-content\/uploads\/sites\/79\/sites\/210\/2024\/10\/image-5-1024x632.jpeg\" alt=\"\" class=\"wp-image-993\" style=\"width:740px;height:auto\" srcset=\"https:\/\/www.ufpb.br\/pinacoteca\/wp-content\/uploads\/sites\/79\/sites\/210\/2024\/10\/image-5-1024x632.jpeg 1024w, https:\/\/www.ufpb.br\/pinacoteca\/wp-content\/uploads\/sites\/79\/sites\/210\/2024\/10\/image-5-300x185.jpeg 300w, https:\/\/www.ufpb.br\/pinacoteca\/wp-content\/uploads\/sites\/79\/sites\/210\/2024\/10\/image-5-768x474.jpeg 768w, https:\/\/www.ufpb.br\/pinacoteca\/wp-content\/uploads\/sites\/79\/sites\/210\/2024\/10\/image-5-1536x948.jpeg 1536w, https:\/\/www.ufpb.br\/pinacoteca\/wp-content\/uploads\/sites\/79\/sites\/210\/2024\/10\/image-5.jpeg 1952w\" sizes=\"auto, (max-width: 1024px) 100vw, 1024px\" \/><figcaption class=\"wp-element-caption\">&#8220;<strong>Ibura Postcards<\/strong>&#8220;, 2019. T\u00e9cnica: fotografia digital. D\u00edptico. Dimens\u00f5es: 15 x 10cm. Doa\u00e7\u00e3o do artista.<\/figcaption><\/figure>\n","protected":false},"excerpt":{"rendered":"<p>Recife &#8211; PE, 1995 Artista visual formado em Bacharelado em Artes Visuais da Universidade Federal [&hellip;]<\/p>\n","protected":false},"author":143,"featured_media":0,"parent":71,"menu_order":0,"comment_status":"closed","ping_status":"closed","template":"","meta":{"footnotes":""},"class_list":["post-269","page","type-page","status-publish","hentry"],"_links":{"self":[{"href":"https:\/\/www.ufpb.br\/pinacoteca\/wp-json\/wp\/v2\/pages\/269","targetHints":{"allow":["GET"]}}],"collection":[{"href":"https:\/\/www.ufpb.br\/pinacoteca\/wp-json\/wp\/v2\/pages"}],"about":[{"href":"https:\/\/www.ufpb.br\/pinacoteca\/wp-json\/wp\/v2\/types\/page"}],"author":[{"embeddable":true,"href":"https:\/\/www.ufpb.br\/pinacoteca\/wp-json\/wp\/v2\/users\/143"}],"replies":[{"embeddable":true,"href":"https:\/\/www.ufpb.br\/pinacoteca\/wp-json\/wp\/v2\/comments?post=269"}],"version-history":[{"count":4,"href":"https:\/\/www.ufpb.br\/pinacoteca\/wp-json\/wp\/v2\/pages\/269\/revisions"}],"predecessor-version":[{"id":1663,"href":"https:\/\/www.ufpb.br\/pinacoteca\/wp-json\/wp\/v2\/pages\/269\/revisions\/1663"}],"up":[{"embeddable":true,"href":"https:\/\/www.ufpb.br\/pinacoteca\/wp-json\/wp\/v2\/pages\/71"}],"wp:attachment":[{"href":"https:\/\/www.ufpb.br\/pinacoteca\/wp-json\/wp\/v2\/media?parent=269"}],"curies":[{"name":"wp","href":"https:\/\/api.w.org\/{rel}","templated":true}]}}