{"id":314,"date":"2024-09-26T11:03:22","date_gmt":"2024-09-26T14:03:22","guid":{"rendered":"https:\/\/www.ufpb.br\/pinacoteca2\/?page_id=314"},"modified":"2026-04-01T10:10:06","modified_gmt":"2026-04-01T13:10:06","slug":"nivalson-miranda","status":"publish","type":"page","link":"https:\/\/www.ufpb.br\/pinacoteca\/acervo\/colecao-pinacoteca-ufpb\/nivalson-miranda\/","title":{"rendered":"Nivalson Miranda"},"content":{"rendered":"\n<p><strong>1927-2013.<\/strong><\/p>\n\n\n\n<p class=\"has-text-align-left\">Nivalson Fernandes de Miranda, conhecido artisticamente como Nivalson Miranda, nasceu em 1 de fevereiro de 1927 na cidade de Jo\u00e3o Pessoa. Foi um importante artista pl\u00e1stico e escritor. Sua produ\u00e7\u00e3o re\u00fane desenhos a bico de pena, xilogravuras, pinturas e cer\u00e2micas, articulando tamb\u00e9m a escrita, pois \u00e9 autor de livros e poemas. Em suas obras aparecem diversas refer\u00eancias e adere\u00e7os ligados \u00e0 cultura paraibana.<br>Ainda muito jovem, aos tr\u00eas anos de idade, vivenciou os acontecimentos da Revolu\u00e7\u00e3o de 1930, per\u00edodo em que sua fam\u00edlia foi perseguida e precisou sair de Jo\u00e3o Pessoa em dire\u00e7\u00e3o a Recife, onde passou e estudou boa parte de sua mocidade. Ap\u00f3s a situa\u00e7\u00e3o se estabilizar, retornou para Jo\u00e3o Pessoa, formou-se em Farm\u00e1cia e atuou durante cerca de 30 anos como professor no departamento de Farm\u00e1cia da Universidade Federal da Para\u00edba, afastando-se apenas ap\u00f3s sua aposentadoria.<br>Mesmo com a carreira acad\u00eamica, a arte sempre esteve presente em sua vida. Artista autodidata, desenvolveu uma produ\u00e7\u00e3o extensa e construiu um grande acervo de obras ao longo dos anos.<br>Ao longo de sua trajet\u00f3ria, participou de diversas exposi\u00e7\u00f5es na Para\u00edba e em outros estados. Entre elas destacam-se: a Exposi\u00e7\u00e3o Coletiva no IV Festival de Inverno de Ouro Preto, em 1971, com trabalhos sobre tema her\u00e1ldico; a Exposi\u00e7\u00e3o Individual \u201cXilogravuras sobre Temas Her\u00e1ldicos no Dom\u00ednio Holand\u00eas\u201d, realizada no IPGH em Jo\u00e3o Pessoa; al\u00e9m de outras participa\u00e7\u00f5es em mostras coletivas e eventos culturais dedicados \u00e0 gravura e \u00e0s artes visuais.<br>Nivalson Miranda faleceu em 17 de agosto de 2013, deixando um importante legado para a arte e a cultura paraibana, al\u00e9m de um vasto acervo de obras que registram sua trajet\u00f3ria art\u00edstica e sua liga\u00e7\u00e3o com a mem\u00f3ria e a identidade cultural da regi\u00e3o.<\/p>\n\n\n\n<div style=\"height:9px\" aria-hidden=\"true\" class=\"wp-block-spacer\"><\/div>\n\n\n\n<h2 class=\"wp-block-heading\"><div class=\"linha-header\">Obras:<\/div><\/h2>\n\n\n\n<div style=\"height:7px\" aria-hidden=\"true\" class=\"wp-block-spacer\"><\/div>\n\n\n\n<figure class=\"wp-block-image size-full\"><img loading=\"lazy\" decoding=\"async\" width=\"449\" height=\"768\" src=\"https:\/\/www.ufpb.br\/pinacoteca2\/wp-content\/uploads\/sites\/79\/sites\/210\/2024\/10\/be929aa8-e350-445b-b3ce-94bc69273bce.jpeg\" alt=\"\" class=\"wp-image-1101\" srcset=\"https:\/\/www.ufpb.br\/pinacoteca\/wp-content\/uploads\/sites\/79\/sites\/210\/2024\/10\/be929aa8-e350-445b-b3ce-94bc69273bce.jpeg 449w, https:\/\/www.ufpb.br\/pinacoteca\/wp-content\/uploads\/sites\/79\/sites\/210\/2024\/10\/be929aa8-e350-445b-b3ce-94bc69273bce-175x300.jpeg 175w\" sizes=\"auto, (max-width: 449px) 100vw, 449px\" \/><figcaption class=\"wp-element-caption\"><strong>Prov\u00edncias de Pernambuco &#8211; 1638, s\/d.<\/strong> T\u00e9cnica: xilogravura. Dimens\u00f5es: 45,5 cm x 26,6 cm. Doa\u00e7\u00e3o do artista. Foto: Maycon Albuquerque.<\/figcaption><\/figure>\n\n\n\n<figure class=\"wp-block-image size-full\"><img loading=\"lazy\" decoding=\"async\" width=\"415\" height=\"768\" src=\"https:\/\/www.ufpb.br\/pinacoteca2\/wp-content\/uploads\/sites\/79\/sites\/210\/2024\/10\/4962308d-5be3-4e0e-bd9a-407494192200.jpeg\" alt=\"\" class=\"wp-image-1104\" srcset=\"https:\/\/www.ufpb.br\/pinacoteca\/wp-content\/uploads\/sites\/79\/sites\/210\/2024\/10\/4962308d-5be3-4e0e-bd9a-407494192200.jpeg 415w, https:\/\/www.ufpb.br\/pinacoteca\/wp-content\/uploads\/sites\/79\/sites\/210\/2024\/10\/4962308d-5be3-4e0e-bd9a-407494192200-162x300.jpeg 162w\" sizes=\"auto, (max-width: 415px) 100vw, 415px\" \/><figcaption class=\"wp-element-caption\"><strong>Pernambuco, s\/d.<\/strong> T\u00e9cnica: xilogravura. Dimens\u00f5es: 45,7 cm x 24,7 cm. Doa\u00e7\u00e3o do artista. Foto: Maycon Albuquerque.<\/figcaption><\/figure>\n\n\n\n<figure class=\"wp-block-image size-full\"><img loading=\"lazy\" decoding=\"async\" width=\"424\" height=\"768\" src=\"https:\/\/www.ufpb.br\/pinacoteca2\/wp-content\/uploads\/sites\/79\/sites\/210\/2024\/10\/37cca28a-08ec-4bc5-bb6e-e7c6b183c2d5.jpeg\" alt=\"\" class=\"wp-image-1105\" srcset=\"https:\/\/www.ufpb.br\/pinacoteca\/wp-content\/uploads\/sites\/79\/sites\/210\/2024\/10\/37cca28a-08ec-4bc5-bb6e-e7c6b183c2d5.jpeg 424w, https:\/\/www.ufpb.br\/pinacoteca\/wp-content\/uploads\/sites\/79\/sites\/210\/2024\/10\/37cca28a-08ec-4bc5-bb6e-e7c6b183c2d5-166x300.jpeg 166w\" sizes=\"auto, (max-width: 424px) 100vw, 424px\" \/><figcaption class=\"wp-element-caption\"><strong>Rio grande do norte, s\/d.<\/strong> T\u00e9cnica: xilogravura. Dimens\u00f5es: 45,7 cm x 26,3 cm. Doa\u00e7\u00e3o do artista. Foto: Maycon Albuquerque.<br><br><br><br><\/figcaption><\/figure>\n\n\n\n<figure class=\"wp-block-image size-full\"><img loading=\"lazy\" decoding=\"async\" width=\"552\" height=\"768\" src=\"https:\/\/www.ufpb.br\/pinacoteca2\/wp-content\/uploads\/sites\/79\/sites\/210\/2024\/10\/bedde6bb-0fc5-4e3b-9133-e43f721261c5.jpeg\" alt=\"\" class=\"wp-image-1106\" srcset=\"https:\/\/www.ufpb.br\/pinacoteca\/wp-content\/uploads\/sites\/79\/sites\/210\/2024\/10\/bedde6bb-0fc5-4e3b-9133-e43f721261c5.jpeg 552w, https:\/\/www.ufpb.br\/pinacoteca\/wp-content\/uploads\/sites\/79\/sites\/210\/2024\/10\/bedde6bb-0fc5-4e3b-9133-e43f721261c5-216x300.jpeg 216w\" sizes=\"auto, (max-width: 552px) 100vw, 552px\" \/><figcaption class=\"wp-element-caption\"><strong>Nordeste Holandez 1638, s\/d<\/strong>. T\u00e9cnica: xilogravura. Dimens\u00f5es: 56,3 cm x 28 cm. Doa\u00e7\u00e3o do artista. Foto: Maycon Albuquerque. <\/figcaption><\/figure>\n\n\n\n<figure class=\"wp-block-image size-full\"><img loading=\"lazy\" decoding=\"async\" width=\"446\" height=\"768\" src=\"https:\/\/www.ufpb.br\/pinacoteca2\/wp-content\/uploads\/sites\/79\/sites\/210\/2024\/10\/8930280c-9007-454d-b66c-7931eb005349.jpeg\" alt=\"\" class=\"wp-image-1107\" srcset=\"https:\/\/www.ufpb.br\/pinacoteca\/wp-content\/uploads\/sites\/79\/sites\/210\/2024\/10\/8930280c-9007-454d-b66c-7931eb005349.jpeg 446w, https:\/\/www.ufpb.br\/pinacoteca\/wp-content\/uploads\/sites\/79\/sites\/210\/2024\/10\/8930280c-9007-454d-b66c-7931eb005349-174x300.jpeg 174w\" sizes=\"auto, (max-width: 446px) 100vw, 446px\" \/><figcaption class=\"wp-element-caption\"><strong>Para\u00edba, s\/d.<\/strong> T\u00e9cnica: xilogravura. Dimens\u00f5es: 44 cm x 26 cm. Doa\u00e7\u00e3o do artista. Foto: Maycon Albuquerque.<\/figcaption><\/figure>\n\n\n\n<figure class=\"wp-block-image size-full\"><img loading=\"lazy\" decoding=\"async\" width=\"447\" height=\"768\" src=\"https:\/\/www.ufpb.br\/pinacoteca2\/wp-content\/uploads\/sites\/79\/sites\/210\/2024\/10\/0fdf7311-3952-4a93-bb37-11e6b84eff8e.jpeg\" alt=\"\" class=\"wp-image-1108\" srcset=\"https:\/\/www.ufpb.br\/pinacoteca\/wp-content\/uploads\/sites\/79\/sites\/210\/2024\/10\/0fdf7311-3952-4a93-bb37-11e6b84eff8e.jpeg 447w, https:\/\/www.ufpb.br\/pinacoteca\/wp-content\/uploads\/sites\/79\/sites\/210\/2024\/10\/0fdf7311-3952-4a93-bb37-11e6b84eff8e-175x300.jpeg 175w\" sizes=\"auto, (max-width: 447px) 100vw, 447px\" \/><figcaption class=\"wp-element-caption\"><strong>Sem t\u00edtulo, s\/d.<\/strong> T\u00e9cnica: xilogravura. Dimens\u00f5es: 43,7 cm x 45,5 cm. Doa\u00e7\u00e3o do artista. Foto: Maycon Albuquerque.<\/figcaption><\/figure>\n\n\n\n<figure class=\"wp-block-image size-full\"><img loading=\"lazy\" decoding=\"async\" width=\"441\" height=\"768\" src=\"https:\/\/www.ufpb.br\/pinacoteca2\/wp-content\/uploads\/sites\/79\/sites\/210\/2024\/10\/f9443536-1723-4f69-87c6-117a8fc1922e.jpeg\" alt=\"\" class=\"wp-image-1109\" srcset=\"https:\/\/www.ufpb.br\/pinacoteca\/wp-content\/uploads\/sites\/79\/sites\/210\/2024\/10\/f9443536-1723-4f69-87c6-117a8fc1922e.jpeg 441w, https:\/\/www.ufpb.br\/pinacoteca\/wp-content\/uploads\/sites\/79\/sites\/210\/2024\/10\/f9443536-1723-4f69-87c6-117a8fc1922e-172x300.jpeg 172w\" sizes=\"auto, (max-width: 441px) 100vw, 441px\" \/><figcaption class=\"wp-element-caption\"><strong>Nordeste Holandez 1638, s\/d.<\/strong> T\u00e9cnica: xilogravura. Dimens\u00f5es. 50 cm x 28,9 cm. Doa\u00e7\u00e3o do artista. Foto: Maycon Albuquerque. <\/figcaption><\/figure>\n\n\n\n<p><\/p>\n\n\n\n<figure class=\"wp-block-image size-full\"><img loading=\"lazy\" decoding=\"async\" width=\"415\" height=\"768\" src=\"https:\/\/www.ufpb.br\/pinacoteca2\/wp-content\/uploads\/sites\/79\/sites\/210\/2024\/10\/5ca59190-e268-4c24-9769-f5520f1caa53.jpeg\" alt=\"\" class=\"wp-image-1110\" srcset=\"https:\/\/www.ufpb.br\/pinacoteca\/wp-content\/uploads\/sites\/79\/sites\/210\/2024\/10\/5ca59190-e268-4c24-9769-f5520f1caa53.jpeg 415w, https:\/\/www.ufpb.br\/pinacoteca\/wp-content\/uploads\/sites\/79\/sites\/210\/2024\/10\/5ca59190-e268-4c24-9769-f5520f1caa53-162x300.jpeg 162w\" sizes=\"auto, (max-width: 415px) 100vw, 415px\" \/><figcaption class=\"wp-element-caption\"><strong>Itamarac\u00e1, s\/d.<\/strong> <strong>T\u00e9cnica: xilogravura. Dimens\u00f5es: 43,2 cm x 23,3 cm. Doa\u00e7\u00e3o do artista. Foto: Maycon Albuquerque.<\/strong> <\/figcaption><\/figure>\n\n\n\n<figure class=\"wp-block-image size-full\"><img loading=\"lazy\" decoding=\"async\" width=\"548\" height=\"768\" src=\"https:\/\/www.ufpb.br\/pinacoteca2\/wp-content\/uploads\/sites\/79\/sites\/210\/2024\/10\/ac44fcfe-a55d-4024-b9b5-039c6cedc5bf.jpeg\" alt=\"\" class=\"wp-image-1112\" srcset=\"https:\/\/www.ufpb.br\/pinacoteca\/wp-content\/uploads\/sites\/79\/sites\/210\/2024\/10\/ac44fcfe-a55d-4024-b9b5-039c6cedc5bf.jpeg 548w, https:\/\/www.ufpb.br\/pinacoteca\/wp-content\/uploads\/sites\/79\/sites\/210\/2024\/10\/ac44fcfe-a55d-4024-b9b5-039c6cedc5bf-214x300.jpeg 214w\" sizes=\"auto, (max-width: 548px) 100vw, 548px\" \/><figcaption class=\"wp-element-caption\"><strong>Nordeste Holandez 1638, s\/d.<\/strong> T\u00e9cnica: xilogravura sobre tecido. Dimens\u00f5es: 56 cm x 29 cm. Doa\u00e7\u00e3o do artista. Foto: Maycon Albuquerque. <\/figcaption><\/figure>\n\n\n\n<figure class=\"wp-block-image size-full\"><img loading=\"lazy\" decoding=\"async\" width=\"624\" height=\"768\" src=\"https:\/\/www.ufpb.br\/pinacoteca2\/wp-content\/uploads\/sites\/79\/sites\/210\/2024\/10\/b4886f94-23ba-4f53-bea4-2d994662b309.jpeg\" alt=\"\" class=\"wp-image-1113\" srcset=\"https:\/\/www.ufpb.br\/pinacoteca\/wp-content\/uploads\/sites\/79\/sites\/210\/2024\/10\/b4886f94-23ba-4f53-bea4-2d994662b309.jpeg 624w, https:\/\/www.ufpb.br\/pinacoteca\/wp-content\/uploads\/sites\/79\/sites\/210\/2024\/10\/b4886f94-23ba-4f53-bea4-2d994662b309-244x300.jpeg 244w\" sizes=\"auto, (max-width: 624px) 100vw, 624px\" \/><figcaption class=\"wp-element-caption\"><strong>Nordeste Holandez 1638, s\/d.<\/strong> T\u00e9cnica: xilogravura sobre tecido. Dimens\u00f5es: 47,9 cm x 40,4 cm. Doa\u00e7\u00e3o do artista. Foto: Maycon Albuquerque. <\/figcaption><\/figure>\n\n\n\n<p><\/p>\n\n\n\n<figure class=\"wp-block-image size-full\"><img loading=\"lazy\" decoding=\"async\" width=\"562\" height=\"768\" src=\"https:\/\/www.ufpb.br\/pinacoteca2\/wp-content\/uploads\/sites\/79\/sites\/210\/2024\/10\/c231dea9-55ac-4a9e-982e-28ebbf82ce7a.jpeg\" alt=\"\" class=\"wp-image-1114\" srcset=\"https:\/\/www.ufpb.br\/pinacoteca\/wp-content\/uploads\/sites\/79\/sites\/210\/2024\/10\/c231dea9-55ac-4a9e-982e-28ebbf82ce7a.jpeg 562w, https:\/\/www.ufpb.br\/pinacoteca\/wp-content\/uploads\/sites\/79\/sites\/210\/2024\/10\/c231dea9-55ac-4a9e-982e-28ebbf82ce7a-220x300.jpeg 220w\" sizes=\"auto, (max-width: 562px) 100vw, 562px\" \/><figcaption class=\"wp-element-caption\"><strong>Nordeste Holandez 1638, s\/d.<\/strong> T\u00e9cnica: xilogravura a cores. Dimens\u00f5es: 55,8 cm x 32,4 cm. Doa\u00e7\u00e3o do artista. Foto: Maycon Albuquerque.<br><br><br><br><\/figcaption><\/figure>\n\n\n\n<p><\/p>\n\n\n\n<figure class=\"wp-block-image size-full\"><img loading=\"lazy\" decoding=\"async\" width=\"437\" height=\"768\" src=\"https:\/\/www.ufpb.br\/pinacoteca2\/wp-content\/uploads\/sites\/79\/sites\/210\/2024\/10\/4f2d79f1-80b8-442d-b4b8-13ca7709ac74.jpeg\" alt=\"\" class=\"wp-image-1116\" srcset=\"https:\/\/www.ufpb.br\/pinacoteca\/wp-content\/uploads\/sites\/79\/sites\/210\/2024\/10\/4f2d79f1-80b8-442d-b4b8-13ca7709ac74.jpeg 437w, https:\/\/www.ufpb.br\/pinacoteca\/wp-content\/uploads\/sites\/79\/sites\/210\/2024\/10\/4f2d79f1-80b8-442d-b4b8-13ca7709ac74-171x300.jpeg 171w\" sizes=\"auto, (max-width: 437px) 100vw, 437px\" \/><figcaption class=\"wp-element-caption\"><strong>Alagoas de Atrum, s\/d<\/strong>. T\u00e9cnica: xilogravura. Dimens\u00f5es: 71,5 cm x 39,7 cm. Doa\u00e7\u00e3o do artista. Foto: Maycon Albuquerque. <\/figcaption><\/figure>\n\n\n\n<figure class=\"wp-block-image size-full\"><img loading=\"lazy\" decoding=\"async\" width=\"426\" height=\"768\" src=\"https:\/\/www.ufpb.br\/pinacoteca2\/wp-content\/uploads\/sites\/79\/sites\/210\/2024\/10\/ce2a4be1-025a-44b9-b5f9-62f8374d7a46.jpeg\" alt=\"\" class=\"wp-image-1119\" srcset=\"https:\/\/www.ufpb.br\/pinacoteca\/wp-content\/uploads\/sites\/79\/sites\/210\/2024\/10\/ce2a4be1-025a-44b9-b5f9-62f8374d7a46.jpeg 426w, https:\/\/www.ufpb.br\/pinacoteca\/wp-content\/uploads\/sites\/79\/sites\/210\/2024\/10\/ce2a4be1-025a-44b9-b5f9-62f8374d7a46-166x300.jpeg 166w\" sizes=\"auto, (max-width: 426px) 100vw, 426px\" \/><figcaption class=\"wp-element-caption\"><strong>Fortaleza de Santa Catarina &#8211; Cabedelo, 1993.<\/strong> T\u00e9cnica: xilogravura em papel sobre madeira. Dimens\u00f5es: 70 cm x 39 cm. Doa\u00e7\u00e3o do artista. Foto: Maycon Albuquerque.<\/figcaption><\/figure>\n\n\n\n<figure class=\"wp-block-image size-full\"><img loading=\"lazy\" decoding=\"async\" width=\"424\" height=\"768\" src=\"https:\/\/www.ufpb.br\/pinacoteca2\/wp-content\/uploads\/sites\/79\/sites\/210\/2024\/10\/1e4e2a0a-b598-44d8-a253-a0b590f2c008.jpeg\" alt=\"\" class=\"wp-image-1120\" srcset=\"https:\/\/www.ufpb.br\/pinacoteca\/wp-content\/uploads\/sites\/79\/sites\/210\/2024\/10\/1e4e2a0a-b598-44d8-a253-a0b590f2c008.jpeg 424w, https:\/\/www.ufpb.br\/pinacoteca\/wp-content\/uploads\/sites\/79\/sites\/210\/2024\/10\/1e4e2a0a-b598-44d8-a253-a0b590f2c008-166x300.jpeg 166w\" sizes=\"auto, (max-width: 424px) 100vw, 424px\" \/><figcaption class=\"wp-element-caption\"><strong>Ilha de Itamarac\u00e1 &#8211; PE, 1993.<\/strong> T\u00e9cnica: xilogravura. Dimens\u00f5es: 71 cm x 35,5 cm. Doa\u00e7\u00e3o do artista. Foto: Maycon Albuquerque. <br><br><br><br><\/figcaption><\/figure>\n\n\n\n<figure class=\"wp-block-image size-full\"><img loading=\"lazy\" decoding=\"async\" width=\"419\" height=\"768\" src=\"https:\/\/www.ufpb.br\/pinacoteca2\/wp-content\/uploads\/sites\/79\/sites\/210\/2024\/10\/8adcf8b5-d2a4-475d-a7ea-9b35bd532ca1.jpeg\" alt=\"\" class=\"wp-image-1123\" srcset=\"https:\/\/www.ufpb.br\/pinacoteca\/wp-content\/uploads\/sites\/79\/sites\/210\/2024\/10\/8adcf8b5-d2a4-475d-a7ea-9b35bd532ca1.jpeg 419w, https:\/\/www.ufpb.br\/pinacoteca\/wp-content\/uploads\/sites\/79\/sites\/210\/2024\/10\/8adcf8b5-d2a4-475d-a7ea-9b35bd532ca1-164x300.jpeg 164w\" sizes=\"auto, (max-width: 419px) 100vw, 419px\" \/><figcaption class=\"wp-element-caption\"><strong>Parahyba do norte, 1993.<\/strong> T\u00e9cnica: xilogravura em papel sobre madeira. Dimens\u00f5es: 71 cm x 39,8 cm. Doa\u00e7\u00e3o do artista. Foto: Maycon Albuquerque. <\/figcaption><\/figure>\n\n\n\n<figure class=\"wp-block-image size-full\"><img loading=\"lazy\" decoding=\"async\" width=\"425\" height=\"768\" src=\"https:\/\/www.ufpb.br\/pinacoteca2\/wp-content\/uploads\/sites\/79\/sites\/210\/2024\/10\/7b6a330b-8be2-43aa-bc09-578951e68a33.jpeg\" alt=\"\" class=\"wp-image-1124\" srcset=\"https:\/\/www.ufpb.br\/pinacoteca\/wp-content\/uploads\/sites\/79\/sites\/210\/2024\/10\/7b6a330b-8be2-43aa-bc09-578951e68a33.jpeg 425w, https:\/\/www.ufpb.br\/pinacoteca\/wp-content\/uploads\/sites\/79\/sites\/210\/2024\/10\/7b6a330b-8be2-43aa-bc09-578951e68a33-166x300.jpeg 166w\" sizes=\"auto, (max-width: 425px) 100vw, 425px\" \/><figcaption class=\"wp-element-caption\"><strong>Pernambuco, 1993.<\/strong> T\u00e9cnica: xilogravura em papel sobre madeira. Dimens\u00f5es: 70 cm x 39 cm. Doa\u00e7\u00e3o do artista. Foto: Maycon Albuquerque. <\/figcaption><\/figure>\n\n\n\n<figure class=\"wp-block-image size-full\"><img loading=\"lazy\" decoding=\"async\" width=\"422\" height=\"768\" src=\"https:\/\/www.ufpb.br\/pinacoteca2\/wp-content\/uploads\/sites\/79\/sites\/210\/2024\/10\/326c37df-a31a-4303-8c61-1eb48ca28a53-1.jpeg\" alt=\"\" class=\"wp-image-1126\" srcset=\"https:\/\/www.ufpb.br\/pinacoteca\/wp-content\/uploads\/sites\/79\/sites\/210\/2024\/10\/326c37df-a31a-4303-8c61-1eb48ca28a53-1.jpeg 422w, https:\/\/www.ufpb.br\/pinacoteca\/wp-content\/uploads\/sites\/79\/sites\/210\/2024\/10\/326c37df-a31a-4303-8c61-1eb48ca28a53-1-165x300.jpeg 165w\" sizes=\"auto, (max-width: 422px) 100vw, 422px\" \/><figcaption class=\"wp-element-caption\"><strong>Fortaleza de Santa Catarina &#8211; Cabedelo, 1993.<\/strong> T\u00e9cnica: xilogravura em papel sobre madeira. Dimens\u00f5es: 70 cm x 39 cm. Doa\u00e7\u00e3o do artista. Foto: Maycon Albuquerque.<br><br><\/figcaption><\/figure>\n","protected":false},"excerpt":{"rendered":"<p>1927-2013. Nivalson Fernandes de Miranda, conhecido artisticamente como Nivalson Miranda, nasceu em 1 de fevereiro [&hellip;]<\/p>\n","protected":false},"author":143,"featured_media":0,"parent":71,"menu_order":0,"comment_status":"closed","ping_status":"closed","template":"","meta":{"footnotes":""},"class_list":["post-314","page","type-page","status-publish","hentry"],"_links":{"self":[{"href":"https:\/\/www.ufpb.br\/pinacoteca\/wp-json\/wp\/v2\/pages\/314","targetHints":{"allow":["GET"]}}],"collection":[{"href":"https:\/\/www.ufpb.br\/pinacoteca\/wp-json\/wp\/v2\/pages"}],"about":[{"href":"https:\/\/www.ufpb.br\/pinacoteca\/wp-json\/wp\/v2\/types\/page"}],"author":[{"embeddable":true,"href":"https:\/\/www.ufpb.br\/pinacoteca\/wp-json\/wp\/v2\/users\/143"}],"replies":[{"embeddable":true,"href":"https:\/\/www.ufpb.br\/pinacoteca\/wp-json\/wp\/v2\/comments?post=314"}],"version-history":[{"count":4,"href":"https:\/\/www.ufpb.br\/pinacoteca\/wp-json\/wp\/v2\/pages\/314\/revisions"}],"predecessor-version":[{"id":4147,"href":"https:\/\/www.ufpb.br\/pinacoteca\/wp-json\/wp\/v2\/pages\/314\/revisions\/4147"}],"up":[{"embeddable":true,"href":"https:\/\/www.ufpb.br\/pinacoteca\/wp-json\/wp\/v2\/pages\/71"}],"wp:attachment":[{"href":"https:\/\/www.ufpb.br\/pinacoteca\/wp-json\/wp\/v2\/media?parent=314"}],"curies":[{"name":"wp","href":"https:\/\/api.w.org\/{rel}","templated":true}]}}