{"id":350,"date":"2024-09-26T11:12:52","date_gmt":"2024-09-26T14:12:52","guid":{"rendered":"https:\/\/www.ufpb.br\/pinacoteca2\/?page_id=350"},"modified":"2024-10-11T10:28:30","modified_gmt":"2024-10-11T13:28:30","slug":"romulo-lacet","status":"publish","type":"page","link":"https:\/\/www.ufpb.br\/pinacoteca\/acervo\/colecao-pinacoteca-ufpb\/romulo-lacet\/","title":{"rendered":"Romulo Lacet"},"content":{"rendered":"\n<p>Obras<\/p>\n\n\n\n<figure class=\"wp-block-image size-full\"><img loading=\"lazy\" decoding=\"async\" width=\"590\" height=\"768\" src=\"https:\/\/www.ufpb.br\/pinacoteca2\/wp-content\/uploads\/sites\/79\/sites\/210\/2024\/10\/44ded737-9c11-4a38-a792-fc8d5900456e.jpeg\" alt=\"\" class=\"wp-image-1184\" srcset=\"https:\/\/www.ufpb.br\/pinacoteca\/wp-content\/uploads\/sites\/79\/sites\/210\/2024\/10\/44ded737-9c11-4a38-a792-fc8d5900456e.jpeg 590w, https:\/\/www.ufpb.br\/pinacoteca\/wp-content\/uploads\/sites\/79\/sites\/210\/2024\/10\/44ded737-9c11-4a38-a792-fc8d5900456e-230x300.jpeg 230w\" sizes=\"auto, (max-width: 590px) 100vw, 590px\" \/><figcaption class=\"wp-element-caption\"><strong>Sem t\u00edtulo, 1976.<\/strong> T\u00e9cnica: guache sobre tela. Dimens\u00f5es: 59,9 x 44,6 cm. N\u00famero de registro: 060. Origem: Ex Departamento Cultural. Foto: Maycon Albuquerque <\/figcaption><\/figure>\n\n\n\n<p><\/p>\n","protected":false},"excerpt":{"rendered":"<p>Obras<\/p>\n","protected":false},"author":143,"featured_media":0,"parent":71,"menu_order":0,"comment_status":"closed","ping_status":"closed","template":"","meta":{"footnotes":""},"class_list":["post-350","page","type-page","status-publish","hentry"],"_links":{"self":[{"href":"https:\/\/www.ufpb.br\/pinacoteca\/wp-json\/wp\/v2\/pages\/350","targetHints":{"allow":["GET"]}}],"collection":[{"href":"https:\/\/www.ufpb.br\/pinacoteca\/wp-json\/wp\/v2\/pages"}],"about":[{"href":"https:\/\/www.ufpb.br\/pinacoteca\/wp-json\/wp\/v2\/types\/page"}],"author":[{"embeddable":true,"href":"https:\/\/www.ufpb.br\/pinacoteca\/wp-json\/wp\/v2\/users\/143"}],"replies":[{"embeddable":true,"href":"https:\/\/www.ufpb.br\/pinacoteca\/wp-json\/wp\/v2\/comments?post=350"}],"version-history":[{"count":3,"href":"https:\/\/www.ufpb.br\/pinacoteca\/wp-json\/wp\/v2\/pages\/350\/revisions"}],"predecessor-version":[{"id":1185,"href":"https:\/\/www.ufpb.br\/pinacoteca\/wp-json\/wp\/v2\/pages\/350\/revisions\/1185"}],"up":[{"embeddable":true,"href":"https:\/\/www.ufpb.br\/pinacoteca\/wp-json\/wp\/v2\/pages\/71"}],"wp:attachment":[{"href":"https:\/\/www.ufpb.br\/pinacoteca\/wp-json\/wp\/v2\/media?parent=350"}],"curies":[{"name":"wp","href":"https:\/\/api.w.org\/{rel}","templated":true}]}}

<p>Obras</p>



<figure class="wp-block-image size-full"><img loading="lazy" decoding="async" width="590" height="768" src="https://www.ufpb.br/pinacoteca2/wp-content/uploads/sites/79/sites/210/2024/10/44ded737-9c11-4a38-a792-fc8d5900456e.jpeg" alt="" class="wp-image-1184" srcset="https://www.ufpb.br/pinacoteca/wp-content/uploads/sites/79/sites/210/2024/10/44ded737-9c11-4a38-a792-fc8d5900456e.jpeg 590w, https://www.ufpb.br/pinacoteca/wp-content/uploads/sites/79/sites/210/2024/10/44ded737-9c11-4a38-a792-fc8d5900456e-230x300.jpeg 230w" sizes="auto, (max-width: 590px) 100vw, 590px" /><figcaption class="wp-element-caption"><strong>Sem título, 1976.</strong> Técnica: guache sobre tela. Dimensões: 59,9 x 44,6 cm. Número de registro: 060. Origem: Ex Departamento Cultural. Foto: Maycon Albuquerque </figcaption></figure>



<p></p>
