{"id":37,"date":"2024-09-16T20:32:47","date_gmt":"2024-09-16T23:32:47","guid":{"rendered":"https:\/\/www.ufpb.br\/pinacoteca2\/?page_id=37"},"modified":"2025-11-26T09:37:09","modified_gmt":"2025-11-26T12:37:09","slug":"exposicoes","status":"publish","type":"page","link":"https:\/\/www.ufpb.br\/pinacoteca\/galerias-de-arte\/exposicoes\/","title":{"rendered":"Exposi\u00e7\u00f5es"},"content":{"rendered":"\n<p>Uma das prioridades da Pinacoteca al\u00e9m da cataloga\u00e7\u00e3o do acervo \u00e9 a realiza\u00e7\u00e3o de exposi\u00e7\u00f5es peri\u00f3dicas na galeria do primeiro andar. Iniciamos com uma coletiva do acervo de longa dura\u00e7\u00e3o enquanto os servi\u00e7os de reparos do teto da Biblioteca Central eram efetuados e durante a mudan\u00e7a interna de local da Pinacoteca. Em seguida demos prioridade a exposi\u00e7\u00f5es coletivas e individuais, principalmente de alunos-artistas do curso de Artes Visuais da UFPB . Essas exposi\u00e7\u00f5es tiveram uma numerosa frequ\u00eancia de p\u00fablico. Al\u00e9m do espa\u00e7o da galeria no primeiro andar da Biblioteca Central. realizamos tr\u00eas exposi\u00e7\u00f5es na Galeria de Arte Lavandeira e uma no Hall da Reitoria, todas com grande frequ\u00eancia de p\u00fablico. A maioria das fotos s\u00e3o de aberturas das exposi\u00e7\u00f5es dando realce ao p\u00fablico visitante e aos alunos do curso de artes visuais da UFPB.<\/p>\n\n\n\n<p><\/p>\n\n\n\n<h2 class=\"wp-block-heading\"><div class=\"linha-header\"><a href=\"https:\/\/www.ufpb.br\/pinacoteca\/2025\/02\/19\/exposicao-30-anos-pinacoteca-ufpb\/\" data-type=\"post\" data-id=\"2037\">Pinacoteca: 30 Anos<\/a><\/div><\/h2>\n\n\n\n<p><\/p>\n\n\n\n<h2 class=\"wp-block-heading\"><div class=\"linha-header\"><a href=\"https:\/\/www.ufpb.br\/pinacoteca\/2025\/02\/27\/exposicao-outras-janelas\/\" data-type=\"post\" data-id=\"2074\">Exposi\u00e7\u00e3o: &#8220;Outras Janelas&#8221;<\/a><\/div><\/h2>\n\n\n\n<p><\/p>\n\n\n\n<h2 class=\"wp-block-heading\"><div class=\"linha-header\"><a href=\"https:\/\/www.ufpb.br\/pinacoteca\/2025\/02\/27\/exposicao-notas-sobre-silencio-1996\/\" data-type=\"post\" data-id=\"2103\">Notas sobre Sil\u00eancio &#8211; 1996<\/a><\/div><\/h2>\n\n\n\n<p><\/p>\n\n\n\n<h2 class=\"wp-block-heading\"><div class=\"linha-header\"><a href=\"https:\/\/www.ufpb.br\/pinacoteca\/2025\/02\/27\/exposicao-multiplas-formas\/\" data-type=\"post\" data-id=\"2126\">M\u00faltiplas Formas<\/a><\/div><\/h2>\n\n\n\n<p><\/p>\n\n\n\n<h2 class=\"wp-block-heading\"><div class=\"linha-header\"><a href=\"https:\/\/www.ufpb.br\/pinacoteca\/2025\/02\/27\/achados-e-perdidos-ricardo-peixoto\/\" data-type=\"post\" data-id=\"2137\">\u201cAchados e Perdidos\u201d &#8211; Ricardo Peixoto<\/a><\/div><\/h2>\n\n\n\n<p><\/p>\n\n\n\n<h2 class=\"wp-block-heading\"><div class=\"linha-header\"><a href=\"https:\/\/www.ufpb.br\/pinacoteca\/2025\/03\/13\/exposicao-rossini-perez-gravuras\/\" data-type=\"post\" data-id=\"2214\"> Rossini Perez Gravuras<\/a><\/div><\/h2>\n\n\n\n<p><\/p>\n\n\n\n<h2 class=\"wp-block-heading\"><div class=\"linha-header\"><a href=\"https:\/\/www.ufpb.br\/pinacoteca\/2025\/03\/17\/vamos-falar-de-hq\/\" data-type=\"post\" data-id=\"2249\">Vamos Falar De HQ?<\/a><\/div><\/h2>\n\n\n\n<p><\/p>\n\n\n\n<h2 class=\"wp-block-heading\"><div class=\"linha-header\">Exposi\u00e7\u00e3o: &#8220;Impress\u00f5es&#8221;<\/div><\/h2>\n\n\n\n<p><\/p>\n\n\n\n<h2 class=\"wp-block-heading\"><div class=\"linha-header\">Hermano Jos\u00e9 &#8211; Cabo Branco ate quando&#8230;?<\/div><\/h2>\n\n\n\n<p><\/p>\n\n\n\n<h2 class=\"wp-block-heading\"><div class=\"linha-header\"><a href=\"https:\/\/www.ufpb.br\/pinacoteca\/2025\/03\/18\/exposicao-memorias-em-cartaz\/\" data-type=\"post\" data-id=\"2297\">Memorias em Cartaz<\/a><\/div><\/h2>\n\n\n\n<p><\/p>\n\n\n\n<h2 class=\"wp-block-heading\"><div class=\"linha-header\"><a href=\"https:\/\/www.ufpb.br\/pinacoteca\/2025\/03\/18\/abertura-da-exposicao-concha\/\" data-type=\"post\" data-id=\"2299\">Concha<\/a><\/div><\/h2>\n\n\n\n<p><\/p>\n\n\n\n<h2 class=\"wp-block-heading\"><div class=\"linha-header\"><a href=\"https:\/\/www.ufpb.br\/pinacoteca\/2025\/03\/19\/exposicao-mancha\/\" data-type=\"post\" data-id=\"2440\">Mancha<\/a><\/div><\/h2>\n\n\n\n<p><\/p>\n\n\n\n<h2 class=\"wp-block-heading\"><div class=\"linha-header\"><a href=\"https:\/\/www.ufpb.br\/pinacoteca\/2025\/03\/20\/vestigios-da-natureza-cris-medeiros\/\" data-type=\"post\" data-id=\"2452\">Vest\u00edgios da Natureza &#8211; Cris Medeiros<\/a><\/div><\/h2>\n\n\n\n<p><\/p>\n\n\n\n<h2 class=\"wp-block-heading\"><div class=\"linha-header\"><a href=\"https:\/\/www.ufpb.br\/pinacoteca\/2025\/03\/20\/exposicao-a-besta\/\" data-type=\"post\" data-id=\"2510\">Exposi\u00e7\u00e3o: &#8220;A Besta&#8221;<\/a><\/div><\/h2>\n\n\n\n<p><\/p>\n\n\n\n<h2 class=\"wp-block-heading\"><div class=\"linha-header\">Exposi\u00e7\u00e3o: &#8220;Entre C\u00e2nones e desvios \/ Mulheres na Pinacoteca da UFPB&#8221;<\/div><\/h2>\n\n\n\n<p><\/p>\n\n\n\n<h2 class=\"wp-block-heading\"><div class=\"linha-header\"><a href=\"https:\/\/www.ufpb.br\/pinacoteca\/2025\/04\/15\/abertura-da-exposicao-novas-aquisicoes\/\" data-type=\"post\" data-id=\"2871\">Novas Aquisi\u00e7\u00f5es &#8211; Pinacoteca da UFPB<\/a><\/div><\/h2>\n\n\n\n<p><\/p>\n\n\n\n<h2 class=\"wp-block-heading\"><div class=\"linha-header\"><a href=\"http:\/\/emaze.me\/oleosobremar\">Exposi\u00e7\u00e3o Virtual: \u00d3leo sobre Mar<\/a><\/div><\/h2>\n\n\n\n<p>A Exposi\u00e7\u00e3o Virtual \u00d3leo sobre Mar, que foi realizada presencialmente no Centro Cultural Hotel Globo, entre 20\/10 &#8211; 30\/11\/2023<\/p>\n\n\n\n<h2 class=\"wp-block-heading\"><div class=\"linha-header\"><a href=\"http:\/\/emaze.me\/madrianobasilio\">Exposi\u00e7\u00e3o Virtual: Madriano Bas\u00edlio &#8211; Pinturas<\/a><\/div><\/h2>\n\n\n\n<p>A Exposi\u00e7\u00e3o Virtual Madriano Bas\u00edlio &#8211; Pinturas, realizada em mem\u00f3ria do artista.<\/p>\n\n\n\n<div style=\"height:5px\" aria-hidden=\"true\" class=\"wp-block-spacer\"><\/div>\n\n\n\n<h2 class=\"wp-block-heading\" style=\"font-size:22px\"><div class=\"linha-header\"><a href=\"https:\/\/www.ufpb.br\/pinacoteca\/exposicao-relato-de-artista-no-acervo-da-pinacoteca-ufpb\/\" data-type=\"link\" data-id=\"https:\/\/www.ufpb.br\/pinacoteca\/exposicao-relato-de-artista-no-acervo-da-pinacoteca-ufpb\/\">Exposi\u00e7\u00e3o: &#8220;Relatos de Artista no Acervo da Pinacoteca UFPB&#8221;<\/a><\/div><\/h2>\n\n\n\n<div style=\"height:15px\" aria-hidden=\"true\" class=\"wp-block-spacer\"><\/div>\n\n\n\n<h2 class=\"wp-block-heading\" style=\"font-size:22px\"><div class=\"linha-header\"><a href=\"https:\/\/www.ufpb.br\/pinacoteca\/exposicao-voo-livre\/\" data-type=\"link\" data-id=\"https:\/\/www.ufpb.br\/pinacoteca\/exposicao-voo-livre\/\">Exposi\u00e7\u00e3o: &#8220;Voo Livre&#8221;<\/a><\/div><\/h2>\n\n\n\n<div style=\"height:17px\" aria-hidden=\"true\" class=\"wp-block-spacer\"><\/div>\n\n\n\n<h2 class=\"wp-block-heading\" style=\"font-size:22px\"><div class=\"linha-header\"><a href=\"https:\/\/www.ufpb.br\/pinacoteca\/exposicao-elixir\/\" data-type=\"link\" data-id=\"https:\/\/www.ufpb.br\/pinacoteca\/exposicao-elixir\/\">Exposi\u00e7\u00e3o: &#8220;Elixir&#8221;<\/a><\/div><\/h2>\n\n\n\n<div style=\"height:17px\" aria-hidden=\"true\" class=\"wp-block-spacer\"><\/div>\n\n\n\n<h2 class=\"wp-block-heading\"><div class=\"linha-header\"><a href=\"https:\/\/www.ufpb.br\/pinacoteca\/exposicao-passar-adiante-tradicao-e-contemporaneidades-de-olhares-femininos-nos-acervos-do-museu-casa-de-cultura-hermano-jose-e-pinacoteca-ufpb\/\" data-type=\"link\" data-id=\"https:\/\/www.ufpb.br\/pinacoteca\/exposicao-passar-adiante-tradicao-e-contemporaneidades-de-olhares-femininos-nos-acervos-do-museu-casa-de-cultura-hermano-jose-e-pinacoteca-ufpb\/\">Exposi\u00e7\u00e3o: &#8220;Passar Adiante &#8211; tradi\u00e7\u00e3o e contemporaneidades de olhares femininos nos acervos do Museu Casa de Cultura Hermano Jos\u00e9 e Pinacoteca UFPB<\/a>&#8220;<\/div><\/h2>\n\n\n\n<div style=\"height:17px\" aria-hidden=\"true\" class=\"wp-block-spacer\"><\/div>\n\n\n\n<h2 class=\"wp-block-heading\"><div class=\"linha-header\"><a href=\"https:\/\/www.ufpb.br\/pinacoteca\/exposicao-in-volucao\/\" data-type=\"link\" data-id=\"https:\/\/www.ufpb.br\/pinacoteca\/exposicao-in-volucao\/\">Exposi\u00e7\u00e3o: &#8220;(IN) VOLU\u00c7\u00c3O&#8221;<\/a><\/div><\/h2>\n\n\n\n<div style=\"height:17px\" aria-hidden=\"true\" class=\"wp-block-spacer\"><\/div>\n\n\n\n<h2 class=\"wp-block-heading\" style=\"font-size:22px\"><div class=\"linha-header\"><a href=\"https:\/\/www.ufpb.br\/pinacoteca\/exposicao-impressoes-contra-o-fim\/\" data-type=\"link\" data-id=\"https:\/\/www.ufpb.br\/pinacoteca\/exposicao-impressoes-contra-o-fim\/\">Exposi\u00e7\u00e3o: &#8220;Impress\u00f5es contra o fim&#8221;<\/a><\/div><\/h2>\n\n\n\n<div style=\"height:17px\" aria-hidden=\"true\" class=\"wp-block-spacer\"><\/div>\n\n\n\n<h2 class=\"wp-block-heading\" style=\"font-size:22px\"><div class=\"linha-header\"><a href=\"https:\/\/www.ufpb.br\/pinacoteca\/exposicoes-faces-de-si\/\" data-type=\"link\" data-id=\"https:\/\/www.ufpb.br\/pinacoteca\/exposicoes-faces-de-si\/\">Exposi\u00e7\u00e3o: &#8220;Faces de si&#8221;<\/a><\/div><\/h2>\n\n\n\n<div style=\"height:17px\" aria-hidden=\"true\" class=\"wp-block-spacer\"><\/div>\n\n\n\n<h2 class=\"wp-block-heading\"><div class=\"linha-header\"><a href=\"https:\/\/www.ufpb.br\/pinacoteca\/exposicao-o-vermelho-como-passagem-gesto-e-presenca\/\" data-type=\"link\" data-id=\"https:\/\/www.ufpb.br\/pinacoteca\/exposicao-o-vermelho-como-passagem-gesto-e-presenca\/\">Exposi\u00e7\u00e3o: &#8220;O vermelho como passagem, gesto e presen\u00e7a&#8221;<\/a><\/div><\/h2>\n\n\n\n<div style=\"height:17px\" aria-hidden=\"true\" class=\"wp-block-spacer\"><\/div>\n\n\n\n<p><\/p>\n","protected":false},"excerpt":{"rendered":"<p>Uma das prioridades da Pinacoteca al\u00e9m da cataloga\u00e7\u00e3o do acervo \u00e9 a realiza\u00e7\u00e3o de exposi\u00e7\u00f5es [&hellip;]<\/p>\n","protected":false},"author":47,"featured_media":0,"parent":805,"menu_order":0,"comment_status":"closed","ping_status":"closed","template":"","meta":{"footnotes":""},"class_list":["post-37","page","type-page","status-publish","hentry"],"_links":{"self":[{"href":"https:\/\/www.ufpb.br\/pinacoteca\/wp-json\/wp\/v2\/pages\/37","targetHints":{"allow":["GET"]}}],"collection":[{"href":"https:\/\/www.ufpb.br\/pinacoteca\/wp-json\/wp\/v2\/pages"}],"about":[{"href":"https:\/\/www.ufpb.br\/pinacoteca\/wp-json\/wp\/v2\/types\/page"}],"author":[{"embeddable":true,"href":"https:\/\/www.ufpb.br\/pinacoteca\/wp-json\/wp\/v2\/users\/47"}],"replies":[{"embeddable":true,"href":"https:\/\/www.ufpb.br\/pinacoteca\/wp-json\/wp\/v2\/comments?post=37"}],"version-history":[{"count":19,"href":"https:\/\/www.ufpb.br\/pinacoteca\/wp-json\/wp\/v2\/pages\/37\/revisions"}],"predecessor-version":[{"id":3687,"href":"https:\/\/www.ufpb.br\/pinacoteca\/wp-json\/wp\/v2\/pages\/37\/revisions\/3687"}],"up":[{"embeddable":true,"href":"https:\/\/www.ufpb.br\/pinacoteca\/wp-json\/wp\/v2\/pages\/805"}],"wp:attachment":[{"href":"https:\/\/www.ufpb.br\/pinacoteca\/wp-json\/wp\/v2\/media?parent=37"}],"curies":[{"name":"wp","href":"https:\/\/api.w.org\/{rel}","templated":true}]}}