{"id":3821,"date":"2026-03-10T09:40:16","date_gmt":"2026-03-10T12:40:16","guid":{"rendered":"https:\/\/www.ufpb.br\/pinacoteca\/?page_id=3821"},"modified":"2026-03-10T09:40:17","modified_gmt":"2026-03-10T12:40:17","slug":"rene-fontes","status":"publish","type":"page","link":"https:\/\/www.ufpb.br\/pinacoteca\/rene-fontes\/","title":{"rendered":"Ren\u00e9 Fontes"},"content":{"rendered":"\n<hr class=\"wp-block-separator has-alpha-channel-opacity\" \/>\n\n\n\n<div style=\"height:50px\" aria-hidden=\"true\" class=\"wp-block-spacer\"><\/div>\n\n\n\n<h2 class=\"wp-block-heading\"><div class=\"linha-header\">Obras: <\/div><\/h2>\n\n\n\n<figure class=\"wp-block-image size-large\"><img loading=\"lazy\" decoding=\"async\" width=\"1024\" height=\"770\" src=\"https:\/\/www.ufpb.br\/pinacoteca\/wp-content\/uploads\/sites\/79\/sites\/210\/2026\/03\/image-3-1024x770.png\" alt=\"\" class=\"wp-image-3823\" srcset=\"https:\/\/www.ufpb.br\/pinacoteca\/wp-content\/uploads\/sites\/79\/sites\/210\/2026\/03\/image-3-1024x770.png 1024w, https:\/\/www.ufpb.br\/pinacoteca\/wp-content\/uploads\/sites\/79\/sites\/210\/2026\/03\/image-3-300x226.png 300w, https:\/\/www.ufpb.br\/pinacoteca\/wp-content\/uploads\/sites\/79\/sites\/210\/2026\/03\/image-3-768x578.png 768w, https:\/\/www.ufpb.br\/pinacoteca\/wp-content\/uploads\/sites\/79\/sites\/210\/2026\/03\/image-3.png 1280w\" sizes=\"auto, (max-width: 1024px) 100vw, 1024px\" \/><figcaption class=\"wp-element-caption\"><strong>Sem t\u00edtulo.\u00a0<\/strong>T\u00e9cnica: pastel oleoso. Dimens\u00e3o: 59,5cm x 42cm. Data: 2021. Doa\u00e7\u00e3o de Gabriel Bechara Filho<br><\/figcaption><\/figure>\n\n\n\n<figure class=\"wp-block-image size-large\"><img loading=\"lazy\" decoding=\"async\" width=\"1280\" height=\"963\" src=\"https:\/\/www.ufpb.br\/pinacoteca\/wp-content\/uploads\/sites\/79\/sites\/210\/2026\/03\/image-4-edited.png\" alt=\"\" class=\"wp-image-3825\" srcset=\"https:\/\/www.ufpb.br\/pinacoteca\/wp-content\/uploads\/sites\/79\/sites\/210\/2026\/03\/image-4-edited.png 1280w, https:\/\/www.ufpb.br\/pinacoteca\/wp-content\/uploads\/sites\/79\/sites\/210\/2026\/03\/image-4-edited-300x226.png 300w, https:\/\/www.ufpb.br\/pinacoteca\/wp-content\/uploads\/sites\/79\/sites\/210\/2026\/03\/image-4-edited-1024x770.png 1024w, https:\/\/www.ufpb.br\/pinacoteca\/wp-content\/uploads\/sites\/79\/sites\/210\/2026\/03\/image-4-edited-768x578.png 768w\" sizes=\"auto, (max-width: 1280px) 100vw, 1280px\" \/><figcaption class=\"wp-element-caption\"><strong>Sem t\u00edtulo.\u00a0<\/strong>T\u00e9cnica: pastel oleoso. Dimens\u00e3o: 59,5cm x 42cm. Data: 2022. Doa\u00e7\u00e3o de Gabriel Bechara Filho<br><\/figcaption><\/figure>\n","protected":false},"excerpt":{"rendered":"<p>Obras:<\/p>\n","protected":false},"author":332,"featured_media":0,"parent":0,"menu_order":0,"comment_status":"closed","ping_status":"closed","template":"","meta":{"footnotes":""},"class_list":["post-3821","page","type-page","status-publish","hentry"],"_links":{"self":[{"href":"https:\/\/www.ufpb.br\/pinacoteca\/wp-json\/wp\/v2\/pages\/3821","targetHints":{"allow":["GET"]}}],"collection":[{"href":"https:\/\/www.ufpb.br\/pinacoteca\/wp-json\/wp\/v2\/pages"}],"about":[{"href":"https:\/\/www.ufpb.br\/pinacoteca\/wp-json\/wp\/v2\/types\/page"}],"author":[{"embeddable":true,"href":"https:\/\/www.ufpb.br\/pinacoteca\/wp-json\/wp\/v2\/users\/332"}],"replies":[{"embeddable":true,"href":"https:\/\/www.ufpb.br\/pinacoteca\/wp-json\/wp\/v2\/comments?post=3821"}],"version-history":[{"count":1,"href":"https:\/\/www.ufpb.br\/pinacoteca\/wp-json\/wp\/v2\/pages\/3821\/revisions"}],"predecessor-version":[{"id":3826,"href":"https:\/\/www.ufpb.br\/pinacoteca\/wp-json\/wp\/v2\/pages\/3821\/revisions\/3826"}],"wp:attachment":[{"href":"https:\/\/www.ufpb.br\/pinacoteca\/wp-json\/wp\/v2\/media?parent=3821"}],"curies":[{"name":"wp","href":"https:\/\/api.w.org\/{rel}","templated":true}]}}

René Fontes

<hr class="wp-block-separator has-alpha-channel-opacity" />



<div style="height:50px" aria-hidden="true" class="wp-block-spacer"></div>



<h2 class="wp-block-heading"><div class="linha-header">Obras: </div></h2>



<figure class="wp-block-image size-large"><img loading="lazy" decoding="async" width="1024" height="770" src="https://www.ufpb.br/pinacoteca/wp-content/uploads/sites/79/sites/210/2026/03/image-3-1024x770.png" alt="" class="wp-image-3823" srcset="https://www.ufpb.br/pinacoteca/wp-content/uploads/sites/79/sites/210/2026/03/image-3-1024x770.png 1024w, https://www.ufpb.br/pinacoteca/wp-content/uploads/sites/79/sites/210/2026/03/image-3-300x226.png 300w, https://www.ufpb.br/pinacoteca/wp-content/uploads/sites/79/sites/210/2026/03/image-3-768x578.png 768w, https://www.ufpb.br/pinacoteca/wp-content/uploads/sites/79/sites/210/2026/03/image-3.png 1280w" sizes="auto, (max-width: 1024px) 100vw, 1024px" /><figcaption class="wp-element-caption"><strong>Sem título. </strong>Técnica: pastel oleoso. Dimensão: 59,5cm x 42cm. Data: 2021. Doação de Gabriel Bechara Filho<br></figcaption></figure>



<figure class="wp-block-image size-large"><img loading="lazy" decoding="async" width="1280" height="963" src="https://www.ufpb.br/pinacoteca/wp-content/uploads/sites/79/sites/210/2026/03/image-4-edited.png" alt="" class="wp-image-3825" srcset="https://www.ufpb.br/pinacoteca/wp-content/uploads/sites/79/sites/210/2026/03/image-4-edited.png 1280w, https://www.ufpb.br/pinacoteca/wp-content/uploads/sites/79/sites/210/2026/03/image-4-edited-300x226.png 300w, https://www.ufpb.br/pinacoteca/wp-content/uploads/sites/79/sites/210/2026/03/image-4-edited-1024x770.png 1024w, https://www.ufpb.br/pinacoteca/wp-content/uploads/sites/79/sites/210/2026/03/image-4-edited-768x578.png 768w" sizes="auto, (max-width: 1280px) 100vw, 1280px" /><figcaption class="wp-element-caption"><strong>Sem título. </strong>Técnica: pastel oleoso. Dimensão: 59,5cm x 42cm. Data: 2022. Doação de Gabriel Bechara Filho<br></figcaption></figure>
