{"id":3829,"date":"2026-03-10T09:43:55","date_gmt":"2026-03-10T12:43:55","guid":{"rendered":"https:\/\/www.ufpb.br\/pinacoteca\/?page_id=3829"},"modified":"2026-04-07T09:53:32","modified_gmt":"2026-04-07T12:53:32","slug":"lucas-aleixo","status":"publish","type":"page","link":"https:\/\/www.ufpb.br\/pinacoteca\/lucas-aleixo\/","title":{"rendered":"Aleixo"},"content":{"rendered":"\n<hr class=\"wp-block-separator has-alpha-channel-opacity\" \/>\n\n\n\n<div style=\"height:33px\" aria-hidden=\"true\" class=\"wp-block-spacer\"><\/div>\n\n\n\n<h2 class=\"wp-block-heading\"><div class=\"linha-header\">Obras:<\/div><\/h2>\n\n\n\n<figure class=\"wp-block-image size-full\"><img loading=\"lazy\" decoding=\"async\" width=\"506\" height=\"711\" src=\"https:\/\/www.ufpb.br\/pinacoteca\/wp-content\/uploads\/sites\/79\/sites\/210\/2026\/03\/image-5.png\" alt=\"\" class=\"wp-image-3830\" srcset=\"https:\/\/www.ufpb.br\/pinacoteca\/wp-content\/uploads\/sites\/79\/sites\/210\/2026\/03\/image-5.png 506w, https:\/\/www.ufpb.br\/pinacoteca\/wp-content\/uploads\/sites\/79\/sites\/210\/2026\/03\/image-5-214x300.png 214w\" sizes=\"auto, (max-width: 506px) 100vw, 506px\" \/><figcaption class=\"wp-element-caption\">Sem t\u00edtulo, s\/d.\u00a0T\u00e9cnica: mista: Ilustra\u00e7\u00e3o com aquarela a cores e nanquim. Dimens\u00e3o: 42 x 29,7cm. Doa\u00e7\u00e3o de Gabriel Bechara Filho<\/figcaption><\/figure>\n\n\n\n<figure class=\"wp-block-image size-full\"><img loading=\"lazy\" decoding=\"async\" width=\"507\" height=\"730\" src=\"https:\/\/www.ufpb.br\/pinacoteca\/wp-content\/uploads\/sites\/79\/sites\/210\/2026\/03\/image-6.png\" alt=\"\" class=\"wp-image-3831\" srcset=\"https:\/\/www.ufpb.br\/pinacoteca\/wp-content\/uploads\/sites\/79\/sites\/210\/2026\/03\/image-6.png 507w, https:\/\/www.ufpb.br\/pinacoteca\/wp-content\/uploads\/sites\/79\/sites\/210\/2026\/03\/image-6-208x300.png 208w\" sizes=\"auto, (max-width: 507px) 100vw, 507px\" \/><figcaption class=\"wp-element-caption\">Sem t\u00edtulo, s\/d.\u00a0T\u00e9cnica: mista: Ilustra\u00e7\u00e3o com aquarela a cores e nanquim. Dimens\u00e3o: 42 x 29,7cm. Doa\u00e7\u00e3o de Gabriel Bechara Filho<\/figcaption><\/figure>\n\n\n\n<figure class=\"wp-block-image size-large is-resized\"><img loading=\"lazy\" decoding=\"async\" width=\"1200\" height=\"1600\" src=\"https:\/\/www.ufpb.br\/pinacoteca\/wp-content\/uploads\/sites\/79\/sites\/210\/2026\/03\/WhatsApp-Image-2026-03-23-at-10.15.24-edited.jpeg\" alt=\"\" class=\"wp-image-3994\" style=\"aspect-ratio:0.7500079181579198;width:387px;height:auto\" srcset=\"https:\/\/www.ufpb.br\/pinacoteca\/wp-content\/uploads\/sites\/79\/sites\/210\/2026\/03\/WhatsApp-Image-2026-03-23-at-10.15.24-edited.jpeg 1200w, https:\/\/www.ufpb.br\/pinacoteca\/wp-content\/uploads\/sites\/79\/sites\/210\/2026\/03\/WhatsApp-Image-2026-03-23-at-10.15.24-edited-225x300.jpeg 225w, https:\/\/www.ufpb.br\/pinacoteca\/wp-content\/uploads\/sites\/79\/sites\/210\/2026\/03\/WhatsApp-Image-2026-03-23-at-10.15.24-edited-768x1024.jpeg 768w, https:\/\/www.ufpb.br\/pinacoteca\/wp-content\/uploads\/sites\/79\/sites\/210\/2026\/03\/WhatsApp-Image-2026-03-23-at-10.15.24-edited-1152x1536.jpeg 1152w\" sizes=\"auto, (max-width: 1200px) 100vw, 1200px\" \/><figcaption class=\"wp-element-caption\">Sem t\u00edtulo, s\/d.\u00a0T\u00e9cnica: mista: Ilustra\u00e7\u00e3o com aquarela a cores e nanquim. Dimens\u00e3o: 42 x 29,7cm. Doa\u00e7\u00e3o de Gabriel Bechara Filho<\/figcaption><\/figure>\n\n\n\n<figure class=\"wp-block-image size-large is-resized\"><img loading=\"lazy\" decoding=\"async\" width=\"1200\" height=\"1600\" src=\"https:\/\/www.ufpb.br\/pinacoteca\/wp-content\/uploads\/sites\/79\/sites\/210\/2026\/03\/WhatsApp-Image-2026-03-23-at-10.15.24-1-edited.jpeg\" alt=\"\" class=\"wp-image-3996\" style=\"aspect-ratio:0.7500079181579198;width:382px;height:auto\" srcset=\"https:\/\/www.ufpb.br\/pinacoteca\/wp-content\/uploads\/sites\/79\/sites\/210\/2026\/03\/WhatsApp-Image-2026-03-23-at-10.15.24-1-edited.jpeg 1200w, https:\/\/www.ufpb.br\/pinacoteca\/wp-content\/uploads\/sites\/79\/sites\/210\/2026\/03\/WhatsApp-Image-2026-03-23-at-10.15.24-1-edited-225x300.jpeg 225w, https:\/\/www.ufpb.br\/pinacoteca\/wp-content\/uploads\/sites\/79\/sites\/210\/2026\/03\/WhatsApp-Image-2026-03-23-at-10.15.24-1-edited-768x1024.jpeg 768w, https:\/\/www.ufpb.br\/pinacoteca\/wp-content\/uploads\/sites\/79\/sites\/210\/2026\/03\/WhatsApp-Image-2026-03-23-at-10.15.24-1-edited-1152x1536.jpeg 1152w\" sizes=\"auto, (max-width: 1200px) 100vw, 1200px\" \/><figcaption class=\"wp-element-caption\">Sem t\u00edtulo, s\/d.\u00a0T\u00e9cnica: mista: Ilustra\u00e7\u00e3o com aquarela a cores e nanquim. Dimens\u00e3o: 42 x 29,7cm. Doa\u00e7\u00e3o de Gabriel Bechara Filho<\/figcaption><\/figure>\n\n\n\n<p><\/p>\n","protected":false},"excerpt":{"rendered":"<p>Obras:<\/p>\n","protected":false},"author":332,"featured_media":0,"parent":0,"menu_order":0,"comment_status":"closed","ping_status":"closed","template":"","meta":{"footnotes":""},"class_list":["post-3829","page","type-page","status-publish","hentry"],"_links":{"self":[{"href":"https:\/\/www.ufpb.br\/pinacoteca\/wp-json\/wp\/v2\/pages\/3829","targetHints":{"allow":["GET"]}}],"collection":[{"href":"https:\/\/www.ufpb.br\/pinacoteca\/wp-json\/wp\/v2\/pages"}],"about":[{"href":"https:\/\/www.ufpb.br\/pinacoteca\/wp-json\/wp\/v2\/types\/page"}],"author":[{"embeddable":true,"href":"https:\/\/www.ufpb.br\/pinacoteca\/wp-json\/wp\/v2\/users\/332"}],"replies":[{"embeddable":true,"href":"https:\/\/www.ufpb.br\/pinacoteca\/wp-json\/wp\/v2\/comments?post=3829"}],"version-history":[{"count":3,"href":"https:\/\/www.ufpb.br\/pinacoteca\/wp-json\/wp\/v2\/pages\/3829\/revisions"}],"predecessor-version":[{"id":4252,"href":"https:\/\/www.ufpb.br\/pinacoteca\/wp-json\/wp\/v2\/pages\/3829\/revisions\/4252"}],"wp:attachment":[{"href":"https:\/\/www.ufpb.br\/pinacoteca\/wp-json\/wp\/v2\/media?parent=3829"}],"curies":[{"name":"wp","href":"https:\/\/api.w.org\/{rel}","templated":true}]}}

<hr class="wp-block-separator has-alpha-channel-opacity" />



<div style="height:33px" aria-hidden="true" class="wp-block-spacer"></div>



<h2 class="wp-block-heading"><div class="linha-header">Obras:</div></h2>



<figure class="wp-block-image size-full"><img loading="lazy" decoding="async" width="506" height="711" src="https://www.ufpb.br/pinacoteca/wp-content/uploads/sites/79/sites/210/2026/03/image-5.png" alt="" class="wp-image-3830" srcset="https://www.ufpb.br/pinacoteca/wp-content/uploads/sites/79/sites/210/2026/03/image-5.png 506w, https://www.ufpb.br/pinacoteca/wp-content/uploads/sites/79/sites/210/2026/03/image-5-214x300.png 214w" sizes="auto, (max-width: 506px) 100vw, 506px" /><figcaption class="wp-element-caption">Sem título, s/d. Técnica: mista: Ilustração com aquarela a cores e nanquim. Dimensão: 42 x 29,7cm. Doação de Gabriel Bechara Filho</figcaption></figure>



<figure class="wp-block-image size-full"><img loading="lazy" decoding="async" width="507" height="730" src="https://www.ufpb.br/pinacoteca/wp-content/uploads/sites/79/sites/210/2026/03/image-6.png" alt="" class="wp-image-3831" srcset="https://www.ufpb.br/pinacoteca/wp-content/uploads/sites/79/sites/210/2026/03/image-6.png 507w, https://www.ufpb.br/pinacoteca/wp-content/uploads/sites/79/sites/210/2026/03/image-6-208x300.png 208w" sizes="auto, (max-width: 507px) 100vw, 507px" /><figcaption class="wp-element-caption">Sem título, s/d. Técnica: mista: Ilustração com aquarela a cores e nanquim. Dimensão: 42 x 29,7cm. Doação de Gabriel Bechara Filho</figcaption></figure>



<figure class="wp-block-image size-large is-resized"><img loading="lazy" decoding="async" width="1200" height="1600" src="https://www.ufpb.br/pinacoteca/wp-content/uploads/sites/79/sites/210/2026/03/WhatsApp-Image-2026-03-23-at-10.15.24-edited.jpeg" alt="" class="wp-image-3994" style="aspect-ratio:0.7500079181579198;width:387px;height:auto" srcset="https://www.ufpb.br/pinacoteca/wp-content/uploads/sites/79/sites/210/2026/03/WhatsApp-Image-2026-03-23-at-10.15.24-edited.jpeg 1200w, https://www.ufpb.br/pinacoteca/wp-content/uploads/sites/79/sites/210/2026/03/WhatsApp-Image-2026-03-23-at-10.15.24-edited-225x300.jpeg 225w, https://www.ufpb.br/pinacoteca/wp-content/uploads/sites/79/sites/210/2026/03/WhatsApp-Image-2026-03-23-at-10.15.24-edited-768x1024.jpeg 768w, https://www.ufpb.br/pinacoteca/wp-content/uploads/sites/79/sites/210/2026/03/WhatsApp-Image-2026-03-23-at-10.15.24-edited-1152x1536.jpeg 1152w" sizes="auto, (max-width: 1200px) 100vw, 1200px" /><figcaption class="wp-element-caption">Sem título, s/d. Técnica: mista: Ilustração com aquarela a cores e nanquim. Dimensão: 42 x 29,7cm. Doação de Gabriel Bechara Filho</figcaption></figure>



<figure class="wp-block-image size-large is-resized"><img loading="lazy" decoding="async" width="1200" height="1600" src="https://www.ufpb.br/pinacoteca/wp-content/uploads/sites/79/sites/210/2026/03/WhatsApp-Image-2026-03-23-at-10.15.24-1-edited.jpeg" alt="" class="wp-image-3996" style="aspect-ratio:0.7500079181579198;width:382px;height:auto" srcset="https://www.ufpb.br/pinacoteca/wp-content/uploads/sites/79/sites/210/2026/03/WhatsApp-Image-2026-03-23-at-10.15.24-1-edited.jpeg 1200w, https://www.ufpb.br/pinacoteca/wp-content/uploads/sites/79/sites/210/2026/03/WhatsApp-Image-2026-03-23-at-10.15.24-1-edited-225x300.jpeg 225w, https://www.ufpb.br/pinacoteca/wp-content/uploads/sites/79/sites/210/2026/03/WhatsApp-Image-2026-03-23-at-10.15.24-1-edited-768x1024.jpeg 768w, https://www.ufpb.br/pinacoteca/wp-content/uploads/sites/79/sites/210/2026/03/WhatsApp-Image-2026-03-23-at-10.15.24-1-edited-1152x1536.jpeg 1152w" sizes="auto, (max-width: 1200px) 100vw, 1200px" /><figcaption class="wp-element-caption">Sem título, s/d. Técnica: mista: Ilustração com aquarela a cores e nanquim. Dimensão: 42 x 29,7cm. Doação de Gabriel Bechara Filho</figcaption></figure>



<p></p>
