{"id":383,"date":"2024-09-26T11:29:02","date_gmt":"2024-09-26T14:29:02","guid":{"rendered":"https:\/\/www.ufpb.br\/pinacoteca2\/?page_id=383"},"modified":"2026-03-31T10:52:53","modified_gmt":"2026-03-31T13:52:53","slug":"walter-wagner","status":"publish","type":"page","link":"https:\/\/www.ufpb.br\/pinacoteca\/acervo\/colecao-pinacoteca-ufpb\/walter-wagner\/","title":{"rendered":"Walter Wagner"},"content":{"rendered":"\n<hr class=\"wp-block-separator has-alpha-channel-opacity\" \/>\n\n\n\n<div style=\"height:30px\" aria-hidden=\"true\" class=\"wp-block-spacer\"><\/div>\n\n\n\n<p><strong>Jo\u00e3o Pessoa &#8211; PB, 1964.<\/strong><\/p>\n\n\n\n<p>Walter Wagner, nascido no ano de 1964, na cidade de Jo\u00e3o Pessoa, Para\u00edba, foi um artista pl\u00e1stico com trabalho reconhecido internacionalmente, ganhando diversos pr\u00eamios, como na IX Bienal Ibero Americana de Dibujo y Estampa, no M\u00e9xico, no ano de 1987. Faleceu em 26 de outubro de 2020. Wagner iniciou seus estudos nas artes visuais na d\u00e9cada de 1980, quando ingressou na Universidade Federal da Para\u00edba (UFPB), onde p\u00f4de, frequentando por<br>seis anos o ateli\u00ea de gravura em metal da universidade, trabalhar com a t\u00e9cnica de gravura em metal, a calcogravura, sob orienta\u00e7\u00e3o do artista pl\u00e1stico Hermano Jos\u00e9. Ainda dentro do meio universit\u00e1rio, utilizava o espa\u00e7o do NAC &#8211; N\u00facleo de Arte Contempor\u00e2nea da UFPB para pintar. Na d\u00e9cada de 1990, mudou-se para S\u00e3o Paulo, capital, para dar continuidade ao seu estudo e produ\u00e7\u00e3o de gravuras, participando tamb\u00e9m de exposi\u00e7\u00f5es e frequentando o ateli\u00ea de gravura do Museu Lasar Segall, durante os anos de 1992 a 2003. <\/p>\n\n\n\n<p>Participou, desde a d\u00e9cada de 1980, de importantes exposi\u00e7\u00f5es, nacionais e internacionais, entre as quais vale destacar a sua participa\u00e7\u00e3o no 2\u00ba Arte Atual Paraibana, no ano de 1990, e a exposi\u00e7\u00e3o coletiva de gravuras do Brasil Brazilian Contemporary Printmakers, no ano de 2008, na Hillyer Art Space, montada e coordenada por International Arts &amp; Artistas, Washington, DC em conjunto com a Galeria Gravura Brasileira, S\u00e3o Paulo, Brasil e a Embaixada do Brasil em Washington, DC. Em entrevista concedida \u00e0 Pinacoteca da UFPB, no ano de 2021, Wagner ressalta que prefere participar de exposi\u00e7\u00f5es coletivas do que individuais, levando em considera\u00e7\u00e3o a troca que se tem com outros artistas. Ressalta ainda que, vindo de uma fam\u00edlia em que a habilidade para a arte se mostrava como algo natural, reconhece que, antes mesmo de entrar em contato com a Hist\u00f3ria da Arte e a filosofia, suas influ\u00eancias j\u00e1 vinham do ambiente em que vivia, o que o levou a considerar seu trabalho como algo \u201ccontaminado\u201d pelos meios. Desse modo, considerava que o desenho que produzia era um desenho de mem\u00f3ria da imagem, como um meio transit\u00f3rio para outros meios, junto \u00e0 gravura. Sobre a condi\u00e7\u00e3o de anonimato entre artistas, Wagner afirmava que ela \u00e9, mais do que fruto da pol\u00edtica e dos meios de circula\u00e7\u00e3o de arte, resultado de escolhas pessoais de cada artista; como a que ele fez para si.<\/p>\n\n\n\n<div style=\"height:10px\" aria-hidden=\"true\" class=\"wp-block-spacer\"><\/div>\n\n\n\n<h2 class=\"wp-block-heading\"><div class=\"linha-header\">Obras:<\/div><\/h2>\n\n\n\n<figure class=\"wp-block-image size-full\"><img loading=\"lazy\" decoding=\"async\" width=\"317\" height=\"768\" src=\"https:\/\/www.ufpb.br\/pinacoteca2\/wp-content\/uploads\/sites\/79\/sites\/210\/2024\/10\/walter-wagner-america-latina.png\" alt=\"\" class=\"wp-image-1239\" srcset=\"https:\/\/www.ufpb.br\/pinacoteca\/wp-content\/uploads\/sites\/79\/sites\/210\/2024\/10\/walter-wagner-america-latina.png 317w, https:\/\/www.ufpb.br\/pinacoteca\/wp-content\/uploads\/sites\/79\/sites\/210\/2024\/10\/walter-wagner-america-latina-124x300.png 124w\" sizes=\"auto, (max-width: 317px) 100vw, 317px\" \/><figcaption class=\"wp-element-caption\">Pintura. &#8220;<strong>AM\u00c9RICA LATINA<\/strong>&#8220;, 1988. T\u00e9cnica: \u00f3leo s\/ Tela \u00e0 cores Dimens\u00f5es: 131cm x 100cm. N\u00famero de registro: 065, 1\/2 e 065, 2\/2. Doa\u00e7\u00e3o do Artista. Observa\u00e7\u00e3o: Tela sendo um D\u00edptico. <\/figcaption><\/figure>\n\n\n\n<div style=\"height:30px\" aria-hidden=\"true\" class=\"wp-block-spacer\"><\/div>\n\n\n\n<figure class=\"wp-block-image size-full\"><img loading=\"lazy\" decoding=\"async\" width=\"768\" height=\"640\" src=\"https:\/\/www.ufpb.br\/pinacoteca2\/wp-content\/uploads\/sites\/79\/sites\/210\/2024\/10\/walter-wagner-a-logica-de-compra-e-venda.jpeg\" alt=\"\" class=\"wp-image-1241\" srcset=\"https:\/\/www.ufpb.br\/pinacoteca\/wp-content\/uploads\/sites\/79\/sites\/210\/2024\/10\/walter-wagner-a-logica-de-compra-e-venda.jpeg 768w, https:\/\/www.ufpb.br\/pinacoteca\/wp-content\/uploads\/sites\/79\/sites\/210\/2024\/10\/walter-wagner-a-logica-de-compra-e-venda-300x250.jpeg 300w\" sizes=\"auto, (max-width: 768px) 100vw, 768px\" \/><figcaption class=\"wp-element-caption\">Fotografia. &#8220;<strong>A l\u00f3gica de compra e venda de Walter Wagner<\/strong>&#8220;, 2014. T\u00e9cnica: Fotografia digital. Dimens\u00f5es: 120,3cm x 100,13cm. Doa\u00e7\u00e3o do Artista.<\/figcaption><\/figure>\n\n\n\n<div style=\"height:30px\" aria-hidden=\"true\" class=\"wp-block-spacer\"><\/div>\n\n\n\n<figure class=\"wp-block-image size-full is-resized\"><img loading=\"lazy\" decoding=\"async\" width=\"768\" height=\"553\" src=\"https:\/\/www.ufpb.br\/pinacoteca2\/wp-content\/uploads\/sites\/79\/sites\/210\/2024\/10\/walter-wagner-s-titulo.jpeg\" alt=\"\" class=\"wp-image-1244\" style=\"width:740px;height:auto\" srcset=\"https:\/\/www.ufpb.br\/pinacoteca\/wp-content\/uploads\/sites\/79\/sites\/210\/2024\/10\/walter-wagner-s-titulo.jpeg 768w, https:\/\/www.ufpb.br\/pinacoteca\/wp-content\/uploads\/sites\/79\/sites\/210\/2024\/10\/walter-wagner-s-titulo-300x216.jpeg 300w\" sizes=\"auto, (max-width: 768px) 100vw, 768px\" \/><figcaption class=\"wp-element-caption\">Desenho. Sem t\u00edtulo, 1988. T\u00e9cnica: nanquim sobre papel. Dimens\u00f5es: 47,7 cm x 60,1 cm. Doa\u00e7\u00e3o do artista. Foto: Maycon Albuquerque.<\/figcaption><\/figure>\n\n\n\n<div style=\"height:30px\" aria-hidden=\"true\" class=\"wp-block-spacer\"><\/div>\n\n\n\n<figure class=\"wp-block-image size-full\"><img loading=\"lazy\" decoding=\"async\" width=\"598\" height=\"768\" src=\"https:\/\/www.ufpb.br\/pinacoteca2\/wp-content\/uploads\/sites\/79\/sites\/210\/2024\/10\/walter-wagner-s-titulo-2.jpeg\" alt=\"\" class=\"wp-image-1246\" srcset=\"https:\/\/www.ufpb.br\/pinacoteca\/wp-content\/uploads\/sites\/79\/sites\/210\/2024\/10\/walter-wagner-s-titulo-2.jpeg 598w, https:\/\/www.ufpb.br\/pinacoteca\/wp-content\/uploads\/sites\/79\/sites\/210\/2024\/10\/walter-wagner-s-titulo-2-234x300.jpeg 234w\" sizes=\"auto, (max-width: 598px) 100vw, 598px\" \/><\/figure>\n\n\n\n<p>Desenho. Sem t\u00edtulo, 1990. T\u00e9cnica: pastel oleoso sobre papel. Dimens\u00f5es: 35,2 cm x 27,5 cm. Doa\u00e7\u00e3o do artista. Foto: Maycon Albuquerque.<\/p>\n\n\n\n<figure class=\"wp-block-image size-full\"><img loading=\"lazy\" decoding=\"async\" width=\"768\" height=\"560\" src=\"https:\/\/www.ufpb.br\/pinacoteca2\/wp-content\/uploads\/sites\/79\/sites\/210\/2024\/10\/walter-wagner-s-titulo-3.jpeg\" alt=\"\" class=\"wp-image-1247\" srcset=\"https:\/\/www.ufpb.br\/pinacoteca\/wp-content\/uploads\/sites\/79\/sites\/210\/2024\/10\/walter-wagner-s-titulo-3.jpeg 768w, https:\/\/www.ufpb.br\/pinacoteca\/wp-content\/uploads\/sites\/79\/sites\/210\/2024\/10\/walter-wagner-s-titulo-3-300x219.jpeg 300w\" sizes=\"auto, (max-width: 768px) 100vw, 768px\" \/><figcaption class=\"wp-element-caption\">Desenho. Sem t\u00edtulo, 1988. T\u00e9cnica: nanquim sobre papel. Dimens\u00f5es: 48 cm x 66 cm. Doa\u00e7\u00e3o do artista. Foto: Maycon Albuquerque.<\/figcaption><\/figure>\n\n\n\n<div style=\"height:30px\" aria-hidden=\"true\" class=\"wp-block-spacer\"><\/div>\n\n\n\n<figure class=\"wp-block-image size-full\"><img loading=\"lazy\" decoding=\"async\" width=\"525\" height=\"768\" src=\"https:\/\/www.ufpb.br\/pinacoteca2\/wp-content\/uploads\/sites\/79\/sites\/210\/2024\/10\/walter-wagner-s-titulo-4.jpeg\" alt=\"\" class=\"wp-image-1250\" srcset=\"https:\/\/www.ufpb.br\/pinacoteca\/wp-content\/uploads\/sites\/79\/sites\/210\/2024\/10\/walter-wagner-s-titulo-4.jpeg 525w, https:\/\/www.ufpb.br\/pinacoteca\/wp-content\/uploads\/sites\/79\/sites\/210\/2024\/10\/walter-wagner-s-titulo-4-205x300.jpeg 205w\" sizes=\"auto, (max-width: 525px) 100vw, 525px\" \/><figcaption class=\"wp-element-caption\">Desenho. Sem t\u00edtulo, 1988. T\u00e9cnica: nanquim sobra papel. Dimens\u00f5es: 48,1 cm x 32,8 cm. Doa\u00e7\u00e3o do artista. Foto: Maycon Albuquerque.<\/figcaption><\/figure>\n\n\n\n<div style=\"height:30px\" aria-hidden=\"true\" class=\"wp-block-spacer\"><\/div>\n\n\n\n<figure class=\"wp-block-image size-full\"><img loading=\"lazy\" decoding=\"async\" width=\"530\" height=\"768\" src=\"https:\/\/www.ufpb.br\/pinacoteca2\/wp-content\/uploads\/sites\/79\/sites\/210\/2024\/10\/walter-wagner-s-titulo-5.jpeg\" alt=\"\" class=\"wp-image-1252\" srcset=\"https:\/\/www.ufpb.br\/pinacoteca\/wp-content\/uploads\/sites\/79\/sites\/210\/2024\/10\/walter-wagner-s-titulo-5.jpeg 530w, https:\/\/www.ufpb.br\/pinacoteca\/wp-content\/uploads\/sites\/79\/sites\/210\/2024\/10\/walter-wagner-s-titulo-5-207x300.jpeg 207w\" sizes=\"auto, (max-width: 530px) 100vw, 530px\" \/><figcaption class=\"wp-element-caption\">Desenho. Sem t\u00edtulo, sem data. T\u00e9cnica mista sobre papel. Dimens\u00f5es: 48,3 cm x 33 cm. Doa\u00e7\u00e3o do artista. Foto: Maycon Albuquerque.<\/figcaption><\/figure>\n\n\n\n<div style=\"height:30px\" aria-hidden=\"true\" class=\"wp-block-spacer\"><\/div>\n\n\n\n<figure class=\"wp-block-image size-full\"><img loading=\"lazy\" decoding=\"async\" width=\"536\" height=\"768\" src=\"https:\/\/www.ufpb.br\/pinacoteca2\/wp-content\/uploads\/sites\/79\/sites\/210\/2024\/10\/walter-wagner-s-titulo-6.jpeg\" alt=\"\" class=\"wp-image-1253\" srcset=\"https:\/\/www.ufpb.br\/pinacoteca\/wp-content\/uploads\/sites\/79\/sites\/210\/2024\/10\/walter-wagner-s-titulo-6.jpeg 536w, https:\/\/www.ufpb.br\/pinacoteca\/wp-content\/uploads\/sites\/79\/sites\/210\/2024\/10\/walter-wagner-s-titulo-6-209x300.jpeg 209w\" sizes=\"auto, (max-width: 536px) 100vw, 536px\" \/><figcaption class=\"wp-element-caption\">Desenho. Sem t\u00edtulo, 1988. T\u00e9cnica: nanquim sobre papel. Dimens\u00f5es: 50,3 cm x 35 cm. Doa\u00e7\u00e3o do artista. Foto: Maycon Albuquerque.<\/figcaption><\/figure>\n\n\n\n<div style=\"height:30px\" aria-hidden=\"true\" class=\"wp-block-spacer\"><\/div>\n\n\n\n<figure class=\"wp-block-image size-full\"><img loading=\"lazy\" decoding=\"async\" width=\"527\" height=\"768\" src=\"https:\/\/www.ufpb.br\/pinacoteca2\/wp-content\/uploads\/sites\/79\/sites\/210\/2024\/10\/walter-wagner-s-titulo-7.jpeg\" alt=\"\" class=\"wp-image-1255\" srcset=\"https:\/\/www.ufpb.br\/pinacoteca\/wp-content\/uploads\/sites\/79\/sites\/210\/2024\/10\/walter-wagner-s-titulo-7.jpeg 527w, https:\/\/www.ufpb.br\/pinacoteca\/wp-content\/uploads\/sites\/79\/sites\/210\/2024\/10\/walter-wagner-s-titulo-7-206x300.jpeg 206w\" sizes=\"auto, (max-width: 527px) 100vw, 527px\" \/><figcaption class=\"wp-element-caption\">Desenho. Sem t\u00edtulo, 1988. T\u00e9cnica: nanquim sobre papel. Dimens\u00f5es: 48,5 cm x 33 cm. Doa\u00e7\u00e3o do artista. Foto: Maycon Albuquerque.<\/figcaption><\/figure>\n\n\n\n<div style=\"height:30px\" aria-hidden=\"true\" class=\"wp-block-spacer\"><\/div>\n\n\n\n<figure class=\"wp-block-image size-full\"><img loading=\"lazy\" decoding=\"async\" width=\"535\" height=\"768\" src=\"https:\/\/www.ufpb.br\/pinacoteca2\/wp-content\/uploads\/sites\/79\/sites\/210\/2024\/10\/walter-wagner-s-titulo-8.jpeg\" alt=\"\" class=\"wp-image-1257\" srcset=\"https:\/\/www.ufpb.br\/pinacoteca\/wp-content\/uploads\/sites\/79\/sites\/210\/2024\/10\/walter-wagner-s-titulo-8.jpeg 535w, https:\/\/www.ufpb.br\/pinacoteca\/wp-content\/uploads\/sites\/79\/sites\/210\/2024\/10\/walter-wagner-s-titulo-8-209x300.jpeg 209w\" sizes=\"auto, (max-width: 535px) 100vw, 535px\" \/><figcaption class=\"wp-element-caption\">Desenho. Sem t\u00edtulo, 1988. T\u00e9cnica: nanquim sobre papel. Dimens\u00f5es: 48 cm x 32,9 cm. Doa\u00e7\u00e3o do artista. Foto: Maycon Albuquerque.<\/figcaption><\/figure>\n\n\n\n<div style=\"height:30px\" aria-hidden=\"true\" class=\"wp-block-spacer\"><\/div>\n\n\n\n<figure class=\"wp-block-image size-full\"><img loading=\"lazy\" decoding=\"async\" width=\"521\" height=\"768\" src=\"https:\/\/www.ufpb.br\/pinacoteca2\/wp-content\/uploads\/sites\/79\/sites\/210\/2024\/10\/walter-wagner-s-titulo-9.jpeg\" alt=\"\" class=\"wp-image-1258\" srcset=\"https:\/\/www.ufpb.br\/pinacoteca\/wp-content\/uploads\/sites\/79\/sites\/210\/2024\/10\/walter-wagner-s-titulo-9.jpeg 521w, https:\/\/www.ufpb.br\/pinacoteca\/wp-content\/uploads\/sites\/79\/sites\/210\/2024\/10\/walter-wagner-s-titulo-9-204x300.jpeg 204w\" sizes=\"auto, (max-width: 521px) 100vw, 521px\" \/><figcaption class=\"wp-element-caption\">Desenho. Sem t\u00edtulo, 1988. T\u00e9cnica: nanquim sobre papel. Dimens\u00f5es: 48,2 cm x 33 cm. Doa\u00e7\u00e3o do artista. Foto: Maycon Albuquerque.<\/figcaption><\/figure>\n\n\n\n<div style=\"height:30px\" aria-hidden=\"true\" class=\"wp-block-spacer\"><\/div>\n\n\n\n<figure class=\"wp-block-image size-full\"><img loading=\"lazy\" decoding=\"async\" width=\"527\" height=\"768\" src=\"https:\/\/www.ufpb.br\/pinacoteca2\/wp-content\/uploads\/sites\/79\/sites\/210\/2024\/10\/walter-wagner-s-titulo-10.jpeg\" alt=\"\" class=\"wp-image-1260\" srcset=\"https:\/\/www.ufpb.br\/pinacoteca\/wp-content\/uploads\/sites\/79\/sites\/210\/2024\/10\/walter-wagner-s-titulo-10.jpeg 527w, https:\/\/www.ufpb.br\/pinacoteca\/wp-content\/uploads\/sites\/79\/sites\/210\/2024\/10\/walter-wagner-s-titulo-10-206x300.jpeg 206w\" sizes=\"auto, (max-width: 527px) 100vw, 527px\" \/><figcaption class=\"wp-element-caption\">Desenho. Sem t\u00edtulo, 1988. T\u00e9cnica: nanquim sobre papel. Dimens\u00f5es: 48 cm x 33 cm. Doa\u00e7\u00e3o do artista. Foto: Maycon Albuquerque.<\/figcaption><\/figure>\n\n\n\n<div style=\"height:30px\" aria-hidden=\"true\" class=\"wp-block-spacer\"><\/div>\n\n\n\n<figure class=\"wp-block-image size-full\"><img loading=\"lazy\" decoding=\"async\" width=\"545\" height=\"768\" src=\"https:\/\/www.ufpb.br\/pinacoteca2\/wp-content\/uploads\/sites\/79\/sites\/210\/2024\/10\/1.jpeg\" alt=\"\" class=\"wp-image-1263\" srcset=\"https:\/\/www.ufpb.br\/pinacoteca\/wp-content\/uploads\/sites\/79\/sites\/210\/2024\/10\/1.jpeg 545w, https:\/\/www.ufpb.br\/pinacoteca\/wp-content\/uploads\/sites\/79\/sites\/210\/2024\/10\/1-213x300.jpeg 213w\" sizes=\"auto, (max-width: 545px) 100vw, 545px\" \/><figcaption class=\"wp-element-caption\">Desenho. Sem t\u00edtulo, 1988. T\u00e9cnica: nanquim sobre papel. Dimens\u00f5es: 49,5 cm x 35,5 cm. Doa\u00e7\u00e3o do artista. Foto: Maycon Albuquerque.<\/figcaption><\/figure>\n\n\n\n<div style=\"height:30px\" aria-hidden=\"true\" class=\"wp-block-spacer\"><\/div>\n\n\n\n<figure class=\"wp-block-image size-full\"><img loading=\"lazy\" decoding=\"async\" width=\"522\" height=\"768\" src=\"https:\/\/www.ufpb.br\/pinacoteca2\/wp-content\/uploads\/sites\/79\/sites\/210\/2024\/10\/2.jpeg\" alt=\"\" class=\"wp-image-1265\" srcset=\"https:\/\/www.ufpb.br\/pinacoteca\/wp-content\/uploads\/sites\/79\/sites\/210\/2024\/10\/2.jpeg 522w, https:\/\/www.ufpb.br\/pinacoteca\/wp-content\/uploads\/sites\/79\/sites\/210\/2024\/10\/2-204x300.jpeg 204w\" sizes=\"auto, (max-width: 522px) 100vw, 522px\" \/><figcaption class=\"wp-element-caption\">Desenho. Sem t\u00edtulo, 1988. T\u00e9cnica: nanquim sobre papel. Dimens\u00f5es: 48,2 cm x 33 cm. Doa\u00e7\u00e3o do artista. Foto: Maycon Albuquerque.<\/figcaption><\/figure>\n\n\n\n<figure class=\"wp-block-image size-full\"><img loading=\"lazy\" decoding=\"async\" width=\"517\" height=\"768\" src=\"https:\/\/www.ufpb.br\/pinacoteca2\/wp-content\/uploads\/sites\/79\/sites\/210\/2024\/10\/3.jpeg\" alt=\"\" class=\"wp-image-1267\" srcset=\"https:\/\/www.ufpb.br\/pinacoteca\/wp-content\/uploads\/sites\/79\/sites\/210\/2024\/10\/3.jpeg 517w, https:\/\/www.ufpb.br\/pinacoteca\/wp-content\/uploads\/sites\/79\/sites\/210\/2024\/10\/3-202x300.jpeg 202w\" sizes=\"auto, (max-width: 517px) 100vw, 517px\" \/><figcaption class=\"wp-element-caption\">Desenho. Sem t\u00edtulo, 1988. T\u00e9cnica: nanquim sobre papel. Dimens\u00f5es: 96 cm x 66,2 cm. Doa\u00e7\u00e3o do artista. Foto: Maycon Albuquerque.<\/figcaption><\/figure>\n\n\n\n<div style=\"height:30px\" aria-hidden=\"true\" class=\"wp-block-spacer\"><\/div>\n\n\n\n<figure class=\"wp-block-image size-full\"><img loading=\"lazy\" decoding=\"async\" width=\"516\" height=\"768\" src=\"https:\/\/www.ufpb.br\/pinacoteca2\/wp-content\/uploads\/sites\/79\/sites\/210\/2024\/10\/4.jpeg\" alt=\"\" class=\"wp-image-1271\" srcset=\"https:\/\/www.ufpb.br\/pinacoteca\/wp-content\/uploads\/sites\/79\/sites\/210\/2024\/10\/4.jpeg 516w, https:\/\/www.ufpb.br\/pinacoteca\/wp-content\/uploads\/sites\/79\/sites\/210\/2024\/10\/4-202x300.jpeg 202w\" sizes=\"auto, (max-width: 516px) 100vw, 516px\" \/><figcaption class=\"wp-element-caption\">Desenho. Sem t\u00edtulo, 1988. T\u00e9cnica: nanquim sobre papel. Dimens\u00f5es: 96 cm x 66,2 cm. Doa\u00e7\u00e3o do artista. Foto: Maycon Albuquerque.<\/figcaption><\/figure>\n\n\n\n<div style=\"height:30px\" aria-hidden=\"true\" class=\"wp-block-spacer\"><\/div>\n\n\n\n<figure class=\"wp-block-image size-full\"><img loading=\"lazy\" decoding=\"async\" width=\"768\" height=\"541\" src=\"https:\/\/www.ufpb.br\/pinacoteca2\/wp-content\/uploads\/sites\/79\/sites\/210\/2024\/10\/5.jpeg\" alt=\"\" class=\"wp-image-1275\" srcset=\"https:\/\/www.ufpb.br\/pinacoteca\/wp-content\/uploads\/sites\/79\/sites\/210\/2024\/10\/5.jpeg 768w, https:\/\/www.ufpb.br\/pinacoteca\/wp-content\/uploads\/sites\/79\/sites\/210\/2024\/10\/5-300x211.jpeg 300w\" sizes=\"auto, (max-width: 768px) 100vw, 768px\" \/><figcaption class=\"wp-element-caption\">Desenho. Sem t\u00edtulo, sem data. T\u00e9cnica: nanquim sobre papel. Dimens\u00f5es: 36,3 cm x 50,3 cm. Doa\u00e7\u00e3o do artista. Foto: Maycon Albuquerque.<\/figcaption><\/figure>\n\n\n\n<div style=\"height:30px\" aria-hidden=\"true\" class=\"wp-block-spacer\"><\/div>\n\n\n\n<figure class=\"wp-block-image size-full\"><img loading=\"lazy\" decoding=\"async\" width=\"526\" height=\"768\" src=\"https:\/\/www.ufpb.br\/pinacoteca2\/wp-content\/uploads\/sites\/79\/sites\/210\/2024\/10\/6.jpeg\" alt=\"\" class=\"wp-image-1277\" srcset=\"https:\/\/www.ufpb.br\/pinacoteca\/wp-content\/uploads\/sites\/79\/sites\/210\/2024\/10\/6.jpeg 526w, https:\/\/www.ufpb.br\/pinacoteca\/wp-content\/uploads\/sites\/79\/sites\/210\/2024\/10\/6-205x300.jpeg 205w\" sizes=\"auto, (max-width: 526px) 100vw, 526px\" \/><figcaption class=\"wp-element-caption\">Desenho. Sem t\u00edtulo, 1988. T\u00e9cnica: nanquim sobre papel. Dimens\u00f5es: 51 cm x 35 cm. Doa\u00e7\u00e3o do artista. Foto: Maycon Albuquerque.<\/figcaption><\/figure>\n\n\n\n<div style=\"height:30px\" aria-hidden=\"true\" class=\"wp-block-spacer\"><\/div>\n\n\n\n<figure class=\"wp-block-image size-full\"><img loading=\"lazy\" decoding=\"async\" width=\"531\" height=\"768\" src=\"https:\/\/www.ufpb.br\/pinacoteca2\/wp-content\/uploads\/sites\/79\/sites\/210\/2024\/10\/7.jpeg\" alt=\"\" class=\"wp-image-1282\" srcset=\"https:\/\/www.ufpb.br\/pinacoteca\/wp-content\/uploads\/sites\/79\/sites\/210\/2024\/10\/7.jpeg 531w, https:\/\/www.ufpb.br\/pinacoteca\/wp-content\/uploads\/sites\/79\/sites\/210\/2024\/10\/7-207x300.jpeg 207w\" sizes=\"auto, (max-width: 531px) 100vw, 531px\" \/><figcaption class=\"wp-element-caption\">Desenho. Sem t\u00edtulo, 1988. T\u00e9cnica: nanquim sobre papel. Dimens\u00f5es: 48,5 cm x 33,5 cm. Doa\u00e7\u00e3o do artista. Foto: Maycon Albuquerque.<\/figcaption><\/figure>\n\n\n\n<div style=\"height:30px\" aria-hidden=\"true\" class=\"wp-block-spacer\"><\/div>\n\n\n\n<figure class=\"wp-block-image size-large\"><img loading=\"lazy\" decoding=\"async\" width=\"769\" height=\"1024\" src=\"http:\/\/www.ufpb.br\/pinacoteca\/wp-content\/uploads\/sites\/79\/sites\/210\/2026\/03\/143-769x1024.jpg\" alt=\"\" class=\"wp-image-4121\" srcset=\"https:\/\/www.ufpb.br\/pinacoteca\/wp-content\/uploads\/sites\/79\/sites\/210\/2026\/03\/143-769x1024.jpg 769w, https:\/\/www.ufpb.br\/pinacoteca\/wp-content\/uploads\/sites\/79\/sites\/210\/2026\/03\/143-225x300.jpg 225w, https:\/\/www.ufpb.br\/pinacoteca\/wp-content\/uploads\/sites\/79\/sites\/210\/2026\/03\/143-768x1023.jpg 768w, https:\/\/www.ufpb.br\/pinacoteca\/wp-content\/uploads\/sites\/79\/sites\/210\/2026\/03\/143-1154x1536.jpg 1154w, https:\/\/www.ufpb.br\/pinacoteca\/wp-content\/uploads\/sites\/79\/sites\/210\/2026\/03\/143-1538x2048.jpg 1538w, https:\/\/www.ufpb.br\/pinacoteca\/wp-content\/uploads\/sites\/79\/sites\/210\/2026\/03\/143-scaled.jpg 1923w\" sizes=\"auto, (max-width: 769px) 100vw, 769px\" \/><figcaption class=\"wp-element-caption\">Sem t\u00edtulo, 1990. Matriz de Xilogravura. Dimens\u00f5es variadas. Oficina de Gravuras\/Artes\/UFPB.<\/figcaption><\/figure>\n\n\n\n<div style=\"height:11px\" aria-hidden=\"true\" class=\"wp-block-spacer\"><\/div>\n\n\n\n<figure class=\"wp-block-image size-large\"><img loading=\"lazy\" decoding=\"async\" width=\"704\" height=\"1024\" src=\"http:\/\/www.ufpb.br\/pinacoteca\/wp-content\/uploads\/sites\/79\/sites\/210\/2026\/03\/120-M1-G1-Walter-Wagner-704x1024.jpg\" alt=\"\" class=\"wp-image-4120\" srcset=\"https:\/\/www.ufpb.br\/pinacoteca\/wp-content\/uploads\/sites\/79\/sites\/210\/2026\/03\/120-M1-G1-Walter-Wagner-704x1024.jpg 704w, https:\/\/www.ufpb.br\/pinacoteca\/wp-content\/uploads\/sites\/79\/sites\/210\/2026\/03\/120-M1-G1-Walter-Wagner-206x300.jpg 206w, https:\/\/www.ufpb.br\/pinacoteca\/wp-content\/uploads\/sites\/79\/sites\/210\/2026\/03\/120-M1-G1-Walter-Wagner-768x1117.jpg 768w, https:\/\/www.ufpb.br\/pinacoteca\/wp-content\/uploads\/sites\/79\/sites\/210\/2026\/03\/120-M1-G1-Walter-Wagner-1056x1536.jpg 1056w, https:\/\/www.ufpb.br\/pinacoteca\/wp-content\/uploads\/sites\/79\/sites\/210\/2026\/03\/120-M1-G1-Walter-Wagner-1408x2048.jpg 1408w, https:\/\/www.ufpb.br\/pinacoteca\/wp-content\/uploads\/sites\/79\/sites\/210\/2026\/03\/120-M1-G1-Walter-Wagner-scaled.jpg 1760w\" sizes=\"auto, (max-width: 704px) 100vw, 704px\" \/><figcaption class=\"wp-element-caption\">O Julgamento II, s\/d. T\u00e9cnica: Litogravura. Dimens\u00f5es: 58,6 X 27cm. Oficina de Gravura\/Artes\/UFPB.<\/figcaption><\/figure>\n","protected":false},"excerpt":{"rendered":"<p>Jo\u00e3o Pessoa &#8211; PB, 1964. Walter Wagner, nascido no ano de 1964, na cidade de [&hellip;]<\/p>\n","protected":false},"author":143,"featured_media":0,"parent":71,"menu_order":0,"comment_status":"closed","ping_status":"closed","template":"","meta":{"footnotes":""},"class_list":["post-383","page","type-page","status-publish","hentry"],"_links":{"self":[{"href":"https:\/\/www.ufpb.br\/pinacoteca\/wp-json\/wp\/v2\/pages\/383","targetHints":{"allow":["GET"]}}],"collection":[{"href":"https:\/\/www.ufpb.br\/pinacoteca\/wp-json\/wp\/v2\/pages"}],"about":[{"href":"https:\/\/www.ufpb.br\/pinacoteca\/wp-json\/wp\/v2\/types\/page"}],"author":[{"embeddable":true,"href":"https:\/\/www.ufpb.br\/pinacoteca\/wp-json\/wp\/v2\/users\/143"}],"replies":[{"embeddable":true,"href":"https:\/\/www.ufpb.br\/pinacoteca\/wp-json\/wp\/v2\/comments?post=383"}],"version-history":[{"count":5,"href":"https:\/\/www.ufpb.br\/pinacoteca\/wp-json\/wp\/v2\/pages\/383\/revisions"}],"predecessor-version":[{"id":4123,"href":"https:\/\/www.ufpb.br\/pinacoteca\/wp-json\/wp\/v2\/pages\/383\/revisions\/4123"}],"up":[{"embeddable":true,"href":"https:\/\/www.ufpb.br\/pinacoteca\/wp-json\/wp\/v2\/pages\/71"}],"wp:attachment":[{"href":"https:\/\/www.ufpb.br\/pinacoteca\/wp-json\/wp\/v2\/media?parent=383"}],"curies":[{"name":"wp","href":"https:\/\/api.w.org\/{rel}","templated":true}]}}