{"id":3835,"date":"2026-03-10T09:45:39","date_gmt":"2026-03-10T12:45:39","guid":{"rendered":"https:\/\/www.ufpb.br\/pinacoteca\/?page_id=3835"},"modified":"2026-03-10T09:45:40","modified_gmt":"2026-03-10T12:45:40","slug":"yasmin-formiga","status":"publish","type":"page","link":"https:\/\/www.ufpb.br\/pinacoteca\/yasmin-formiga\/","title":{"rendered":"Yasmin Formiga"},"content":{"rendered":"\n<hr class=\"wp-block-separator has-alpha-channel-opacity\" \/>\n\n\n\n<div style=\"height:39px\" aria-hidden=\"true\" class=\"wp-block-spacer\"><\/div>\n\n\n\n<h2 class=\"wp-block-heading\"><div class=\"linha-header\">Obras: <\/div><\/h2>\n\n\n\n<figure class=\"wp-block-image size-full\"><img loading=\"lazy\" decoding=\"async\" width=\"768\" height=\"358\" src=\"https:\/\/www.ufpb.br\/pinacoteca\/wp-content\/uploads\/sites\/79\/sites\/210\/2026\/03\/image-7.png\" alt=\"\" class=\"wp-image-3836\" srcset=\"https:\/\/www.ufpb.br\/pinacoteca\/wp-content\/uploads\/sites\/79\/sites\/210\/2026\/03\/image-7.png 768w, https:\/\/www.ufpb.br\/pinacoteca\/wp-content\/uploads\/sites\/79\/sites\/210\/2026\/03\/image-7-300x140.png 300w\" sizes=\"auto, (max-width: 768px) 100vw, 768px\" \/><figcaption class=\"wp-element-caption\">T\u00edtulo:\u00a0<strong>Tr\u00edpitico<\/strong>, N\u00e3o queria ser estat\u00edstica. T\u00e9cnica: Acr\u00edlica aguada . Dimens\u00e3o: 42cm x 29,7cm. Data: 2019. Doa\u00e7\u00e3o da artista<\/figcaption><\/figure>\n\n\n\n<p><\/p>\n","protected":false},"excerpt":{"rendered":"<p>Obras:<\/p>\n","protected":false},"author":332,"featured_media":0,"parent":0,"menu_order":0,"comment_status":"closed","ping_status":"closed","template":"","meta":{"footnotes":""},"class_list":["post-3835","page","type-page","status-publish","hentry"],"_links":{"self":[{"href":"https:\/\/www.ufpb.br\/pinacoteca\/wp-json\/wp\/v2\/pages\/3835","targetHints":{"allow":["GET"]}}],"collection":[{"href":"https:\/\/www.ufpb.br\/pinacoteca\/wp-json\/wp\/v2\/pages"}],"about":[{"href":"https:\/\/www.ufpb.br\/pinacoteca\/wp-json\/wp\/v2\/types\/page"}],"author":[{"embeddable":true,"href":"https:\/\/www.ufpb.br\/pinacoteca\/wp-json\/wp\/v2\/users\/332"}],"replies":[{"embeddable":true,"href":"https:\/\/www.ufpb.br\/pinacoteca\/wp-json\/wp\/v2\/comments?post=3835"}],"version-history":[{"count":1,"href":"https:\/\/www.ufpb.br\/pinacoteca\/wp-json\/wp\/v2\/pages\/3835\/revisions"}],"predecessor-version":[{"id":3837,"href":"https:\/\/www.ufpb.br\/pinacoteca\/wp-json\/wp\/v2\/pages\/3835\/revisions\/3837"}],"wp:attachment":[{"href":"https:\/\/www.ufpb.br\/pinacoteca\/wp-json\/wp\/v2\/media?parent=3835"}],"curies":[{"name":"wp","href":"https:\/\/api.w.org\/{rel}","templated":true}]}}

<hr class="wp-block-separator has-alpha-channel-opacity" />



<div style="height:39px" aria-hidden="true" class="wp-block-spacer"></div>



<h2 class="wp-block-heading"><div class="linha-header">Obras: </div></h2>



<figure class="wp-block-image size-full"><img loading="lazy" decoding="async" width="768" height="358" src="https://www.ufpb.br/pinacoteca/wp-content/uploads/sites/79/sites/210/2026/03/image-7.png" alt="" class="wp-image-3836" srcset="https://www.ufpb.br/pinacoteca/wp-content/uploads/sites/79/sites/210/2026/03/image-7.png 768w, https://www.ufpb.br/pinacoteca/wp-content/uploads/sites/79/sites/210/2026/03/image-7-300x140.png 300w" sizes="auto, (max-width: 768px) 100vw, 768px" /><figcaption class="wp-element-caption">Título: <strong>Trípitico</strong>, Não queria ser estatística. Técnica: Acrílica aguada . Dimensão: 42cm x 29,7cm. Data: 2019. Doação da artista</figcaption></figure>



<p></p>
