{"id":3935,"date":"2026-03-11T10:37:40","date_gmt":"2026-03-11T13:37:40","guid":{"rendered":"https:\/\/www.ufpb.br\/pinacoteca\/?page_id=3935"},"modified":"2026-04-06T11:16:12","modified_gmt":"2026-04-06T14:16:12","slug":"severino-borges","status":"publish","type":"page","link":"https:\/\/www.ufpb.br\/pinacoteca\/severino-borges\/","title":{"rendered":"Severino Borges"},"content":{"rendered":"\n<hr class=\"wp-block-separator has-alpha-channel-opacity\" \/>\n\n\n\n<p><\/p>\n\n\n\n<p>Severino Borges \u00e9 um artista pernambucano reconhecido por sua forte liga\u00e7\u00e3o com a xilogravura e com a cultura popular nordestina. Nascido em 1968, na cidade de Escada, mudou-se ainda crian\u00e7a, em 1974, para Bezerros, no interior de Pernambuco. Foi nesse ambiente que cresceu cercado pela arte e pela tradi\u00e7\u00e3o familiar. A presen\u00e7a do pai, o xilogravador Amaro Francisco, foi fundamental para sua forma\u00e7\u00e3o moral e art\u00edstica. A m\u00e3e, Dona Nena, tamb\u00e9m trabalhava talhando suas pr\u00f3prias matrizes, assim como outros parentes. Entre as maiores refer\u00eancias estava o tio J. Borges, poeta e xilogravador consagrado, de quem Severino sempre demonstrou admira\u00e7\u00e3o e orgulho.<\/p>\n\n\n\n<p><br>Apesar desse conv\u00edvio com a arte desde cedo, Severino seguiu inicialmente outros caminhos. Casou se aos dezenove anos, interrompeu os estudos no segundo grau e passou a exercer diversos trabalhos, atuando como ajudante de pedreiro e tamb\u00e9m como funcion\u00e1rio na ind\u00fastria de pl\u00e1sticos. Com a sa\u00fade prejudicada pelas atividades pesadas, decidiu mudar-se para Olinda em meados da d\u00e9cada de 1990. Incentivado pelo pai, come\u00e7ou a experimentar a gravura. Produziu suas primeiras dez matrizes, fez c\u00f3pias e iniciou a venda dos trabalhos, encontrando nessa pr\u00e1tica a esperan\u00e7a de uma nova trajet\u00f3ria. Com o passar do tempo, Severino Borges amadureceu sua obra e desenvolveu um estilo pr\u00f3prio. Domina com habilidade as goivas e ferramentas improvisadas, muitas vezes feitas a partir de facas afiadas. Seus desenhos nascem tanto da imagina\u00e7\u00e3o quanto da observa\u00e7\u00e3o das manifesta\u00e7\u00f5es populares, da leitura e da pesquisa. Com tra\u00e7o simples e expressivo, retrata o cotidiano e o folclore nordestino, explorando contrastes entre preto e branco, al\u00e9m de experimentar cores e texturas com diferentes tipos de madeira, como umburana e cedro.<\/p>\n\n\n\n<p><br>Al\u00e9m da produ\u00e7\u00e3o art\u00edstica, Severino tamb\u00e9m se destacou como empreendedor. Buscou forma\u00e7\u00e3o para administrar seus neg\u00f3cios e, em 2005, abriu uma loja na Casa da Cultura do Recife, onde comercializa suas gravuras e trabalhos de outros artistas. Suas obras passaram a ser aplicadas n\u00e3o apenas em papel, mas tamb\u00e9m em azulejos, canecas, camisetas e diversos objetos. Atualmente, o artista mora em Olinda, participa de congressos e feiras de artesanato em todo o pa\u00eds e \u00e9 considerado uma refer\u00eancia na xilogravura brasileira, mantendo viva a tradi\u00e7\u00e3o da arte popular nordestina.<\/p>\n\n\n\n<div style=\"height:35px\" aria-hidden=\"true\" class=\"wp-block-spacer\"><\/div>\n\n\n\n<h2 class=\"wp-block-heading\"><div class=\"linha-header\">Obras<\/div><\/h2>\n\n\n\n<figure class=\"wp-block-image size-full is-resized\"><img loading=\"lazy\" decoding=\"async\" width=\"308\" height=\"408\" src=\"https:\/\/www.ufpb.br\/pinacoteca\/wp-content\/uploads\/sites\/79\/sites\/210\/2026\/03\/image-54.png\" alt=\"\" class=\"wp-image-3937\" style=\"aspect-ratio:0.7549214860206818;width:332px;height:auto\" srcset=\"https:\/\/www.ufpb.br\/pinacoteca\/wp-content\/uploads\/sites\/79\/sites\/210\/2026\/03\/image-54.png 308w, https:\/\/www.ufpb.br\/pinacoteca\/wp-content\/uploads\/sites\/79\/sites\/210\/2026\/03\/image-54-226x300.png 226w\" sizes=\"auto, (max-width: 308px) 100vw, 308px\" \/><figcaption class=\"wp-element-caption\">Sem t\u00edtulo, 2022. Xilogravura. 21cm x 15cm. P. A. Doa\u00e7\u00e3o de Gabriel Bechara Filho.<\/figcaption><\/figure>\n\n\n\n<div style=\"height:17px\" aria-hidden=\"true\" class=\"wp-block-spacer\"><\/div>\n\n\n\n<figure class=\"wp-block-image size-full is-resized\"><img loading=\"lazy\" decoding=\"async\" width=\"288\" height=\"396\" src=\"https:\/\/www.ufpb.br\/pinacoteca\/wp-content\/uploads\/sites\/79\/sites\/210\/2026\/03\/image-55.png\" alt=\"\" class=\"wp-image-3938\" style=\"aspect-ratio:0.7272619658288285;width:318px;height:auto\" srcset=\"https:\/\/www.ufpb.br\/pinacoteca\/wp-content\/uploads\/sites\/79\/sites\/210\/2026\/03\/image-55.png 288w, https:\/\/www.ufpb.br\/pinacoteca\/wp-content\/uploads\/sites\/79\/sites\/210\/2026\/03\/image-55-218x300.png 218w\" sizes=\"auto, (max-width: 288px) 100vw, 288px\" \/><figcaption class=\"wp-element-caption\"><strong>Caboclo de lan\u00e7a<\/strong>, 2024. Xilogravura. 29,8cm x 21cm. Doa\u00e7\u00e3o de Gabriel Bechara Filho. <\/figcaption><\/figure>\n\n\n\n<div style=\"height:31px\" aria-hidden=\"true\" class=\"wp-block-spacer\"><\/div>\n\n\n\n<figure class=\"wp-block-image size-full is-resized\"><img loading=\"lazy\" decoding=\"async\" width=\"289\" height=\"378\" src=\"https:\/\/www.ufpb.br\/pinacoteca\/wp-content\/uploads\/sites\/79\/sites\/210\/2026\/03\/image-56.png\" alt=\"\" class=\"wp-image-3941\" style=\"aspect-ratio:0.7645405316026621;width:317px;height:auto\" srcset=\"https:\/\/www.ufpb.br\/pinacoteca\/wp-content\/uploads\/sites\/79\/sites\/210\/2026\/03\/image-56.png 289w, https:\/\/www.ufpb.br\/pinacoteca\/wp-content\/uploads\/sites\/79\/sites\/210\/2026\/03\/image-56-229x300.png 229w\" sizes=\"auto, (max-width: 289px) 100vw, 289px\" \/><figcaption class=\"wp-element-caption\"><strong>BEIJA-FLOR<\/strong>, 2024. Xilogravura. 48cm x 33cm. Doa\u00e7\u00e3o de Gabriel Bechara Filho.<\/figcaption><\/figure>\n","protected":false},"excerpt":{"rendered":"<p>Severino Borges \u00e9 um artista pernambucano reconhecido por sua forte liga\u00e7\u00e3o com a xilogravura e [&hellip;]<\/p>\n","protected":false},"author":332,"featured_media":0,"parent":0,"menu_order":0,"comment_status":"closed","ping_status":"closed","template":"","meta":{"footnotes":""},"class_list":["post-3935","page","type-page","status-publish","hentry"],"_links":{"self":[{"href":"https:\/\/www.ufpb.br\/pinacoteca\/wp-json\/wp\/v2\/pages\/3935","targetHints":{"allow":["GET"]}}],"collection":[{"href":"https:\/\/www.ufpb.br\/pinacoteca\/wp-json\/wp\/v2\/pages"}],"about":[{"href":"https:\/\/www.ufpb.br\/pinacoteca\/wp-json\/wp\/v2\/types\/page"}],"author":[{"embeddable":true,"href":"https:\/\/www.ufpb.br\/pinacoteca\/wp-json\/wp\/v2\/users\/332"}],"replies":[{"embeddable":true,"href":"https:\/\/www.ufpb.br\/pinacoteca\/wp-json\/wp\/v2\/comments?post=3935"}],"version-history":[{"count":3,"href":"https:\/\/www.ufpb.br\/pinacoteca\/wp-json\/wp\/v2\/pages\/3935\/revisions"}],"predecessor-version":[{"id":4237,"href":"https:\/\/www.ufpb.br\/pinacoteca\/wp-json\/wp\/v2\/pages\/3935\/revisions\/4237"}],"wp:attachment":[{"href":"https:\/\/www.ufpb.br\/pinacoteca\/wp-json\/wp\/v2\/media?parent=3935"}],"curies":[{"name":"wp","href":"https:\/\/api.w.org\/{rel}","templated":true}]}}

<hr class="wp-block-separator has-alpha-channel-opacity" />



<p></p>



<p>Severino Borges é um artista pernambucano reconhecido por sua forte ligação com a xilogravura e com a cultura popular nordestina. Nascido em 1968, na cidade de Escada, mudou-se ainda criança, em 1974, para Bezerros, no interior de Pernambuco. Foi nesse ambiente que cresceu cercado pela arte e pela tradição familiar. A presença do pai, o xilogravador Amaro Francisco, foi fundamental para sua formação moral e artística. A mãe, Dona Nena, também trabalhava talhando suas próprias matrizes, assim como outros parentes. Entre as maiores referências estava o tio J. Borges, poeta e xilogravador consagrado, de quem Severino sempre demonstrou admiração e orgulho.</p>



<p><br>Apesar desse convívio com a arte desde cedo, Severino seguiu inicialmente outros caminhos. Casou se aos dezenove anos, interrompeu os estudos no segundo grau e passou a exercer diversos trabalhos, atuando como ajudante de pedreiro e também como funcionário na indústria de plásticos. Com a saúde prejudicada pelas atividades pesadas, decidiu mudar-se para Olinda em meados da década de 1990. Incentivado pelo pai, começou a experimentar a gravura. Produziu suas primeiras dez matrizes, fez cópias e iniciou a venda dos trabalhos, encontrando nessa prática a esperança de uma nova trajetória. Com o passar do tempo, Severino Borges amadureceu sua obra e desenvolveu um estilo próprio. Domina com habilidade as goivas e ferramentas improvisadas, muitas vezes feitas a partir de facas afiadas. Seus desenhos nascem tanto da imaginação quanto da observação das manifestações populares, da leitura e da pesquisa. Com traço simples e expressivo, retrata o cotidiano e o folclore nordestino, explorando contrastes entre preto e branco, além de experimentar cores e texturas com diferentes tipos de madeira, como umburana e cedro.</p>



<p><br>Além da produção artística, Severino também se destacou como empreendedor. Buscou formação para administrar seus negócios e, em 2005, abriu uma loja na Casa da Cultura do Recife, onde comercializa suas gravuras e trabalhos de outros artistas. Suas obras passaram a ser aplicadas não apenas em papel, mas também em azulejos, canecas, camisetas e diversos objetos. Atualmente, o artista mora em Olinda, participa de congressos e feiras de artesanato em todo o país e é considerado uma referência na xilogravura brasileira, mantendo viva a tradição da arte popular nordestina.</p>



<div style="height:35px" aria-hidden="true" class="wp-block-spacer"></div>



<h2 class="wp-block-heading"><div class="linha-header">Obras</div></h2>



<figure class="wp-block-image size-full is-resized"><img loading="lazy" decoding="async" width="308" height="408" src="https://www.ufpb.br/pinacoteca/wp-content/uploads/sites/79/sites/210/2026/03/image-54.png" alt="" class="wp-image-3937" style="aspect-ratio:0.7549214860206818;width:332px;height:auto" srcset="https://www.ufpb.br/pinacoteca/wp-content/uploads/sites/79/sites/210/2026/03/image-54.png 308w, https://www.ufpb.br/pinacoteca/wp-content/uploads/sites/79/sites/210/2026/03/image-54-226x300.png 226w" sizes="auto, (max-width: 308px) 100vw, 308px" /><figcaption class="wp-element-caption">Sem título, 2022. Xilogravura. 21cm x 15cm. P. A. Doação de Gabriel Bechara Filho.</figcaption></figure>



<div style="height:17px" aria-hidden="true" class="wp-block-spacer"></div>



<figure class="wp-block-image size-full is-resized"><img loading="lazy" decoding="async" width="288" height="396" src="https://www.ufpb.br/pinacoteca/wp-content/uploads/sites/79/sites/210/2026/03/image-55.png" alt="" class="wp-image-3938" style="aspect-ratio:0.7272619658288285;width:318px;height:auto" srcset="https://www.ufpb.br/pinacoteca/wp-content/uploads/sites/79/sites/210/2026/03/image-55.png 288w, https://www.ufpb.br/pinacoteca/wp-content/uploads/sites/79/sites/210/2026/03/image-55-218x300.png 218w" sizes="auto, (max-width: 288px) 100vw, 288px" /><figcaption class="wp-element-caption"><strong>Caboclo de lança</strong>, 2024. Xilogravura. 29,8cm x 21cm. Doação de Gabriel Bechara Filho. </figcaption></figure>



<div style="height:31px" aria-hidden="true" class="wp-block-spacer"></div>



<figure class="wp-block-image size-full is-resized"><img loading="lazy" decoding="async" width="289" height="378" src="https://www.ufpb.br/pinacoteca/wp-content/uploads/sites/79/sites/210/2026/03/image-56.png" alt="" class="wp-image-3941" style="aspect-ratio:0.7645405316026621;width:317px;height:auto" srcset="https://www.ufpb.br/pinacoteca/wp-content/uploads/sites/79/sites/210/2026/03/image-56.png 289w, https://www.ufpb.br/pinacoteca/wp-content/uploads/sites/79/sites/210/2026/03/image-56-229x300.png 229w" sizes="auto, (max-width: 289px) 100vw, 289px" /><figcaption class="wp-element-caption"><strong>BEIJA-FLOR</strong>, 2024. Xilogravura. 48cm x 33cm. Doação de Gabriel Bechara Filho.</figcaption></figure>

<p>Severino Borges é um artista pernambucano reconhecido por sua forte ligação com a xilogravura e [&hellip;]</p>
