{"id":3947,"date":"2026-03-11T10:56:46","date_gmt":"2026-03-11T13:56:46","guid":{"rendered":"https:\/\/www.ufpb.br\/pinacoteca\/?page_id=3947"},"modified":"2026-03-11T10:56:47","modified_gmt":"2026-03-11T13:56:47","slug":"lisbet-alderete","status":"publish","type":"page","link":"https:\/\/www.ufpb.br\/pinacoteca\/lisbet-alderete\/","title":{"rendered":"Lisbet Alderete"},"content":{"rendered":"\n<hr class=\"wp-block-separator has-alpha-channel-opacity\" \/>\n\n\n\n<div style=\"height:40px\" aria-hidden=\"true\" class=\"wp-block-spacer\"><\/div>\n\n\n\n<h2 class=\"wp-block-heading\"><div class=\"linha-header\">Obras<\/div><\/h2>\n\n\n\n<figure class=\"wp-block-image size-large\"><img loading=\"lazy\" decoding=\"async\" width=\"1024\" height=\"766\" src=\"https:\/\/www.ufpb.br\/pinacoteca\/wp-content\/uploads\/sites\/79\/sites\/210\/2026\/03\/image-58-1024x766.png\" alt=\"\" class=\"wp-image-3949\" srcset=\"https:\/\/www.ufpb.br\/pinacoteca\/wp-content\/uploads\/sites\/79\/sites\/210\/2026\/03\/image-58-1024x766.png 1024w, https:\/\/www.ufpb.br\/pinacoteca\/wp-content\/uploads\/sites\/79\/sites\/210\/2026\/03\/image-58-300x224.png 300w, https:\/\/www.ufpb.br\/pinacoteca\/wp-content\/uploads\/sites\/79\/sites\/210\/2026\/03\/image-58-768x575.png 768w, https:\/\/www.ufpb.br\/pinacoteca\/wp-content\/uploads\/sites\/79\/sites\/210\/2026\/03\/image-58-1536x1149.png 1536w, https:\/\/www.ufpb.br\/pinacoteca\/wp-content\/uploads\/sites\/79\/sites\/210\/2026\/03\/image-58-2048x1532.png 2048w\" sizes=\"auto, (max-width: 1024px) 100vw, 1024px\" \/><figcaption class=\"wp-element-caption\"><strong>La Calma<\/strong>, 2018. Serigrafia. Dimens\u00f5es: 33,5 x 41,5 cm. Doa\u00e7\u00e3o de Gabriel Bechara Filho.<br><a href=\"https:\/\/api.whatsapp.com\/send?text=Acesse%20esta%20p%C3%A1gina:%20https:\/\/www.ufpb.br\/pinacoteca\/doacoes\/nova-doacao-lisbet-alderete\/\" target=\"_blank\" rel=\"noreferrer noopener\"><\/a><br><\/figcaption><\/figure>\n","protected":false},"excerpt":{"rendered":"<p>Obras<\/p>\n","protected":false},"author":332,"featured_media":0,"parent":0,"menu_order":0,"comment_status":"closed","ping_status":"closed","template":"","meta":{"footnotes":""},"class_list":["post-3947","page","type-page","status-publish","hentry"],"_links":{"self":[{"href":"https:\/\/www.ufpb.br\/pinacoteca\/wp-json\/wp\/v2\/pages\/3947","targetHints":{"allow":["GET"]}}],"collection":[{"href":"https:\/\/www.ufpb.br\/pinacoteca\/wp-json\/wp\/v2\/pages"}],"about":[{"href":"https:\/\/www.ufpb.br\/pinacoteca\/wp-json\/wp\/v2\/types\/page"}],"author":[{"embeddable":true,"href":"https:\/\/www.ufpb.br\/pinacoteca\/wp-json\/wp\/v2\/users\/332"}],"replies":[{"embeddable":true,"href":"https:\/\/www.ufpb.br\/pinacoteca\/wp-json\/wp\/v2\/comments?post=3947"}],"version-history":[{"count":1,"href":"https:\/\/www.ufpb.br\/pinacoteca\/wp-json\/wp\/v2\/pages\/3947\/revisions"}],"predecessor-version":[{"id":3950,"href":"https:\/\/www.ufpb.br\/pinacoteca\/wp-json\/wp\/v2\/pages\/3947\/revisions\/3950"}],"wp:attachment":[{"href":"https:\/\/www.ufpb.br\/pinacoteca\/wp-json\/wp\/v2\/media?parent=3947"}],"curies":[{"name":"wp","href":"https:\/\/api.w.org\/{rel}","templated":true}]}}

<hr class="wp-block-separator has-alpha-channel-opacity" />



<div style="height:40px" aria-hidden="true" class="wp-block-spacer"></div>



<h2 class="wp-block-heading"><div class="linha-header">Obras</div></h2>



<figure class="wp-block-image size-large"><img loading="lazy" decoding="async" width="1024" height="766" src="https://www.ufpb.br/pinacoteca/wp-content/uploads/sites/79/sites/210/2026/03/image-58-1024x766.png" alt="" class="wp-image-3949" srcset="https://www.ufpb.br/pinacoteca/wp-content/uploads/sites/79/sites/210/2026/03/image-58-1024x766.png 1024w, https://www.ufpb.br/pinacoteca/wp-content/uploads/sites/79/sites/210/2026/03/image-58-300x224.png 300w, https://www.ufpb.br/pinacoteca/wp-content/uploads/sites/79/sites/210/2026/03/image-58-768x575.png 768w, https://www.ufpb.br/pinacoteca/wp-content/uploads/sites/79/sites/210/2026/03/image-58-1536x1149.png 1536w, https://www.ufpb.br/pinacoteca/wp-content/uploads/sites/79/sites/210/2026/03/image-58-2048x1532.png 2048w" sizes="auto, (max-width: 1024px) 100vw, 1024px" /><figcaption class="wp-element-caption"><strong>La Calma</strong>, 2018. Serigrafia. Dimensões: 33,5 x 41,5 cm. Doação de Gabriel Bechara Filho.<br><a href="https://api.whatsapp.com/send?text=Acesse%20esta%20p%C3%A1gina:%20https://www.ufpb.br/pinacoteca/doacoes/nova-doacao-lisbet-alderete/" target="_blank" rel="noreferrer noopener"></a><br></figcaption></figure>
