{"id":4052,"date":"2026-03-31T09:18:06","date_gmt":"2026-03-31T12:18:06","guid":{"rendered":"https:\/\/www.ufpb.br\/pinacoteca\/?page_id=4052"},"modified":"2026-03-31T09:18:06","modified_gmt":"2026-03-31T12:18:06","slug":"nena-borges","status":"publish","type":"page","link":"https:\/\/www.ufpb.br\/pinacoteca\/nena-borges\/","title":{"rendered":"Nena Borges"},"content":{"rendered":"\n<hr class=\"wp-block-separator has-alpha-channel-opacity\" \/>\n\n\n\n<p><\/p>\n\n\n\n<p>Nascida em 1947 em Escada (PE), Dona Nena perdeu a m\u00e3e aos 8 anos e ajudou o pai a cuidar dos irm\u00e3os. Casou-se aos 18 e foi morar em Bezerros. Morou tamb\u00e9m no Recife e em Olinda, quando o marido foi assessor de Ariano Suassuna.<\/p>\n\n\n\n<p>A fam\u00edlia reconhece Ariano e o artista Giuseppe Baccaro como importantes apoiadores da divulga\u00e7\u00e3o da xilogravura dos Borges.<\/p>\n\n\n\n<h2 class=\"wp-block-heading\"><div class=\"linha-header\">Obras: <\/div><\/h2>\n\n\n\n<div style=\"height:8px\" aria-hidden=\"true\" class=\"wp-block-spacer\"><\/div>\n\n\n\n<figure class=\"wp-block-image size-full\"><img loading=\"lazy\" decoding=\"async\" width=\"571\" height=\"415\" src=\"https:\/\/www.ufpb.br\/pinacoteca\/wp-content\/uploads\/sites\/79\/sites\/210\/2026\/03\/image-85.png\" alt=\"\" class=\"wp-image-4053\" srcset=\"https:\/\/www.ufpb.br\/pinacoteca\/wp-content\/uploads\/sites\/79\/sites\/210\/2026\/03\/image-85.png 571w, https:\/\/www.ufpb.br\/pinacoteca\/wp-content\/uploads\/sites\/79\/sites\/210\/2026\/03\/image-85-300x218.png 300w\" sizes=\"auto, (max-width: 571px) 100vw, 571px\" \/><figcaption class=\"wp-element-caption\"><strong>Girassol da Vida<\/strong>, s\/d. T\u00e9cnica: Xilogravura. Dimens\u00f5es: 48 X 66cm. Doa\u00e7\u00e3o feita por Gabriel Bechara Filho.<\/figcaption><\/figure>\n\n\n\n<div style=\"height:5px\" aria-hidden=\"true\" class=\"wp-block-spacer\"><\/div>\n\n\n\n<figure class=\"wp-block-image size-full\"><img loading=\"lazy\" decoding=\"async\" width=\"329\" height=\"480\" src=\"https:\/\/www.ufpb.br\/pinacoteca\/wp-content\/uploads\/sites\/79\/sites\/210\/2026\/03\/image-86.png\" alt=\"\" class=\"wp-image-4054\" srcset=\"https:\/\/www.ufpb.br\/pinacoteca\/wp-content\/uploads\/sites\/79\/sites\/210\/2026\/03\/image-86.png 329w, https:\/\/www.ufpb.br\/pinacoteca\/wp-content\/uploads\/sites\/79\/sites\/210\/2026\/03\/image-86-206x300.png 206w\" sizes=\"auto, (max-width: 329px) 100vw, 329px\" \/><figcaption class=\"wp-element-caption\"><strong>Ad\u00e3o e Eva<\/strong>, s\/d. T\u00e9cnica: Xilogravura. Dimens\u00f5es: 48 X 33cm. Doa\u00e7\u00e3o feita por Gabriel Bechara Filho. <\/figcaption><\/figure>\n\n\n\n<div style=\"height:5px\" aria-hidden=\"true\" class=\"wp-block-spacer\"><\/div>\n\n\n\n<figure class=\"wp-block-image size-full\"><img loading=\"lazy\" decoding=\"async\" width=\"528\" height=\"356\" src=\"https:\/\/www.ufpb.br\/pinacoteca\/wp-content\/uploads\/sites\/79\/sites\/210\/2026\/03\/image-87.png\" alt=\"\" class=\"wp-image-4055\" srcset=\"https:\/\/www.ufpb.br\/pinacoteca\/wp-content\/uploads\/sites\/79\/sites\/210\/2026\/03\/image-87.png 528w, https:\/\/www.ufpb.br\/pinacoteca\/wp-content\/uploads\/sites\/79\/sites\/210\/2026\/03\/image-87-300x202.png 300w, https:\/\/www.ufpb.br\/pinacoteca\/wp-content\/uploads\/sites\/79\/sites\/210\/2026\/03\/image-87-272x182.png 272w\" sizes=\"auto, (max-width: 528px) 100vw, 528px\" \/><figcaption class=\"wp-element-caption\"><strong>Frevando<\/strong>, s\/d. T\u00e9cnica: Xilogravura. Dimens\u00f5es: 33,5 X 48cm. Doa\u00e7\u00e3o feita por Gabriel Bechara Filho.<\/figcaption><\/figure>\n\n\n\n<div style=\"height:5px\" aria-hidden=\"true\" class=\"wp-block-spacer\"><\/div>\n\n\n\n<figure class=\"wp-block-image size-full\"><img loading=\"lazy\" decoding=\"async\" width=\"336\" height=\"456\" src=\"https:\/\/www.ufpb.br\/pinacoteca\/wp-content\/uploads\/sites\/79\/sites\/210\/2026\/03\/image-88.png\" alt=\"\" class=\"wp-image-4056\" srcset=\"https:\/\/www.ufpb.br\/pinacoteca\/wp-content\/uploads\/sites\/79\/sites\/210\/2026\/03\/image-88.png 336w, https:\/\/www.ufpb.br\/pinacoteca\/wp-content\/uploads\/sites\/79\/sites\/210\/2026\/03\/image-88-221x300.png 221w\" sizes=\"auto, (max-width: 336px) 100vw, 336px\" \/><figcaption class=\"wp-element-caption\"><strong>S\u00e3o Jorge<\/strong>, s\/d. T\u00e9cnica: Xilogravura. Dimens\u00f5es: 58 X 43cm. Doa\u00e7\u00e3o feita por Gabriel Bechara Filho.<\/figcaption><\/figure>\n\n\n\n<div style=\"height:10px\" aria-hidden=\"true\" class=\"wp-block-spacer\"><\/div>\n\n\n\n<figure class=\"wp-block-image size-full\"><img loading=\"lazy\" decoding=\"async\" width=\"589\" height=\"413\" src=\"https:\/\/www.ufpb.br\/pinacoteca\/wp-content\/uploads\/sites\/79\/sites\/210\/2026\/03\/image-89.png\" alt=\"\" class=\"wp-image-4057\" srcset=\"https:\/\/www.ufpb.br\/pinacoteca\/wp-content\/uploads\/sites\/79\/sites\/210\/2026\/03\/image-89.png 589w, https:\/\/www.ufpb.br\/pinacoteca\/wp-content\/uploads\/sites\/79\/sites\/210\/2026\/03\/image-89-300x210.png 300w\" sizes=\"auto, (max-width: 589px) 100vw, 589px\" \/><figcaption class=\"wp-element-caption\">P<strong>apangus na folia<\/strong>, s\/d. T\u00e9cnica: Xilogravura. Dimens\u00f5es: 24 X 33,4cm. Doa\u00e7\u00e3o feita por Gabriel Bechara Filho.<\/figcaption><\/figure>\n","protected":false},"excerpt":{"rendered":"<p>Nascida em 1947 em Escada (PE), Dona Nena perdeu a m\u00e3e aos 8 anos e [&hellip;]<\/p>\n","protected":false},"author":332,"featured_media":0,"parent":0,"menu_order":0,"comment_status":"closed","ping_status":"closed","template":"","meta":{"footnotes":""},"class_list":["post-4052","page","type-page","status-publish","hentry"],"_links":{"self":[{"href":"https:\/\/www.ufpb.br\/pinacoteca\/wp-json\/wp\/v2\/pages\/4052","targetHints":{"allow":["GET"]}}],"collection":[{"href":"https:\/\/www.ufpb.br\/pinacoteca\/wp-json\/wp\/v2\/pages"}],"about":[{"href":"https:\/\/www.ufpb.br\/pinacoteca\/wp-json\/wp\/v2\/types\/page"}],"author":[{"embeddable":true,"href":"https:\/\/www.ufpb.br\/pinacoteca\/wp-json\/wp\/v2\/users\/332"}],"replies":[{"embeddable":true,"href":"https:\/\/www.ufpb.br\/pinacoteca\/wp-json\/wp\/v2\/comments?post=4052"}],"version-history":[{"count":1,"href":"https:\/\/www.ufpb.br\/pinacoteca\/wp-json\/wp\/v2\/pages\/4052\/revisions"}],"predecessor-version":[{"id":4058,"href":"https:\/\/www.ufpb.br\/pinacoteca\/wp-json\/wp\/v2\/pages\/4052\/revisions\/4058"}],"wp:attachment":[{"href":"https:\/\/www.ufpb.br\/pinacoteca\/wp-json\/wp\/v2\/media?parent=4052"}],"curies":[{"name":"wp","href":"https:\/\/api.w.org\/{rel}","templated":true}]}}

<hr class="wp-block-separator has-alpha-channel-opacity" />



<p></p>



<p>Nascida em 1947 em Escada (PE), Dona Nena perdeu a mãe aos 8 anos e ajudou o pai a cuidar dos irmãos. Casou-se aos 18 e foi morar em Bezerros. Morou também no Recife e em Olinda, quando o marido foi assessor de Ariano Suassuna.</p>



<p>A família reconhece Ariano e o artista Giuseppe Baccaro como importantes apoiadores da divulgação da xilogravura dos Borges.</p>



<h2 class="wp-block-heading"><div class="linha-header">Obras: </div></h2>



<div style="height:8px" aria-hidden="true" class="wp-block-spacer"></div>



<figure class="wp-block-image size-full"><img loading="lazy" decoding="async" width="571" height="415" src="https://www.ufpb.br/pinacoteca/wp-content/uploads/sites/79/sites/210/2026/03/image-85.png" alt="" class="wp-image-4053" srcset="https://www.ufpb.br/pinacoteca/wp-content/uploads/sites/79/sites/210/2026/03/image-85.png 571w, https://www.ufpb.br/pinacoteca/wp-content/uploads/sites/79/sites/210/2026/03/image-85-300x218.png 300w" sizes="auto, (max-width: 571px) 100vw, 571px" /><figcaption class="wp-element-caption"><strong>Girassol da Vida</strong>, s/d. Técnica: Xilogravura. Dimensões: 48 X 66cm. Doação feita por Gabriel Bechara Filho.</figcaption></figure>



<div style="height:5px" aria-hidden="true" class="wp-block-spacer"></div>



<figure class="wp-block-image size-full"><img loading="lazy" decoding="async" width="329" height="480" src="https://www.ufpb.br/pinacoteca/wp-content/uploads/sites/79/sites/210/2026/03/image-86.png" alt="" class="wp-image-4054" srcset="https://www.ufpb.br/pinacoteca/wp-content/uploads/sites/79/sites/210/2026/03/image-86.png 329w, https://www.ufpb.br/pinacoteca/wp-content/uploads/sites/79/sites/210/2026/03/image-86-206x300.png 206w" sizes="auto, (max-width: 329px) 100vw, 329px" /><figcaption class="wp-element-caption"><strong>Adão e Eva</strong>, s/d. Técnica: Xilogravura. Dimensões: 48 X 33cm. Doação feita por Gabriel Bechara Filho. </figcaption></figure>



<div style="height:5px" aria-hidden="true" class="wp-block-spacer"></div>



<figure class="wp-block-image size-full"><img loading="lazy" decoding="async" width="528" height="356" src="https://www.ufpb.br/pinacoteca/wp-content/uploads/sites/79/sites/210/2026/03/image-87.png" alt="" class="wp-image-4055" srcset="https://www.ufpb.br/pinacoteca/wp-content/uploads/sites/79/sites/210/2026/03/image-87.png 528w, https://www.ufpb.br/pinacoteca/wp-content/uploads/sites/79/sites/210/2026/03/image-87-300x202.png 300w, https://www.ufpb.br/pinacoteca/wp-content/uploads/sites/79/sites/210/2026/03/image-87-272x182.png 272w" sizes="auto, (max-width: 528px) 100vw, 528px" /><figcaption class="wp-element-caption"><strong>Frevando</strong>, s/d. Técnica: Xilogravura. Dimensões: 33,5 X 48cm. Doação feita por Gabriel Bechara Filho.</figcaption></figure>



<div style="height:5px" aria-hidden="true" class="wp-block-spacer"></div>



<figure class="wp-block-image size-full"><img loading="lazy" decoding="async" width="336" height="456" src="https://www.ufpb.br/pinacoteca/wp-content/uploads/sites/79/sites/210/2026/03/image-88.png" alt="" class="wp-image-4056" srcset="https://www.ufpb.br/pinacoteca/wp-content/uploads/sites/79/sites/210/2026/03/image-88.png 336w, https://www.ufpb.br/pinacoteca/wp-content/uploads/sites/79/sites/210/2026/03/image-88-221x300.png 221w" sizes="auto, (max-width: 336px) 100vw, 336px" /><figcaption class="wp-element-caption"><strong>São Jorge</strong>, s/d. Técnica: Xilogravura. Dimensões: 58 X 43cm. Doação feita por Gabriel Bechara Filho.</figcaption></figure>



<div style="height:10px" aria-hidden="true" class="wp-block-spacer"></div>



<figure class="wp-block-image size-full"><img loading="lazy" decoding="async" width="589" height="413" src="https://www.ufpb.br/pinacoteca/wp-content/uploads/sites/79/sites/210/2026/03/image-89.png" alt="" class="wp-image-4057" srcset="https://www.ufpb.br/pinacoteca/wp-content/uploads/sites/79/sites/210/2026/03/image-89.png 589w, https://www.ufpb.br/pinacoteca/wp-content/uploads/sites/79/sites/210/2026/03/image-89-300x210.png 300w" sizes="auto, (max-width: 589px) 100vw, 589px" /><figcaption class="wp-element-caption">P<strong>apangus na folia</strong>, s/d. Técnica: Xilogravura. Dimensões: 24 X 33,4cm. Doação feita por Gabriel Bechara Filho.</figcaption></figure>

<p>Nascida em 1947 em Escada (PE), Dona Nena perdeu a mãe aos 8 anos e [&hellip;]</p>
