{"id":4066,"date":"2026-03-31T09:29:01","date_gmt":"2026-03-31T12:29:01","guid":{"rendered":"https:\/\/www.ufpb.br\/pinacoteca\/?page_id=4066"},"modified":"2026-03-31T09:29:01","modified_gmt":"2026-03-31T12:29:01","slug":"wagner-porto","status":"publish","type":"page","link":"https:\/\/www.ufpb.br\/pinacoteca\/wagner-porto\/","title":{"rendered":"Wagner Porto"},"content":{"rendered":"\n<hr class=\"wp-block-separator has-alpha-channel-opacity\" \/>\n\n\n\n<p>Wagner Porto Cruz, conhecido como Mestre Wagner Porto, \u00e9 um artista multidisciplinar de Olinda (PE), nascido em 1975. Atualmente vive em Garanhuns, onde mant\u00e9m seu ateli\u00ea. Influenciado pela m\u00e3e costureira, come\u00e7ou a pintar tecidos e cer\u00e2micas ainda crian\u00e7a, vendendo suas pe\u00e7as em Olinda.<\/p>\n\n\n\n<p>Aos 12 anos, descobriu sua paix\u00e3o pelos mamulengos, arte que envolve escultura, pintura, costura, m\u00fasica, teatro e dan\u00e7a, o que torna seu trabalho muito diverso e din\u00e2mico.<\/p>\n\n\n\n<p>Hoje, suas obras est\u00e3o presentes na Fenearte, no Centro do Artesanato do Recife e em seu ateli\u00ea em Garanhuns, onde continua produzindo.<\/p>\n\n\n\n<div style=\"height:11px\" aria-hidden=\"true\" class=\"wp-block-spacer\"><\/div>\n\n\n\n<h2 class=\"wp-block-heading\"><div class=\"linha-header\">Obras: <\/div><\/h2>\n\n\n\n<figure class=\"wp-block-image size-full\"><img loading=\"lazy\" decoding=\"async\" width=\"418\" height=\"461\" src=\"https:\/\/www.ufpb.br\/pinacoteca\/wp-content\/uploads\/sites\/79\/sites\/210\/2026\/03\/image-92.png\" alt=\"\" class=\"wp-image-4068\" srcset=\"https:\/\/www.ufpb.br\/pinacoteca\/wp-content\/uploads\/sites\/79\/sites\/210\/2026\/03\/image-92.png 418w, https:\/\/www.ufpb.br\/pinacoteca\/wp-content\/uploads\/sites\/79\/sites\/210\/2026\/03\/image-92-272x300.png 272w\" sizes=\"auto, (max-width: 418px) 100vw, 418px\" \/><figcaption class=\"wp-element-caption\"><strong>S\u00e3o Jorginho da Viola<\/strong>, 2018. T\u00e9cnica: Xilogravura. Dimens\u00f5es: 41 X 38cm. Doa\u00e7\u00e3o feita por Gabriel Bechara Filho.<\/figcaption><\/figure>\n\n\n\n<div style=\"height:7px\" aria-hidden=\"true\" class=\"wp-block-spacer\"><\/div>\n\n\n\n<p><\/p>\n","protected":false},"excerpt":{"rendered":"<p>Wagner Porto Cruz, conhecido como Mestre Wagner Porto, \u00e9 um artista multidisciplinar de Olinda (PE), [&hellip;]<\/p>\n","protected":false},"author":332,"featured_media":0,"parent":0,"menu_order":0,"comment_status":"closed","ping_status":"closed","template":"","meta":{"footnotes":""},"class_list":["post-4066","page","type-page","status-publish","hentry"],"_links":{"self":[{"href":"https:\/\/www.ufpb.br\/pinacoteca\/wp-json\/wp\/v2\/pages\/4066","targetHints":{"allow":["GET"]}}],"collection":[{"href":"https:\/\/www.ufpb.br\/pinacoteca\/wp-json\/wp\/v2\/pages"}],"about":[{"href":"https:\/\/www.ufpb.br\/pinacoteca\/wp-json\/wp\/v2\/types\/page"}],"author":[{"embeddable":true,"href":"https:\/\/www.ufpb.br\/pinacoteca\/wp-json\/wp\/v2\/users\/332"}],"replies":[{"embeddable":true,"href":"https:\/\/www.ufpb.br\/pinacoteca\/wp-json\/wp\/v2\/comments?post=4066"}],"version-history":[{"count":1,"href":"https:\/\/www.ufpb.br\/pinacoteca\/wp-json\/wp\/v2\/pages\/4066\/revisions"}],"predecessor-version":[{"id":4069,"href":"https:\/\/www.ufpb.br\/pinacoteca\/wp-json\/wp\/v2\/pages\/4066\/revisions\/4069"}],"wp:attachment":[{"href":"https:\/\/www.ufpb.br\/pinacoteca\/wp-json\/wp\/v2\/media?parent=4066"}],"curies":[{"name":"wp","href":"https:\/\/api.w.org\/{rel}","templated":true}]}}

<hr class="wp-block-separator has-alpha-channel-opacity" />



<p>Wagner Porto Cruz, conhecido como Mestre Wagner Porto, é um artista multidisciplinar de Olinda (PE), nascido em 1975. Atualmente vive em Garanhuns, onde mantém seu ateliê. Influenciado pela mãe costureira, começou a pintar tecidos e cerâmicas ainda criança, vendendo suas peças em Olinda.</p>



<p>Aos 12 anos, descobriu sua paixão pelos mamulengos, arte que envolve escultura, pintura, costura, música, teatro e dança, o que torna seu trabalho muito diverso e dinâmico.</p>



<p>Hoje, suas obras estão presentes na Fenearte, no Centro do Artesanato do Recife e em seu ateliê em Garanhuns, onde continua produzindo.</p>



<div style="height:11px" aria-hidden="true" class="wp-block-spacer"></div>



<h2 class="wp-block-heading"><div class="linha-header">Obras: </div></h2>



<figure class="wp-block-image size-full"><img loading="lazy" decoding="async" width="418" height="461" src="https://www.ufpb.br/pinacoteca/wp-content/uploads/sites/79/sites/210/2026/03/image-92.png" alt="" class="wp-image-4068" srcset="https://www.ufpb.br/pinacoteca/wp-content/uploads/sites/79/sites/210/2026/03/image-92.png 418w, https://www.ufpb.br/pinacoteca/wp-content/uploads/sites/79/sites/210/2026/03/image-92-272x300.png 272w" sizes="auto, (max-width: 418px) 100vw, 418px" /><figcaption class="wp-element-caption"><strong>São Jorginho da Viola</strong>, 2018. Técnica: Xilogravura. Dimensões: 41 X 38cm. Doação feita por Gabriel Bechara Filho.</figcaption></figure>



<div style="height:7px" aria-hidden="true" class="wp-block-spacer"></div>



<p></p>

<p>Wagner Porto Cruz, conhecido como Mestre Wagner Porto, é um artista multidisciplinar de Olinda (PE), [&hellip;]</p>
