{"id":4072,"date":"2026-03-31T09:36:24","date_gmt":"2026-03-31T12:36:24","guid":{"rendered":"https:\/\/www.ufpb.br\/pinacoteca\/?page_id=4072"},"modified":"2026-04-06T10:58:22","modified_gmt":"2026-04-06T13:58:22","slug":"marcelo-soares","status":"publish","type":"page","link":"https:\/\/www.ufpb.br\/pinacoteca\/marcelo-soares\/","title":{"rendered":"Marcelo Soares"},"content":{"rendered":"\n<hr class=\"wp-block-separator has-alpha-channel-opacity\" \/>\n\n\n\n<p><\/p>\n\n\n\n<p>Nascido em 23 de dezembro de 1955, em Olinda, PE. \u00c9 um renomado desenhista e gravador brasileiro. Iniciou sua carreira na arte da gravura em 1974, fazendo capas para folhetos de cordel, incentivado por seu pai, o poeta Jos\u00e9 Soares. Com o tempo, expandiu suas atividades para incluir desenhos, pinturas, capas e ilustra\u00e7\u00f5es para livros, discos e cartazes de eventos, mantendo seu ateli\u00ea em Timba\u00faba.<br>Marcelo tamb\u00e9m colaborou com importantes publica\u00e7\u00f5es como O Pasquim e O Globo, al\u00e9m de realizar ilustra\u00e7\u00f5es para v\u00e1rias editoras. Seu trabalho \u00e9 um reflexo da cultura nordestina e da arte popular brasileira, destacando-se pela versatilidade e relev\u00e2ncia no cen\u00e1rio art\u00edstico.<\/p>\n\n\n\n<div style=\"height:16px\" aria-hidden=\"true\" class=\"wp-block-spacer\"><\/div>\n\n\n\n<h2 class=\"wp-block-heading\"><div class=\"linha-header\">Obras:<\/div><\/h2>\n\n\n\n<div style=\"height:7px\" aria-hidden=\"true\" class=\"wp-block-spacer\"><\/div>\n\n\n\n<figure class=\"wp-block-image size-full\"><img loading=\"lazy\" decoding=\"async\" width=\"354\" height=\"475\" src=\"https:\/\/www.ufpb.br\/pinacoteca\/wp-content\/uploads\/sites\/79\/sites\/210\/2026\/03\/image-93.png\" alt=\"\" class=\"wp-image-4073\" srcset=\"https:\/\/www.ufpb.br\/pinacoteca\/wp-content\/uploads\/sites\/79\/sites\/210\/2026\/03\/image-93.png 354w, https:\/\/www.ufpb.br\/pinacoteca\/wp-content\/uploads\/sites\/79\/sites\/210\/2026\/03\/image-93-224x300.png 224w\" sizes=\"auto, (max-width: 354px) 100vw, 354px\" \/><figcaption class=\"wp-element-caption\"><strong>Cavaleiro Marinho<\/strong>, 1988. T\u00e9cnica: Xilogravura. Dimens\u00f5es: 43 X 32cm. P.A. Doa\u00e7\u00e3o feita por Gabriel Bechara Filho. <\/figcaption><\/figure>\n\n\n\n<p><\/p>\n","protected":false},"excerpt":{"rendered":"<p>Nascido em 23 de dezembro de 1955, em Olinda, PE. \u00c9 um renomado desenhista e [&hellip;]<\/p>\n","protected":false},"author":332,"featured_media":0,"parent":0,"menu_order":0,"comment_status":"closed","ping_status":"closed","template":"","meta":{"footnotes":""},"class_list":["post-4072","page","type-page","status-publish","hentry"],"_links":{"self":[{"href":"https:\/\/www.ufpb.br\/pinacoteca\/wp-json\/wp\/v2\/pages\/4072","targetHints":{"allow":["GET"]}}],"collection":[{"href":"https:\/\/www.ufpb.br\/pinacoteca\/wp-json\/wp\/v2\/pages"}],"about":[{"href":"https:\/\/www.ufpb.br\/pinacoteca\/wp-json\/wp\/v2\/types\/page"}],"author":[{"embeddable":true,"href":"https:\/\/www.ufpb.br\/pinacoteca\/wp-json\/wp\/v2\/users\/332"}],"replies":[{"embeddable":true,"href":"https:\/\/www.ufpb.br\/pinacoteca\/wp-json\/wp\/v2\/comments?post=4072"}],"version-history":[{"count":3,"href":"https:\/\/www.ufpb.br\/pinacoteca\/wp-json\/wp\/v2\/pages\/4072\/revisions"}],"predecessor-version":[{"id":4229,"href":"https:\/\/www.ufpb.br\/pinacoteca\/wp-json\/wp\/v2\/pages\/4072\/revisions\/4229"}],"wp:attachment":[{"href":"https:\/\/www.ufpb.br\/pinacoteca\/wp-json\/wp\/v2\/media?parent=4072"}],"curies":[{"name":"wp","href":"https:\/\/api.w.org\/{rel}","templated":true}]}}

<hr class="wp-block-separator has-alpha-channel-opacity" />



<p></p>



<p>Nascido em 23 de dezembro de 1955, em Olinda, PE. É um renomado desenhista e gravador brasileiro. Iniciou sua carreira na arte da gravura em 1974, fazendo capas para folhetos de cordel, incentivado por seu pai, o poeta José Soares. Com o tempo, expandiu suas atividades para incluir desenhos, pinturas, capas e ilustrações para livros, discos e cartazes de eventos, mantendo seu ateliê em Timbaúba.<br>Marcelo também colaborou com importantes publicações como O Pasquim e O Globo, além de realizar ilustrações para várias editoras. Seu trabalho é um reflexo da cultura nordestina e da arte popular brasileira, destacando-se pela versatilidade e relevância no cenário artístico.</p>



<div style="height:16px" aria-hidden="true" class="wp-block-spacer"></div>



<h2 class="wp-block-heading"><div class="linha-header">Obras:</div></h2>



<div style="height:7px" aria-hidden="true" class="wp-block-spacer"></div>



<figure class="wp-block-image size-full"><img loading="lazy" decoding="async" width="354" height="475" src="https://www.ufpb.br/pinacoteca/wp-content/uploads/sites/79/sites/210/2026/03/image-93.png" alt="" class="wp-image-4073" srcset="https://www.ufpb.br/pinacoteca/wp-content/uploads/sites/79/sites/210/2026/03/image-93.png 354w, https://www.ufpb.br/pinacoteca/wp-content/uploads/sites/79/sites/210/2026/03/image-93-224x300.png 224w" sizes="auto, (max-width: 354px) 100vw, 354px" /><figcaption class="wp-element-caption"><strong>Cavaleiro Marinho</strong>, 1988. Técnica: Xilogravura. Dimensões: 43 X 32cm. P.A. Doação feita por Gabriel Bechara Filho. </figcaption></figure>



<p></p>

<p>Nascido em 23 de dezembro de 1955, em Olinda, PE. É um renomado desenhista e [&hellip;]</p>
