{"id":4076,"date":"2026-03-31T09:44:23","date_gmt":"2026-03-31T12:44:23","guid":{"rendered":"https:\/\/www.ufpb.br\/pinacoteca\/?page_id=4076"},"modified":"2026-03-31T09:44:23","modified_gmt":"2026-03-31T12:44:23","slug":"luiz-hernandez-perez","status":"publish","type":"page","link":"https:\/\/www.ufpb.br\/pinacoteca\/luiz-hernandez-perez\/","title":{"rendered":"Lu\u00edz Hernandez P\u00e9rez"},"content":{"rendered":"\n<hr class=\"wp-block-separator has-alpha-channel-opacity\" \/>\n\n\n\n<p>Artista visual origin\u00e1rio da zona norte de San Crist\u00f3bal de las Casas, Chiapas; formado na Universidade de Ci\u00eancias e Artes de Chiapas (UNICACH) em 2015. Aos 29 anos, transmite em sua obra diferentes cenas cotidianas que podem ser observadas na sociedade, reinterpretando e usando-as como pretexto para realizar uma obra gr\u00e1fica ou pict\u00f3rica, com o objetivo de transmitir uma mensagem sobre o que acontece nas ruas da comunidade ou simplesmente expressar uma ideia atrav\u00e9s de alguma t\u00e9cnica visual. Preocupado com a educa\u00e7\u00e3o da cultura em seu munic\u00edpio, ele se dedicou a dar aulas de desenho e pintura em centros culturais de sua localidade desde 2016. Atualmente, est\u00e1 trabalhando na Casa de Cultura do Centro Cultural El Carmen como professor de desenho, pintura e serigrafia. Entre as diferentes t\u00e9cnicas que domina e utiliza em sua obra est\u00e3o: na pintura (\u00f3leo, acr\u00edlico, aerografia, aerosol), desenho (carv\u00e3o, l\u00e1pis), gravura (lin\u00f3leo), serigrafia (textil, papel).<\/p>\n\n\n\n<div style=\"height:13px\" aria-hidden=\"true\" class=\"wp-block-spacer\"><\/div>\n\n\n\n<h2 class=\"wp-block-heading\"><div class=\"linha-header\">Obras:<\/div><\/h2>\n\n\n\n<div style=\"height:6px\" aria-hidden=\"true\" class=\"wp-block-spacer\"><\/div>\n\n\n\n<figure class=\"wp-block-image size-full is-resized\"><img loading=\"lazy\" decoding=\"async\" width=\"424\" height=\"308\" src=\"https:\/\/www.ufpb.br\/pinacoteca\/wp-content\/uploads\/sites\/79\/sites\/210\/2026\/03\/image-94.png\" alt=\"\" class=\"wp-image-4078\" style=\"aspect-ratio:1.3766424838922429;width:444px;height:auto\" srcset=\"https:\/\/www.ufpb.br\/pinacoteca\/wp-content\/uploads\/sites\/79\/sites\/210\/2026\/03\/image-94.png 424w, https:\/\/www.ufpb.br\/pinacoteca\/wp-content\/uploads\/sites\/79\/sites\/210\/2026\/03\/image-94-300x218.png 300w\" sizes=\"auto, (max-width: 424px) 100vw, 424px\" \/><figcaption class=\"wp-element-caption\"><strong>OPUS MAGNUM<\/strong>, 2023. T\u00e9cnica: Serigrafia. Dimens\u00f5es: 50 X 73cm. Doa\u00e7\u00e3o de Gabriel Bechara Filho. <\/figcaption><\/figure>\n\n\n\n<p><\/p>\n","protected":false},"excerpt":{"rendered":"<p>Artista visual origin\u00e1rio da zona norte de San Crist\u00f3bal de las Casas, Chiapas; formado na [&hellip;]<\/p>\n","protected":false},"author":332,"featured_media":0,"parent":0,"menu_order":0,"comment_status":"closed","ping_status":"closed","template":"","meta":{"footnotes":""},"class_list":["post-4076","page","type-page","status-publish","hentry"],"_links":{"self":[{"href":"https:\/\/www.ufpb.br\/pinacoteca\/wp-json\/wp\/v2\/pages\/4076","targetHints":{"allow":["GET"]}}],"collection":[{"href":"https:\/\/www.ufpb.br\/pinacoteca\/wp-json\/wp\/v2\/pages"}],"about":[{"href":"https:\/\/www.ufpb.br\/pinacoteca\/wp-json\/wp\/v2\/types\/page"}],"author":[{"embeddable":true,"href":"https:\/\/www.ufpb.br\/pinacoteca\/wp-json\/wp\/v2\/users\/332"}],"replies":[{"embeddable":true,"href":"https:\/\/www.ufpb.br\/pinacoteca\/wp-json\/wp\/v2\/comments?post=4076"}],"version-history":[{"count":1,"href":"https:\/\/www.ufpb.br\/pinacoteca\/wp-json\/wp\/v2\/pages\/4076\/revisions"}],"predecessor-version":[{"id":4079,"href":"https:\/\/www.ufpb.br\/pinacoteca\/wp-json\/wp\/v2\/pages\/4076\/revisions\/4079"}],"wp:attachment":[{"href":"https:\/\/www.ufpb.br\/pinacoteca\/wp-json\/wp\/v2\/media?parent=4076"}],"curies":[{"name":"wp","href":"https:\/\/api.w.org\/{rel}","templated":true}]}}

Luíz Hernandez Pérez

<hr class="wp-block-separator has-alpha-channel-opacity" />



<p>Artista visual originário da zona norte de San Cristóbal de las Casas, Chiapas; formado na Universidade de Ciências e Artes de Chiapas (UNICACH) em 2015. Aos 29 anos, transmite em sua obra diferentes cenas cotidianas que podem ser observadas na sociedade, reinterpretando e usando-as como pretexto para realizar uma obra gráfica ou pictórica, com o objetivo de transmitir uma mensagem sobre o que acontece nas ruas da comunidade ou simplesmente expressar uma ideia através de alguma técnica visual. Preocupado com a educação da cultura em seu município, ele se dedicou a dar aulas de desenho e pintura em centros culturais de sua localidade desde 2016. Atualmente, está trabalhando na Casa de Cultura do Centro Cultural El Carmen como professor de desenho, pintura e serigrafia. Entre as diferentes técnicas que domina e utiliza em sua obra estão: na pintura (óleo, acrílico, aerografia, aerosol), desenho (carvão, lápis), gravura (linóleo), serigrafia (textil, papel).</p>



<div style="height:13px" aria-hidden="true" class="wp-block-spacer"></div>



<h2 class="wp-block-heading"><div class="linha-header">Obras:</div></h2>



<div style="height:6px" aria-hidden="true" class="wp-block-spacer"></div>



<figure class="wp-block-image size-full is-resized"><img loading="lazy" decoding="async" width="424" height="308" src="https://www.ufpb.br/pinacoteca/wp-content/uploads/sites/79/sites/210/2026/03/image-94.png" alt="" class="wp-image-4078" style="aspect-ratio:1.3766424838922429;width:444px;height:auto" srcset="https://www.ufpb.br/pinacoteca/wp-content/uploads/sites/79/sites/210/2026/03/image-94.png 424w, https://www.ufpb.br/pinacoteca/wp-content/uploads/sites/79/sites/210/2026/03/image-94-300x218.png 300w" sizes="auto, (max-width: 424px) 100vw, 424px" /><figcaption class="wp-element-caption"><strong>OPUS MAGNUM</strong>, 2023. Técnica: Serigrafia. Dimensões: 50 X 73cm. Doação de Gabriel Bechara Filho. </figcaption></figure>



<p></p>

<p>Artista visual originário da zona norte de San Cristóbal de las Casas, Chiapas; formado na [&hellip;]</p>
