{"id":4114,"date":"2026-03-31T10:38:10","date_gmt":"2026-03-31T13:38:10","guid":{"rendered":"https:\/\/www.ufpb.br\/pinacoteca\/?page_id=4114"},"modified":"2026-03-31T10:38:10","modified_gmt":"2026-03-31T13:38:10","slug":"mario-simoes","status":"publish","type":"page","link":"https:\/\/www.ufpb.br\/pinacoteca\/mario-simoes\/","title":{"rendered":"M\u00e1rio Sim\u00f5es"},"content":{"rendered":"\n<hr class=\"wp-block-separator has-alpha-channel-opacity\" \/>\n\n\n\n<p><\/p>\n\n\n\n<p>M\u00e1rio Sim\u00f5es \u00e9 um artista visual brasileiro que trabalha com instala\u00e7\u00f5es, fotografia e interven\u00e7\u00f5es gr\u00e1ficas. Suas obras abordam temas como afeto, identidade e pol\u00edtica. Participou de exposi\u00e7\u00f5es importantes como o Panorama da Arte Brasileira no MAM-SP e o Ita\u00fa Rumos Artes Visuais. Tamb\u00e9m atua como pesquisador em literatura e cultura pela UFPB.<\/p>\n\n\n\n<div style=\"height:13px\" aria-hidden=\"true\" class=\"wp-block-spacer\"><\/div>\n\n\n\n<h2 class=\"wp-block-heading\"><div class=\"linha-header\">Obras:<\/div><\/h2>\n\n\n\n<div style=\"height:9px\" aria-hidden=\"true\" class=\"wp-block-spacer\"><\/div>\n\n\n\n<figure class=\"wp-block-image size-full is-resized\"><img loading=\"lazy\" decoding=\"async\" width=\"396\" height=\"421\" src=\"https:\/\/www.ufpb.br\/pinacoteca\/wp-content\/uploads\/sites\/79\/sites\/210\/2026\/03\/image-103.png\" alt=\"\" class=\"wp-image-4115\" style=\"aspect-ratio:0.940650285799124;width:429px;height:auto\" srcset=\"https:\/\/www.ufpb.br\/pinacoteca\/wp-content\/uploads\/sites\/79\/sites\/210\/2026\/03\/image-103.png 396w, https:\/\/www.ufpb.br\/pinacoteca\/wp-content\/uploads\/sites\/79\/sites\/210\/2026\/03\/image-103-282x300.png 282w\" sizes=\"auto, (max-width: 396px) 100vw, 396px\" \/><figcaption class=\"wp-element-caption\"><strong>Mem\u00f3rias,<\/strong> 1997. T\u00e9cnica: Acr\u00edlica sob tela. Dimens\u00f5es: 100 X 100cm. Doa\u00e7\u00e3o da fam\u00edlia.<\/figcaption><\/figure>\n","protected":false},"excerpt":{"rendered":"<p>M\u00e1rio Sim\u00f5es \u00e9 um artista visual brasileiro que trabalha com instala\u00e7\u00f5es, fotografia e interven\u00e7\u00f5es gr\u00e1ficas. [&hellip;]<\/p>\n","protected":false},"author":332,"featured_media":0,"parent":0,"menu_order":0,"comment_status":"closed","ping_status":"closed","template":"","meta":{"footnotes":""},"class_list":["post-4114","page","type-page","status-publish","hentry"],"_links":{"self":[{"href":"https:\/\/www.ufpb.br\/pinacoteca\/wp-json\/wp\/v2\/pages\/4114","targetHints":{"allow":["GET"]}}],"collection":[{"href":"https:\/\/www.ufpb.br\/pinacoteca\/wp-json\/wp\/v2\/pages"}],"about":[{"href":"https:\/\/www.ufpb.br\/pinacoteca\/wp-json\/wp\/v2\/types\/page"}],"author":[{"embeddable":true,"href":"https:\/\/www.ufpb.br\/pinacoteca\/wp-json\/wp\/v2\/users\/332"}],"replies":[{"embeddable":true,"href":"https:\/\/www.ufpb.br\/pinacoteca\/wp-json\/wp\/v2\/comments?post=4114"}],"version-history":[{"count":1,"href":"https:\/\/www.ufpb.br\/pinacoteca\/wp-json\/wp\/v2\/pages\/4114\/revisions"}],"predecessor-version":[{"id":4116,"href":"https:\/\/www.ufpb.br\/pinacoteca\/wp-json\/wp\/v2\/pages\/4114\/revisions\/4116"}],"wp:attachment":[{"href":"https:\/\/www.ufpb.br\/pinacoteca\/wp-json\/wp\/v2\/media?parent=4114"}],"curies":[{"name":"wp","href":"https:\/\/api.w.org\/{rel}","templated":true}]}}

Mário Simões

<hr class="wp-block-separator has-alpha-channel-opacity" />



<p></p>



<p>Mário Simões é um artista visual brasileiro que trabalha com instalações, fotografia e intervenções gráficas. Suas obras abordam temas como afeto, identidade e política. Participou de exposições importantes como o Panorama da Arte Brasileira no MAM-SP e o Itaú Rumos Artes Visuais. Também atua como pesquisador em literatura e cultura pela UFPB.</p>



<div style="height:13px" aria-hidden="true" class="wp-block-spacer"></div>



<h2 class="wp-block-heading"><div class="linha-header">Obras:</div></h2>



<div style="height:9px" aria-hidden="true" class="wp-block-spacer"></div>



<figure class="wp-block-image size-full is-resized"><img loading="lazy" decoding="async" width="396" height="421" src="https://www.ufpb.br/pinacoteca/wp-content/uploads/sites/79/sites/210/2026/03/image-103.png" alt="" class="wp-image-4115" style="aspect-ratio:0.940650285799124;width:429px;height:auto" srcset="https://www.ufpb.br/pinacoteca/wp-content/uploads/sites/79/sites/210/2026/03/image-103.png 396w, https://www.ufpb.br/pinacoteca/wp-content/uploads/sites/79/sites/210/2026/03/image-103-282x300.png 282w" sizes="auto, (max-width: 396px) 100vw, 396px" /><figcaption class="wp-element-caption"><strong>Memórias,</strong> 1997. Técnica: Acrílica sob tela. Dimensões: 100 X 100cm. Doação da família.</figcaption></figure>

<p>Mário Simões é um artista visual brasileiro que trabalha com instalações, fotografia e intervenções gráficas. [&hellip;]</p>
