{"id":4238,"date":"2026-04-06T11:30:58","date_gmt":"2026-04-06T14:30:58","guid":{"rendered":"https:\/\/www.ufpb.br\/pinacoteca\/?page_id=4238"},"modified":"2026-04-08T09:05:21","modified_gmt":"2026-04-08T12:05:21","slug":"antonio-david-diniz","status":"publish","type":"page","link":"https:\/\/www.ufpb.br\/pinacoteca\/antonio-david-diniz\/","title":{"rendered":"Ant\u00f4nio David Diniz"},"content":{"rendered":"\n<hr class=\"wp-block-separator has-alpha-channel-opacity\" \/>\n\n\n\n<p><\/p>\n\n\n\n<p>Natural de Tapero\u00e1 &#8211; PB (1955), vive e trabalha atualmente em Jo\u00e3o Pessoa, o artista paraibano se tornou conhecido nas \u00e1reas de reportagem e fotografias. O in\u00edcio de sua trajet\u00f3ria na fotografia acontece com seu pai, Greg\u00f3rio Diniz, com quem aprendeu as t\u00e9cnicas na \u00e1rea que passou mais de duas d\u00e9cadas trabalhando nos jornais da capital paraibana como O norte (1975-1976), O momento (1985-1986) e A Uni\u00e3o (1977-1994), onde registrou diversos acontecimentos pol\u00edticos, culturais e sociais. Nesse per\u00edodo em que trabalhou nos jornais, obteve conhecimento na \u00e1rea em intera\u00e7\u00f5es com colegas e pelos ensinamentos di\u00e1rios como professor, entrou como membro do Sindicato dos Jornalistas Profissionais-PB juntamente a Associa\u00e7\u00e3o Paraibana de Imprensa &#8211; API, al\u00e9m de ter sido professor de fotojornalismo na Universidade federal da Para\u00edba (UFPB) entre 1991 e 1992. Ap\u00f3s isso, assumiu posi\u00e7\u00e3o como coordenador de fotografia pela Secom do Governo do Estado da Para\u00edba entre 1995 a 2006 e como gerente executivo de fotografia em 2009.<\/p>\n\n\n\n<p><br>Durante sua trajet\u00f3ria foi premiado como no projeto \u201cLambe-lambe\u201d pela Ag\u00eancia Ensaio em 2002, o Pr\u00eamio Nacional de 1o Lugar do 8o concurso Leica pela Revista Fotografe Melhor em 2011 e o pr\u00eamio Aquisi\u00e7\u00e3o do Sal\u00e3o de Artes Visuais (2013) Sesc-PB, al\u00e9m dos dois livros sobre sua trajet\u00f3ria e obras, \u201cAntonio David 30 anos de Fotojornalismo\u201d em 2007 e \u201cO Ser e o Mar\u201d em 2014.<\/p>\n\n\n\n<p><br>Suas produ\u00e7\u00f5es envolvem uma perspic\u00e1cia pl\u00e1stica, arraigada na busca da natureza por figuras abstratas, criadas na mar\u00e9 baixa, das areias da Ponta do Seixas, o artista busca na terra e observa pontos que possam passar despercebidos por banhistas e outras pessoas de passagem. Suas exposi\u00e7\u00f5es se espalham pelo Estado da Para\u00edba como na Galeria Gamela (1993), Alian\u00e7a Francesa (1998), Centro Cultural S\u00e3o Francisco (2000), Funesc (1995), IV SAMAP no NAC\/ UFPB (1994), Sesc PB (2003) al\u00e9m de outras galerias. O artista tamb\u00e9m est\u00e1 presente em outros estados como Pernambuco e Minas Gerais, como no Centro Cultural da UFMG (1999), Centro de Conven\u00e7\u00f5es de Recife (1994), Unama-PA (2000) e outras galerias. Al\u00e9m disso o artista tem obras no acervo do Museu da Imagina\u00e7\u00e3o, localizado em S\u00e3o Paulo. <\/p>\n\n\n\n<p><\/p>\n\n\n\n<h2 class=\"wp-block-heading\"><div class=\"linha-header\">Obras<\/div><\/h2>\n\n\n\n<figure class=\"wp-block-image size-full\"><img loading=\"lazy\" decoding=\"async\" width=\"743\" height=\"508\" src=\"https:\/\/www.ufpb.br\/pinacoteca\/wp-content\/uploads\/sites\/79\/sites\/210\/2026\/04\/image-16.png\" alt=\"\" class=\"wp-image-4240\" srcset=\"https:\/\/www.ufpb.br\/pinacoteca\/wp-content\/uploads\/sites\/79\/sites\/210\/2026\/04\/image-16.png 743w, https:\/\/www.ufpb.br\/pinacoteca\/wp-content\/uploads\/sites\/79\/sites\/210\/2026\/04\/image-16-300x205.png 300w\" sizes=\"auto, (max-width: 743px) 100vw, 743px\" \/><figcaption class=\"wp-element-caption\">&#8220;<strong>O pescador solit\u00e1rio<\/strong>&#8220;, 2007. T\u00e9cnica: Impress\u00e3o fotogr\u00e1fica, pigmento mineral s\/ papel 100% algod\u00e3o. Dimens\u00f5es: 51 X 76,4cm. Doa\u00e7\u00e3o feita em conjunto pelo artista e Gabriel Bechara Filho. <\/figcaption><\/figure>\n","protected":false},"excerpt":{"rendered":"<p>Natural de Tapero\u00e1 &#8211; PB (1955), vive e trabalha atualmente em Jo\u00e3o Pessoa, o artista [&hellip;]<\/p>\n","protected":false},"author":332,"featured_media":0,"parent":0,"menu_order":0,"comment_status":"closed","ping_status":"closed","template":"","meta":{"footnotes":""},"class_list":["post-4238","page","type-page","status-publish","hentry"],"_links":{"self":[{"href":"https:\/\/www.ufpb.br\/pinacoteca\/wp-json\/wp\/v2\/pages\/4238","targetHints":{"allow":["GET"]}}],"collection":[{"href":"https:\/\/www.ufpb.br\/pinacoteca\/wp-json\/wp\/v2\/pages"}],"about":[{"href":"https:\/\/www.ufpb.br\/pinacoteca\/wp-json\/wp\/v2\/types\/page"}],"author":[{"embeddable":true,"href":"https:\/\/www.ufpb.br\/pinacoteca\/wp-json\/wp\/v2\/users\/332"}],"replies":[{"embeddable":true,"href":"https:\/\/www.ufpb.br\/pinacoteca\/wp-json\/wp\/v2\/comments?post=4238"}],"version-history":[{"count":2,"href":"https:\/\/www.ufpb.br\/pinacoteca\/wp-json\/wp\/v2\/pages\/4238\/revisions"}],"predecessor-version":[{"id":4262,"href":"https:\/\/www.ufpb.br\/pinacoteca\/wp-json\/wp\/v2\/pages\/4238\/revisions\/4262"}],"wp:attachment":[{"href":"https:\/\/www.ufpb.br\/pinacoteca\/wp-json\/wp\/v2\/media?parent=4238"}],"curies":[{"name":"wp","href":"https:\/\/api.w.org\/{rel}","templated":true}]}}

Antônio David Diniz

<hr class="wp-block-separator has-alpha-channel-opacity" />



<p></p>



<p>Natural de Taperoá &#8211; PB (1955), vive e trabalha atualmente em João Pessoa, o artista paraibano se tornou conhecido nas áreas de reportagem e fotografias. O início de sua trajetória na fotografia acontece com seu pai, Gregório Diniz, com quem aprendeu as técnicas na área que passou mais de duas décadas trabalhando nos jornais da capital paraibana como O norte (1975-1976), O momento (1985-1986) e A União (1977-1994), onde registrou diversos acontecimentos políticos, culturais e sociais. Nesse período em que trabalhou nos jornais, obteve conhecimento na área em interações com colegas e pelos ensinamentos diários como professor, entrou como membro do Sindicato dos Jornalistas Profissionais-PB juntamente a Associação Paraibana de Imprensa &#8211; API, além de ter sido professor de fotojornalismo na Universidade federal da Paraíba (UFPB) entre 1991 e 1992. Após isso, assumiu posição como coordenador de fotografia pela Secom do Governo do Estado da Paraíba entre 1995 a 2006 e como gerente executivo de fotografia em 2009.</p>



<p><br>Durante sua trajetória foi premiado como no projeto “Lambe-lambe” pela Agência Ensaio em 2002, o Prêmio Nacional de 1o Lugar do 8o concurso Leica pela Revista Fotografe Melhor em 2011 e o prêmio Aquisição do Salão de Artes Visuais (2013) Sesc-PB, além dos dois livros sobre sua trajetória e obras, “Antonio David 30 anos de Fotojornalismo” em 2007 e “O Ser e o Mar” em 2014.</p>



<p><br>Suas produções envolvem uma perspicácia plástica, arraigada na busca da natureza por figuras abstratas, criadas na maré baixa, das areias da Ponta do Seixas, o artista busca na terra e observa pontos que possam passar despercebidos por banhistas e outras pessoas de passagem. Suas exposições se espalham pelo Estado da Paraíba como na Galeria Gamela (1993), Aliança Francesa (1998), Centro Cultural São Francisco (2000), Funesc (1995), IV SAMAP no NAC/ UFPB (1994), Sesc PB (2003) além de outras galerias. O artista também está presente em outros estados como Pernambuco e Minas Gerais, como no Centro Cultural da UFMG (1999), Centro de Convenções de Recife (1994), Unama-PA (2000) e outras galerias. Além disso o artista tem obras no acervo do Museu da Imaginação, localizado em São Paulo. </p>



<p></p>



<h2 class="wp-block-heading"><div class="linha-header">Obras</div></h2>



<figure class="wp-block-image size-full"><img loading="lazy" decoding="async" width="743" height="508" src="https://www.ufpb.br/pinacoteca/wp-content/uploads/sites/79/sites/210/2026/04/image-16.png" alt="" class="wp-image-4240" srcset="https://www.ufpb.br/pinacoteca/wp-content/uploads/sites/79/sites/210/2026/04/image-16.png 743w, https://www.ufpb.br/pinacoteca/wp-content/uploads/sites/79/sites/210/2026/04/image-16-300x205.png 300w" sizes="auto, (max-width: 743px) 100vw, 743px" /><figcaption class="wp-element-caption">&#8220;<strong>O pescador solitário</strong>&#8220;, 2007. Técnica: Impressão fotográfica, pigmento mineral s/ papel 100% algodão. Dimensões: 51 X 76,4cm. Doação feita em conjunto pelo artista e Gabriel Bechara Filho. </figcaption></figure>

<p>Natural de Taperoá &#8211; PB (1955), vive e trabalha atualmente em João Pessoa, o artista [&hellip;]</p>
