{"id":4263,"date":"2026-04-08T09:15:14","date_gmt":"2026-04-08T12:15:14","guid":{"rendered":"https:\/\/www.ufpb.br\/pinacoteca\/?page_id=4263"},"modified":"2026-04-08T09:15:14","modified_gmt":"2026-04-08T12:15:14","slug":"luci-sacoleira","status":"publish","type":"page","link":"https:\/\/www.ufpb.br\/pinacoteca\/luci-sacoleira\/","title":{"rendered":"Luci Sacoleira"},"content":{"rendered":"\n<hr class=\"wp-block-separator has-alpha-channel-opacity\" \/>\n\n\n\n<p><\/p>\n\n\n\n<p>Luci Sacoleira \u00e9 graduada em Arquitetura e Urbanismo pela Universidade Federal do Cear\u00e1 (UFC). Atua como artista visual desde 2011, ano em que lan\u00e7ou uma marca de bonecos de pano e outros trabalhos, a artista usa do desenho e da narrativa para seus projetos e tamb\u00e9m trabalha com a produ\u00e7\u00e3o de curtas de anima\u00e7\u00e3o e arte urbana. Luci j\u00e1 participou de projetos voltados para o campo da preserva\u00e7\u00e3o cultural, cursou Cinema de Anima\u00e7\u00e3o na Casa Amarela e de Escrita Criativa no Espa\u00e7o O Povo de Cultura e Arte (2013), a artista j\u00e1 ilustrou livros como: Menina Mandioca e Bichos de Nuvem e em 2021 teve seu livro Lengalenga publicado.<\/p>\n\n\n\n<div style=\"height:13px\" aria-hidden=\"true\" class=\"wp-block-spacer\"><\/div>\n\n\n\n<h2 class=\"wp-block-heading\"><div class=\"linha-header\">Obras<\/div><\/h2>\n\n\n\n<figure class=\"wp-block-image size-full\"><img loading=\"lazy\" decoding=\"async\" width=\"768\" height=\"1021\" src=\"https:\/\/www.ufpb.br\/pinacoteca\/wp-content\/uploads\/sites\/79\/sites\/210\/2026\/04\/image-18.png\" alt=\"\" class=\"wp-image-4265\" srcset=\"https:\/\/www.ufpb.br\/pinacoteca\/wp-content\/uploads\/sites\/79\/sites\/210\/2026\/04\/image-18.png 768w, https:\/\/www.ufpb.br\/pinacoteca\/wp-content\/uploads\/sites\/79\/sites\/210\/2026\/04\/image-18-226x300.png 226w\" sizes=\"auto, (max-width: 768px) 100vw, 768px\" \/><figcaption class=\"wp-element-caption\">Sem t\u00edtulo, s\/d. T\u00e9cnica: Desenho em nanquim. Dimens\u00f5es: 21 X 29,8cm. Doa\u00e7\u00e3o feita por Gabriel Bechara Filho. <\/figcaption><\/figure>\n","protected":false},"excerpt":{"rendered":"<p>Luci Sacoleira \u00e9 graduada em Arquitetura e Urbanismo pela Universidade Federal do Cear\u00e1 (UFC). Atua [&hellip;]<\/p>\n","protected":false},"author":332,"featured_media":0,"parent":0,"menu_order":0,"comment_status":"closed","ping_status":"closed","template":"","meta":{"footnotes":""},"class_list":["post-4263","page","type-page","status-publish","hentry"],"_links":{"self":[{"href":"https:\/\/www.ufpb.br\/pinacoteca\/wp-json\/wp\/v2\/pages\/4263","targetHints":{"allow":["GET"]}}],"collection":[{"href":"https:\/\/www.ufpb.br\/pinacoteca\/wp-json\/wp\/v2\/pages"}],"about":[{"href":"https:\/\/www.ufpb.br\/pinacoteca\/wp-json\/wp\/v2\/types\/page"}],"author":[{"embeddable":true,"href":"https:\/\/www.ufpb.br\/pinacoteca\/wp-json\/wp\/v2\/users\/332"}],"replies":[{"embeddable":true,"href":"https:\/\/www.ufpb.br\/pinacoteca\/wp-json\/wp\/v2\/comments?post=4263"}],"version-history":[{"count":1,"href":"https:\/\/www.ufpb.br\/pinacoteca\/wp-json\/wp\/v2\/pages\/4263\/revisions"}],"predecessor-version":[{"id":4266,"href":"https:\/\/www.ufpb.br\/pinacoteca\/wp-json\/wp\/v2\/pages\/4263\/revisions\/4266"}],"wp:attachment":[{"href":"https:\/\/www.ufpb.br\/pinacoteca\/wp-json\/wp\/v2\/media?parent=4263"}],"curies":[{"name":"wp","href":"https:\/\/api.w.org\/{rel}","templated":true}]}}

<hr class="wp-block-separator has-alpha-channel-opacity" />



<p></p>



<p>Luci Sacoleira é graduada em Arquitetura e Urbanismo pela Universidade Federal do Ceará (UFC). Atua como artista visual desde 2011, ano em que lançou uma marca de bonecos de pano e outros trabalhos, a artista usa do desenho e da narrativa para seus projetos e também trabalha com a produção de curtas de animação e arte urbana. Luci já participou de projetos voltados para o campo da preservação cultural, cursou Cinema de Animação na Casa Amarela e de Escrita Criativa no Espaço O Povo de Cultura e Arte (2013), a artista já ilustrou livros como: Menina Mandioca e Bichos de Nuvem e em 2021 teve seu livro Lengalenga publicado.</p>



<div style="height:13px" aria-hidden="true" class="wp-block-spacer"></div>



<h2 class="wp-block-heading"><div class="linha-header">Obras</div></h2>



<figure class="wp-block-image size-full"><img loading="lazy" decoding="async" width="768" height="1021" src="https://www.ufpb.br/pinacoteca/wp-content/uploads/sites/79/sites/210/2026/04/image-18.png" alt="" class="wp-image-4265" srcset="https://www.ufpb.br/pinacoteca/wp-content/uploads/sites/79/sites/210/2026/04/image-18.png 768w, https://www.ufpb.br/pinacoteca/wp-content/uploads/sites/79/sites/210/2026/04/image-18-226x300.png 226w" sizes="auto, (max-width: 768px) 100vw, 768px" /><figcaption class="wp-element-caption">Sem título, s/d. Técnica: Desenho em nanquim. Dimensões: 21 X 29,8cm. Doação feita por Gabriel Bechara Filho. </figcaption></figure>

<p>Luci Sacoleira é graduada em Arquitetura e Urbanismo pela Universidade Federal do Ceará (UFC). Atua [&hellip;]</p>
