{"id":4291,"date":"2026-04-08T10:08:56","date_gmt":"2026-04-08T13:08:56","guid":{"rendered":"https:\/\/www.ufpb.br\/pinacoteca\/?page_id=4291"},"modified":"2026-04-08T10:08:56","modified_gmt":"2026-04-08T13:08:56","slug":"molas-do-povo-guna","status":"publish","type":"page","link":"https:\/\/www.ufpb.br\/pinacoteca\/molas-do-povo-guna\/","title":{"rendered":"Molas do Povo Guna"},"content":{"rendered":"\n<hr class=\"wp-block-separator has-alpha-channel-opacity\" \/>\n\n\n\n<p><\/p>\n\n\n\n<p>As Molas s\u00e3o uma forma t\u00eaxtil em que se utilizam camadas de tecidos cortados e costurados para formar desenhos. Cada desenho em uma mola possui um significado que representa elementos da natureza, vida cotidiana e cren\u00e7as espirituais Guna. Acredita-se que essa arte tenha se originado por volta do s\u00e9culo XIX, surgindo a partir das pr\u00e1ticas ancestrais de pintura corporal. Os povos guna t\u00eam as molas como um meio de comunica\u00e7\u00e3o visual que narra hist\u00f3rias, expressam cren\u00e7as e celebram a vida. As mulheres Guna s\u00e3o as principais produtoras das molas e essa produ\u00e7\u00e3o intensifica o papel delas dentro da comunidade, os desenhos presentes nas molas s\u00e3o diversos e refletem a cosmovis\u00e3o Guna. Animais, padr\u00f5es geom\u00e9tricos, conceitos da natureza e conceitos espirituais s\u00e3o frequentemente utilizados para compor as artes estampadas nas molas.<\/p>\n\n\n\n<div style=\"height:22px\" aria-hidden=\"true\" class=\"wp-block-spacer\"><\/div>\n\n\n\n<h2 class=\"wp-block-heading\"><div class=\"linha-header\">Obras<\/div><\/h2>\n\n\n\n<figure class=\"wp-block-image size-large\"><img loading=\"lazy\" decoding=\"async\" width=\"770\" height=\"1024\" src=\"http:\/\/www.ufpb.br\/pinacoteca\/wp-content\/uploads\/sites\/79\/sites\/210\/2026\/04\/WhatsApp-Image-2026-04-06-at-08.56.30-770x1024.jpeg\" alt=\"\" class=\"wp-image-4186\" srcset=\"https:\/\/www.ufpb.br\/pinacoteca\/wp-content\/uploads\/sites\/79\/sites\/210\/2026\/04\/WhatsApp-Image-2026-04-06-at-08.56.30-770x1024.jpeg 770w, https:\/\/www.ufpb.br\/pinacoteca\/wp-content\/uploads\/sites\/79\/sites\/210\/2026\/04\/WhatsApp-Image-2026-04-06-at-08.56.30-226x300.jpeg 226w, https:\/\/www.ufpb.br\/pinacoteca\/wp-content\/uploads\/sites\/79\/sites\/210\/2026\/04\/WhatsApp-Image-2026-04-06-at-08.56.30-768x1021.jpeg 768w, https:\/\/www.ufpb.br\/pinacoteca\/wp-content\/uploads\/sites\/79\/sites\/210\/2026\/04\/WhatsApp-Image-2026-04-06-at-08.56.30.jpeg 963w\" sizes=\"auto, (max-width: 770px) 100vw, 770px\" \/><figcaption class=\"wp-element-caption\">Sem t\u00edtulo, s\/d. T\u00e9cnica: Bordado s\/ tecido. Dimens\u00f5es: 36 X 30cm. Doa\u00e7\u00e3o feita por Gabriel Bechara Filho. <\/figcaption><\/figure>\n\n\n\n<figure class=\"wp-block-image size-full is-resized\"><img loading=\"lazy\" decoding=\"async\" width=\"482\" height=\"362\" src=\"https:\/\/www.ufpb.br\/pinacoteca\/wp-content\/uploads\/sites\/79\/sites\/210\/2026\/04\/image-24.png\" alt=\"\" class=\"wp-image-4293\" style=\"aspect-ratio:1.3315060214960937;width:721px;height:auto\" srcset=\"https:\/\/www.ufpb.br\/pinacoteca\/wp-content\/uploads\/sites\/79\/sites\/210\/2026\/04\/image-24.png 482w, https:\/\/www.ufpb.br\/pinacoteca\/wp-content\/uploads\/sites\/79\/sites\/210\/2026\/04\/image-24-300x225.png 300w\" sizes=\"auto, (max-width: 482px) 100vw, 482px\" \/><figcaption class=\"wp-element-caption\">Sem t\u00edtulo, s\/d. Bordado s\/ tecido. 36cm X 30cm. Doa\u00e7\u00e3o feita por Gabriel Bechara Filho.<\/figcaption><\/figure>\n\n\n\n<figure class=\"wp-block-image size-full is-resized\"><img loading=\"lazy\" decoding=\"async\" width=\"442\" height=\"362\" src=\"https:\/\/www.ufpb.br\/pinacoteca\/wp-content\/uploads\/sites\/79\/sites\/210\/2026\/04\/image-25.png\" alt=\"\" class=\"wp-image-4294\" style=\"aspect-ratio:1.221004014330729;width:712px;height:auto\" srcset=\"https:\/\/www.ufpb.br\/pinacoteca\/wp-content\/uploads\/sites\/79\/sites\/210\/2026\/04\/image-25.png 442w, https:\/\/www.ufpb.br\/pinacoteca\/wp-content\/uploads\/sites\/79\/sites\/210\/2026\/04\/image-25-300x246.png 300w\" sizes=\"auto, (max-width: 442px) 100vw, 442px\" \/><figcaption class=\"wp-element-caption\">Sem t\u00edtulo, s\/d. Bordado s\/ tecido. 42cm X 30cm. Doa\u00e7\u00e3o feita por Gabriel Bechara Filho.<\/figcaption><\/figure>\n\n\n\n<figure class=\"wp-block-image size-full\"><img loading=\"lazy\" decoding=\"async\" width=\"768\" height=\"578\" src=\"https:\/\/www.ufpb.br\/pinacoteca\/wp-content\/uploads\/sites\/79\/sites\/210\/2026\/04\/image-26.png\" alt=\"\" class=\"wp-image-4295\" srcset=\"https:\/\/www.ufpb.br\/pinacoteca\/wp-content\/uploads\/sites\/79\/sites\/210\/2026\/04\/image-26.png 768w, https:\/\/www.ufpb.br\/pinacoteca\/wp-content\/uploads\/sites\/79\/sites\/210\/2026\/04\/image-26-300x226.png 300w\" sizes=\"auto, (max-width: 768px) 100vw, 768px\" \/><figcaption class=\"wp-element-caption\">Sem t\u00edtulo, s\/d. Bordado s\/ tecido. 45cm X 34cm. Doa\u00e7\u00e3o feita por Gabriel Bechara Filho.<br><\/figcaption><\/figure>\n","protected":false},"excerpt":{"rendered":"<p>As Molas s\u00e3o uma forma t\u00eaxtil em que se utilizam camadas de tecidos cortados e [&hellip;]<\/p>\n","protected":false},"author":332,"featured_media":0,"parent":0,"menu_order":0,"comment_status":"closed","ping_status":"closed","template":"","meta":{"footnotes":""},"class_list":["post-4291","page","type-page","status-publish","hentry"],"_links":{"self":[{"href":"https:\/\/www.ufpb.br\/pinacoteca\/wp-json\/wp\/v2\/pages\/4291","targetHints":{"allow":["GET"]}}],"collection":[{"href":"https:\/\/www.ufpb.br\/pinacoteca\/wp-json\/wp\/v2\/pages"}],"about":[{"href":"https:\/\/www.ufpb.br\/pinacoteca\/wp-json\/wp\/v2\/types\/page"}],"author":[{"embeddable":true,"href":"https:\/\/www.ufpb.br\/pinacoteca\/wp-json\/wp\/v2\/users\/332"}],"replies":[{"embeddable":true,"href":"https:\/\/www.ufpb.br\/pinacoteca\/wp-json\/wp\/v2\/comments?post=4291"}],"version-history":[{"count":1,"href":"https:\/\/www.ufpb.br\/pinacoteca\/wp-json\/wp\/v2\/pages\/4291\/revisions"}],"predecessor-version":[{"id":4296,"href":"https:\/\/www.ufpb.br\/pinacoteca\/wp-json\/wp\/v2\/pages\/4291\/revisions\/4296"}],"wp:attachment":[{"href":"https:\/\/www.ufpb.br\/pinacoteca\/wp-json\/wp\/v2\/media?parent=4291"}],"curies":[{"name":"wp","href":"https:\/\/api.w.org\/{rel}","templated":true}]}}

<hr class="wp-block-separator has-alpha-channel-opacity" />



<p></p>



<p>As Molas são uma forma têxtil em que se utilizam camadas de tecidos cortados e costurados para formar desenhos. Cada desenho em uma mola possui um significado que representa elementos da natureza, vida cotidiana e crenças espirituais Guna. Acredita-se que essa arte tenha se originado por volta do século XIX, surgindo a partir das práticas ancestrais de pintura corporal. Os povos guna têm as molas como um meio de comunicação visual que narra histórias, expressam crenças e celebram a vida. As mulheres Guna são as principais produtoras das molas e essa produção intensifica o papel delas dentro da comunidade, os desenhos presentes nas molas são diversos e refletem a cosmovisão Guna. Animais, padrões geométricos, conceitos da natureza e conceitos espirituais são frequentemente utilizados para compor as artes estampadas nas molas.</p>



<div style="height:22px" aria-hidden="true" class="wp-block-spacer"></div>



<h2 class="wp-block-heading"><div class="linha-header">Obras</div></h2>



<figure class="wp-block-image size-large"><img loading="lazy" decoding="async" width="770" height="1024" src="http://www.ufpb.br/pinacoteca/wp-content/uploads/sites/79/sites/210/2026/04/WhatsApp-Image-2026-04-06-at-08.56.30-770x1024.jpeg" alt="" class="wp-image-4186" srcset="https://www.ufpb.br/pinacoteca/wp-content/uploads/sites/79/sites/210/2026/04/WhatsApp-Image-2026-04-06-at-08.56.30-770x1024.jpeg 770w, https://www.ufpb.br/pinacoteca/wp-content/uploads/sites/79/sites/210/2026/04/WhatsApp-Image-2026-04-06-at-08.56.30-226x300.jpeg 226w, https://www.ufpb.br/pinacoteca/wp-content/uploads/sites/79/sites/210/2026/04/WhatsApp-Image-2026-04-06-at-08.56.30-768x1021.jpeg 768w, https://www.ufpb.br/pinacoteca/wp-content/uploads/sites/79/sites/210/2026/04/WhatsApp-Image-2026-04-06-at-08.56.30.jpeg 963w" sizes="auto, (max-width: 770px) 100vw, 770px" /><figcaption class="wp-element-caption">Sem título, s/d. Técnica: Bordado s/ tecido. Dimensões: 36 X 30cm. Doação feita por Gabriel Bechara Filho. </figcaption></figure>



<figure class="wp-block-image size-full is-resized"><img loading="lazy" decoding="async" width="482" height="362" src="https://www.ufpb.br/pinacoteca/wp-content/uploads/sites/79/sites/210/2026/04/image-24.png" alt="" class="wp-image-4293" style="aspect-ratio:1.3315060214960937;width:721px;height:auto" srcset="https://www.ufpb.br/pinacoteca/wp-content/uploads/sites/79/sites/210/2026/04/image-24.png 482w, https://www.ufpb.br/pinacoteca/wp-content/uploads/sites/79/sites/210/2026/04/image-24-300x225.png 300w" sizes="auto, (max-width: 482px) 100vw, 482px" /><figcaption class="wp-element-caption">Sem título, s/d. Bordado s/ tecido. 36cm X 30cm. Doação feita por Gabriel Bechara Filho.</figcaption></figure>



<figure class="wp-block-image size-full is-resized"><img loading="lazy" decoding="async" width="442" height="362" src="https://www.ufpb.br/pinacoteca/wp-content/uploads/sites/79/sites/210/2026/04/image-25.png" alt="" class="wp-image-4294" style="aspect-ratio:1.221004014330729;width:712px;height:auto" srcset="https://www.ufpb.br/pinacoteca/wp-content/uploads/sites/79/sites/210/2026/04/image-25.png 442w, https://www.ufpb.br/pinacoteca/wp-content/uploads/sites/79/sites/210/2026/04/image-25-300x246.png 300w" sizes="auto, (max-width: 442px) 100vw, 442px" /><figcaption class="wp-element-caption">Sem título, s/d. Bordado s/ tecido. 42cm X 30cm. Doação feita por Gabriel Bechara Filho.</figcaption></figure>



<figure class="wp-block-image size-full"><img loading="lazy" decoding="async" width="768" height="578" src="https://www.ufpb.br/pinacoteca/wp-content/uploads/sites/79/sites/210/2026/04/image-26.png" alt="" class="wp-image-4295" srcset="https://www.ufpb.br/pinacoteca/wp-content/uploads/sites/79/sites/210/2026/04/image-26.png 768w, https://www.ufpb.br/pinacoteca/wp-content/uploads/sites/79/sites/210/2026/04/image-26-300x226.png 300w" sizes="auto, (max-width: 768px) 100vw, 768px" /><figcaption class="wp-element-caption">Sem título, s/d. Bordado s/ tecido. 45cm X 34cm. Doação feita por Gabriel Bechara Filho.<br></figcaption></figure>

<p>As Molas são uma forma têxtil em que se utilizam camadas de tecidos cortados e [&hellip;]</p>
