{"id":5612,"date":"2026-07-28T10:34:59","date_gmt":"2026-07-28T13:34:59","guid":{"rendered":"https:\/\/www.ufpb.br\/pinacoteca\/?page_id=5612"},"modified":"2026-07-28T10:35:00","modified_gmt":"2026-07-28T13:35:00","slug":"tomas-santa-rosa","status":"publish","type":"page","link":"https:\/\/www.ufpb.br\/pinacoteca\/tomas-santa-rosa\/","title":{"rendered":"Tom\u00e1s Santa Rosa"},"content":{"rendered":"\n<hr class=\"wp-block-separator has-alpha-channel-opacity\" \/>\n\n\n\n<div style=\"height:25px\" aria-hidden=\"true\" class=\"wp-block-spacer\"><\/div>\n\n\n\n<p class=\"wp-block-paragraph\"><\/p>\n\n\n\n<p class=\"wp-block-paragraph\"><\/p>\n\n\n\n<p class=\"wp-block-paragraph\"><\/p>\n\n\n\n<h2 class=\"wp-block-heading\"><div class=\"linha-header\">Obras<\/div><\/h2>\n\n\n\n<figure class=\"wp-block-image size-full\"><img loading=\"lazy\" decoding=\"async\" width=\"666\" height=\"507\" src=\"https:\/\/www.ufpb.br\/pinacoteca\/wp-content\/uploads\/sites\/79\/sites\/210\/2026\/05\/image-5.png\" alt=\"\" class=\"wp-image-4380\" srcset=\"https:\/\/www.ufpb.br\/pinacoteca\/wp-content\/uploads\/sites\/79\/sites\/210\/2026\/05\/image-5.png 666w, https:\/\/www.ufpb.br\/pinacoteca\/wp-content\/uploads\/sites\/79\/sites\/210\/2026\/05\/image-5-300x228.png 300w\" sizes=\"auto, (max-width: 666px) 100vw, 666px\" \/><figcaption class=\"wp-element-caption\">Sem t\u00edtulo, s\/d. T\u00e9cnica: Guache s\/ papel. Dimens\u00f5es: 30 x 24cm. Doa\u00e7\u00e3o feita por Maycon Albuquerque. <\/figcaption><\/figure>\n\n\n\n<figure class=\"wp-block-image size-full is-resized\"><img loading=\"lazy\" decoding=\"async\" width=\"598\" height=\"457\" src=\"https:\/\/www.ufpb.br\/pinacoteca\/wp-content\/uploads\/sites\/79\/sites\/210\/2026\/07\/image-8.png\" alt=\"\" class=\"wp-image-5163\" style=\"width:652px;height:auto\" srcset=\"https:\/\/www.ufpb.br\/pinacoteca\/wp-content\/uploads\/sites\/79\/sites\/210\/2026\/07\/image-8.png 598w, https:\/\/www.ufpb.br\/pinacoteca\/wp-content\/uploads\/sites\/79\/sites\/210\/2026\/07\/image-8-300x229.png 300w\" sizes=\"auto, (max-width: 598px) 100vw, 598px\" \/><figcaption class=\"wp-element-caption\">Sem t\u00edtulo, 1950. T\u00e9cnica: Acr\u00edlica s\/ papel. Dimens\u00f5es: 29,1 x 39,2cm. Doa\u00e7\u00e3o feita por Gabriel Bechara Filho. <\/figcaption><\/figure>\n","protected":false},"excerpt":{"rendered":"<p>Obras<\/p>\n","protected":false},"author":332,"featured_media":0,"parent":0,"menu_order":0,"comment_status":"closed","ping_status":"closed","template":"","meta":{"footnotes":""},"class_list":["post-5612","page","type-page","status-publish","hentry"],"_links":{"self":[{"href":"https:\/\/www.ufpb.br\/pinacoteca\/wp-json\/wp\/v2\/pages\/5612","targetHints":{"allow":["GET"]}}],"collection":[{"href":"https:\/\/www.ufpb.br\/pinacoteca\/wp-json\/wp\/v2\/pages"}],"about":[{"href":"https:\/\/www.ufpb.br\/pinacoteca\/wp-json\/wp\/v2\/types\/page"}],"author":[{"embeddable":true,"href":"https:\/\/www.ufpb.br\/pinacoteca\/wp-json\/wp\/v2\/users\/332"}],"replies":[{"embeddable":true,"href":"https:\/\/www.ufpb.br\/pinacoteca\/wp-json\/wp\/v2\/comments?post=5612"}],"version-history":[{"count":1,"href":"https:\/\/www.ufpb.br\/pinacoteca\/wp-json\/wp\/v2\/pages\/5612\/revisions"}],"predecessor-version":[{"id":5614,"href":"https:\/\/www.ufpb.br\/pinacoteca\/wp-json\/wp\/v2\/pages\/5612\/revisions\/5614"}],"wp:attachment":[{"href":"https:\/\/www.ufpb.br\/pinacoteca\/wp-json\/wp\/v2\/media?parent=5612"}],"curies":[{"name":"wp","href":"https:\/\/api.w.org\/{rel}","templated":true}]}}

Tomás Santa Rosa

<hr class="wp-block-separator has-alpha-channel-opacity" />



<div style="height:25px" aria-hidden="true" class="wp-block-spacer"></div>



<p class="wp-block-paragraph"></p>



<p class="wp-block-paragraph"></p>



<p class="wp-block-paragraph"></p>



<h2 class="wp-block-heading"><div class="linha-header">Obras</div></h2>



<figure class="wp-block-image size-full"><img loading="lazy" decoding="async" width="666" height="507" src="https://www.ufpb.br/pinacoteca/wp-content/uploads/sites/79/sites/210/2026/05/image-5.png" alt="" class="wp-image-4380" srcset="https://www.ufpb.br/pinacoteca/wp-content/uploads/sites/79/sites/210/2026/05/image-5.png 666w, https://www.ufpb.br/pinacoteca/wp-content/uploads/sites/79/sites/210/2026/05/image-5-300x228.png 300w" sizes="auto, (max-width: 666px) 100vw, 666px" /><figcaption class="wp-element-caption">Sem título, s/d. Técnica: Guache s/ papel. Dimensões: 30 x 24cm. Doação feita por Maycon Albuquerque. </figcaption></figure>



<figure class="wp-block-image size-full is-resized"><img loading="lazy" decoding="async" width="598" height="457" src="https://www.ufpb.br/pinacoteca/wp-content/uploads/sites/79/sites/210/2026/07/image-8.png" alt="" class="wp-image-5163" style="width:652px;height:auto" srcset="https://www.ufpb.br/pinacoteca/wp-content/uploads/sites/79/sites/210/2026/07/image-8.png 598w, https://www.ufpb.br/pinacoteca/wp-content/uploads/sites/79/sites/210/2026/07/image-8-300x229.png 300w" sizes="auto, (max-width: 598px) 100vw, 598px" /><figcaption class="wp-element-caption">Sem título, 1950. Técnica: Acrílica s/ papel. Dimensões: 29,1 x 39,2cm. Doação feita por Gabriel Bechara Filho. </figcaption></figure>
